CRAN Package Check Results for Package DRviaSPCN

Last updated on 2024-04-16 01:01:59 CEST.

Flavor Version Tinstall Tcheck Ttotal Status Flags
r-devel-linux-x86_64-debian-clang 0.1.4 73.91 588.79 662.70 OK
r-devel-linux-x86_64-debian-gcc 0.1.4 57.32 440.44 497.76 OK
r-devel-linux-x86_64-fedora-clang 0.1.4 864.27 OK
r-devel-linux-x86_64-fedora-gcc 0.1.4 868.66 OK
r-prerel-macos-arm64 0.1.4 218.00 NOTE
r-prerel-macos-x86_64 0.1.4 483.00 OK
r-prerel-windows-x86_64 0.1.4 23.00 5.00 28.00 ERROR
r-patched-linux-x86_64 0.1.4 46.57 565.52 612.09 OK
r-release-linux-x86_64 0.1.4 54.79 572.50 627.29 OK
r-release-macos-arm64 0.1.4 10.00 ERROR
r-release-macos-x86_64 0.1.4 6.00 ERROR
r-release-windows-x86_64 0.1.4 16.00 5.00 21.00 ERROR
r-oldrel-macos-arm64 0.1.4 21.00 ERROR
r-oldrel-windows-x86_64 0.1.4 15.00 11.00 26.00 ERROR

Check Details

Version: 0.1.4
Check: installed package size
Result: NOTE installed size is 5.6Mb sub-directories of 1Mb or more: data 5.4Mb Flavor: r-prerel-macos-arm64

Version: 0.1.4
Check: whether package can be installed
Result: ERROR Installation failed. Flavors: r-prerel-windows-x86_64, r-release-windows-x86_64, r-oldrel-macos-arm64, r-oldrel-windows-x86_64

Version: 0.1.4
Check: package dependencies
Result: ERROR Package required but not available: ‘GSVA’ See section ‘The DESCRIPTION file’ in the ‘Writing R Extensions’ manual. Flavors: r-release-macos-arm64, r-release-macos-x86_64