CRAN Package Check Results for Package CountsEPPM

Last updated on 2024-06-15 00:54:03 CEST.

Flavor Version Tinstall Tcheck Ttotal Status Flags
r-devel-linux-x86_64-debian-clang 3.1 10.85 91.78 102.63 OK
r-devel-linux-x86_64-debian-gcc 3.1 8.29 67.96 76.25 OK
r-devel-linux-x86_64-fedora-clang 3.1 127.61 NOTE
r-devel-linux-x86_64-fedora-gcc 3.1 148.57 OK
r-devel-windows-x86_64 3.1 10.00 87.00 97.00 OK
r-patched-linux-x86_64 3.1 11.99 87.04 99.03 OK
r-release-linux-x86_64 3.1 10.43 85.66 96.09 OK
r-release-macos-arm64 3.1 41.00 OK
r-release-macos-x86_64 3.1 64.00 OK
r-release-windows-x86_64 3.1 10.00 96.00 106.00 OK
r-oldrel-macos-arm64 3.1 46.00 OK
r-oldrel-macos-x86_64 3.1 93.00 OK
r-oldrel-windows-x86_64 3.1 13.00 102.00 115.00 OK

Check Details

Version: 3.1
Check: Rd cross-references
Result: NOTE Undeclared package ‘betareg’ in Rd xrefs Flavor: r-devel-linux-x86_64-fedora-clang