CRAN Package Check Results for Package ConConPiWiFun

Last updated on 2025-01-20 09:49:04 CET.

Flavor Version Tinstall Tcheck Ttotal Status Flags
r-devel-linux-x86_64-debian-clang 0.4.6.1 22.89 41.01 63.90 NOTE
r-devel-linux-x86_64-debian-gcc 0.4.6.1 20.21 28.79 49.00 NOTE
r-devel-linux-x86_64-fedora-clang 0.4.6.1 107.06 NOTE
r-devel-linux-x86_64-fedora-gcc 0.4.6.1 115.20 NOTE
r-devel-windows-x86_64 0.4.6.1 24.00 77.00 101.00 OK
r-patched-linux-x86_64 0.4.6.1 26.78 37.73 64.51 NOTE
r-release-linux-x86_64 0.4.6.1 26.29 38.27 64.56 NOTE
r-release-macos-arm64 0.4.6.1 29.00 NOTE
r-release-macos-x86_64 0.4.6.1 47.00 NOTE
r-release-windows-x86_64 0.4.6.1 24.00 77.00 101.00 OK
r-oldrel-macos-arm64 0.4.6.1 35.00 NOTE
r-oldrel-macos-x86_64 0.4.6.1 54.00 NOTE
r-oldrel-windows-x86_64 0.4.6.1 29.00 97.00 126.00 OK

Check Details

Version: 0.4.6.1
Check: Rd contents
Result: NOTE Auto-generated content requiring editing in Rd file 'OptimPriceStorage.Rd': \keyword: ‘~kwd1’ \keyword: ‘~kwd2’ Auto-generated content requiring editing in Rd file 'cplfunction.Rd': \keyword: ‘~kwd1’ \keyword: ‘~kwd2’ Auto-generated content requiring editing in Rd file 'cplfunctionvec.Rd': \keyword: ‘~kwd1’ \keyword: ‘~kwd2’ Auto-generated content requiring editing in Rd file 'cpqfunction.Rd': \keyword: ‘~kwd1’ \keyword: ‘~kwd2’ Auto-generated content requiring editing in Rd file 'cpqfunctionvec.Rd': \keyword: ‘~kwd1’ \keyword: ‘~kwd2’ Flavors: r-devel-linux-x86_64-debian-clang, r-devel-linux-x86_64-debian-gcc, r-patched-linux-x86_64, r-release-linux-x86_64

Version: 0.4.6.1
Check: compiled code
Result: NOTE File ‘ConConPiWiFun/libs/ConConPiWiFun.so’: Found no calls to: ‘R_registerRoutines’, ‘R_useDynamicSymbols’ It is good practice to register native routines and to disable symbol search. See ‘Writing portable packages’ in the ‘Writing R Extensions’ manual. Flavors: r-devel-linux-x86_64-fedora-clang, r-devel-linux-x86_64-fedora-gcc

Version: 0.4.6.1
Check: installed package size
Result: NOTE installed size is 5.6Mb sub-directories of 1Mb or more: libs 5.4Mb Flavors: r-release-macos-arm64, r-release-macos-x86_64, r-oldrel-macos-arm64, r-oldrel-macos-x86_64