CRAN Package Check Results for Package CRTspat

Last updated on 2024-04-19 08:54:36 CEST.

Flavor Version Tinstall Tcheck Ttotal Status Flags
r-devel-linux-x86_64-debian-clang 1.2.0 11.07 130.94 142.01 NOTE
r-devel-linux-x86_64-debian-gcc 1.2.0 NOTE
r-devel-linux-x86_64-fedora-clang 1.2.0 246.73 OK
r-devel-linux-x86_64-fedora-gcc 1.2.0 256.01 OK
r-prerel-macos-arm64 1.2.0 72.00 NOTE
r-prerel-macos-x86_64 1.2.0 169.00 NOTE
r-prerel-windows-x86_64 1.2.0 11.00 164.00 175.00 OK
r-patched-linux-x86_64 1.2.0 7.04 123.55 130.59 NOTE
r-release-linux-x86_64 1.2.0 6.38 124.27 130.65 NOTE
r-release-macos-arm64 1.2.0 67.00 NOTE
r-release-macos-x86_64 1.2.0 187.00 NOTE
r-release-windows-x86_64 1.2.0 13.00 141.00 154.00 NOTE
r-oldrel-macos-arm64 1.2.0 63.00 NOTE
r-oldrel-windows-x86_64 1.2.0 13.00 146.00 159.00 NOTE

Check Details

Version: 1.2.0
Check: package dependencies
Result: NOTE Package suggested but not available for checking: ‘INLA’ Flavors: r-devel-linux-x86_64-debian-clang, r-devel-linux-x86_64-debian-gcc, r-prerel-macos-arm64, r-prerel-macos-x86_64, r-patched-linux-x86_64, r-release-linux-x86_64, r-release-macos-arm64, r-release-macos-x86_64, r-release-windows-x86_64, r-oldrel-macos-arm64, r-oldrel-windows-x86_64