CRAN Package Check Results for Package CPAT

Last updated on 2025-01-17 15:49:41 CET.

Flavor Version Tinstall Tcheck Ttotal Status Flags
r-devel-linux-x86_64-debian-clang 0.1.0 23.80 81.50 105.30 OK
r-devel-linux-x86_64-debian-gcc 0.1.0 17.02 48.59 65.61 OK
r-devel-linux-x86_64-fedora-clang 0.1.0 186.06 NOTE
r-devel-linux-x86_64-fedora-gcc 0.1.0 164.38 NOTE
r-devel-windows-x86_64 0.1.0 30.00 126.00 156.00 OK
r-patched-linux-x86_64 0.1.0 23.49 65.03 88.52 OK
r-release-linux-x86_64 0.1.0 24.01 63.92 87.93 OK
r-release-macos-arm64 0.1.0 49.00 OK
r-release-macos-x86_64 0.1.0 82.00 OK
r-release-windows-x86_64 0.1.0 28.00 121.00 149.00 OK
r-oldrel-macos-arm64 0.1.0 60.00 OK
r-oldrel-macos-x86_64 0.1.0 90.00 OK
r-oldrel-windows-x86_64 0.1.0 33.00 138.00 171.00 OK

Check Details

Version: 0.1.0
Check: dependencies in R code
Result: NOTE Namespaces in Imports field not imported from: ‘Rdpack’ ‘grDevices’ All declared Imports should be used. Flavors: r-devel-linux-x86_64-fedora-clang, r-devel-linux-x86_64-fedora-gcc