CRAN Package Check Results for Package CMAPSS

Last updated on 2024-05-20 08:48:53 CEST.

Flavor Version Tinstall Tcheck Ttotal Status Flags
r-devel-linux-x86_64-debian-clang 0.1.1 8.75 28.68 37.43 NOTE
r-devel-linux-x86_64-debian-gcc 0.1.1 6.91 23.56 30.47 NOTE
r-devel-linux-x86_64-fedora-clang 0.1.1 53.04 NOTE
r-devel-linux-x86_64-fedora-gcc 0.1.1 49.60 NOTE
r-devel-windows-x86_64 0.1.1 9.00 49.00 58.00 NOTE
r-patched-linux-x86_64 0.1.1 9.90 28.41 38.31 NOTE
r-release-linux-x86_64 0.1.1 9.99 28.71 38.70 NOTE
r-release-macos-arm64 0.1.1 23.00 NOTE
r-release-windows-x86_64 0.1.1 8.00 50.00 58.00 NOTE
r-oldrel-macos-arm64 0.1.1 25.00 NOTE
r-oldrel-macos-x86_64 0.1.1 36.00 NOTE
r-oldrel-windows-x86_64 0.1.1 11.00 51.00 62.00 NOTE

Check Details

Version: 0.1.1
Check: Rd files
Result: NOTE checkRd: (-1) CMAPSS.Rd:10: Lost braces 10 | \item \code{train}{ a list of class "hhsmm.data" as the train dataset} | ^ checkRd: (-1) CMAPSS.Rd:11: Lost braces 11 | \item \code{test}{ a list of class "hhsmm.data" as the test dataset} | ^ checkRd: (-1) CMAPSS.Rd:12: Lost braces 12 | \item \code{subsets}{ a matrix containig the number of units in each subset of the CMAPSS data set (FD001-FD004) for the train and test datasets} | ^ Flavors: r-devel-linux-x86_64-debian-clang, r-devel-linux-x86_64-debian-gcc, r-devel-linux-x86_64-fedora-clang, r-devel-linux-x86_64-fedora-gcc, r-devel-windows-x86_64, r-patched-linux-x86_64, r-release-linux-x86_64, r-release-macos-arm64, r-release-windows-x86_64

Version: 0.1.1
Check: installed package size
Result: NOTE installed size is 5.3Mb sub-directories of 1Mb or more: data 5.2Mb Flavors: r-devel-linux-x86_64-fedora-clang, r-devel-windows-x86_64, r-release-macos-arm64, r-release-windows-x86_64, r-oldrel-macos-arm64, r-oldrel-macos-x86_64, r-oldrel-windows-x86_64

Version: 0.1.1
Check: dependencies in R code
Result: NOTE Namespace in Imports field not imported from: ‘Rdpack’ All declared Imports should be used. Flavors: r-devel-linux-x86_64-fedora-clang, r-devel-linux-x86_64-fedora-gcc