CRAN Package Check Results for Package CDM

Last updated on 2024-06-24 15:56:40 CEST.

Flavor Version Tinstall Tcheck Ttotal Status Flags
r-devel-linux-x86_64-debian-clang 8.2-6 185.54 189.31 374.85 NOTE
r-devel-linux-x86_64-debian-gcc 8.2-6 120.60 128.60 249.20 NOTE
r-devel-linux-x86_64-fedora-clang 8.2-6 530.35 NOTE
r-devel-linux-x86_64-fedora-gcc 8.2-6 533.28 NOTE
r-devel-windows-x86_64 8.2-6 149.00 179.00 328.00 NOTE
r-patched-linux-x86_64 8.2-6 155.21 171.90 327.11 NOTE
r-release-linux-x86_64 8.2-6 144.59 174.31 318.90 NOTE
r-release-macos-arm64 8.2-6 151.00 NOTE
r-release-macos-x86_64 8.2-6 132.00 NOTE
r-release-windows-x86_64 8.2-6 153.00 178.00 331.00 NOTE
r-oldrel-macos-arm64 8.2-6 109.00 NOTE
r-oldrel-macos-x86_64 8.2-6 200.00 NOTE
r-oldrel-windows-x86_64 8.2-6 182.00 208.00 390.00 OK

Check Details

Version: 8.2-6
Check: Rd files
Result: NOTE checkRd: (-1) data.dtmr.Rd:57: Lost braces; missing escapes or markup? 57 | \code{RU}: {Referent units} | ^ checkRd: (-1) data.dtmr.Rd:59: Lost braces; missing escapes or markup? 59 | \code{PI}: {Partitioning and iterating attribute} | ^ checkRd: (-1) data.dtmr.Rd:61: Lost braces; missing escapes or markup? 61 | \code{APP}: {Appropriateness attribute} | ^ checkRd: (-1) data.dtmr.Rd:63: Lost braces; missing escapes or markup? 63 | \code{MC}: {Multiplicative Comparison attribute} | ^ Flavors: r-devel-linux-x86_64-debian-clang, r-devel-linux-x86_64-debian-gcc, r-devel-linux-x86_64-fedora-clang, r-devel-linux-x86_64-fedora-gcc, r-devel-windows-x86_64, r-patched-linux-x86_64, r-release-linux-x86_64, r-release-macos-arm64, r-release-macos-x86_64, r-release-windows-x86_64

Version: 8.2-6
Check: installed package size
Result: NOTE installed size is 6.1Mb sub-directories of 1Mb or more: data 1.3Mb libs 3.3Mb Flavors: r-release-macos-arm64, r-release-macos-x86_64, r-oldrel-macos-arm64, r-oldrel-macos-x86_64

Version: 8.2-6
Check: package dependencies
Result: NOTE Package which this enhances but not available for checking: ‘mirt’ Flavor: r-oldrel-macos-x86_64

Version: 8.2-6
Check: Rd cross-references
Result: NOTE Package unavailable to check Rd xrefs: ‘mirt’ Flavor: r-oldrel-macos-x86_64