CRAN Package Check Results for Package BivGeo

Last updated on 2024-04-19 08:54:34 CEST.

Flavor Version Tinstall Tcheck Ttotal Status Flags
r-devel-linux-x86_64-debian-clang 2.0.1 2.33 25.98 28.31 NOTE
r-devel-linux-x86_64-debian-gcc 2.0.1 NOTE
r-devel-linux-x86_64-fedora-clang 2.0.1 36.07 NOTE
r-devel-linux-x86_64-fedora-gcc 2.0.1 33.90 NOTE
r-prerel-macos-arm64 2.0.1 16.00 NOTE
r-prerel-windows-x86_64 2.0.1 4.00 40.00 44.00 NOTE
r-patched-linux-x86_64 2.0.1 1.95 24.74 26.69 NOTE
r-release-linux-x86_64 2.0.1 2.92 24.52 27.44 NOTE
r-release-macos-arm64 2.0.1 15.00 NOTE
r-release-macos-x86_64 2.0.1 20.00 NOTE
r-release-windows-x86_64 2.0.1 4.00 41.00 45.00 NOTE
r-oldrel-macos-arm64 2.0.1 16.00 NOTE
r-oldrel-windows-x86_64 2.0.1 6.00 48.00 54.00 NOTE

Check Details

Version: 2.0.1
Check: LazyData
Result: NOTE 'LazyData' is specified without a 'data' directory Flavors: r-devel-linux-x86_64-debian-clang, r-devel-linux-x86_64-debian-gcc, r-devel-linux-x86_64-fedora-clang, r-devel-linux-x86_64-fedora-gcc, r-prerel-macos-arm64, r-prerel-windows-x86_64, r-patched-linux-x86_64, r-release-linux-x86_64, r-release-macos-arm64, r-release-macos-x86_64, r-release-windows-x86_64, r-oldrel-macos-arm64, r-oldrel-windows-x86_64