CRAN Package Check Results for Package BayesfMRI

Last updated on 2024-04-19 08:54:33 CEST.

Flavor Version Tinstall Tcheck Ttotal Status Flags
r-devel-linux-x86_64-debian-clang 0.3.11 91.66 156.92 248.58 NOTE
r-devel-linux-x86_64-debian-gcc 0.3.11 NOTE
r-devel-linux-x86_64-fedora-clang 0.3.11 312.00 OK
r-devel-linux-x86_64-fedora-gcc 0.3.11 329.03 OK
r-prerel-macos-arm64 0.3.11 80.00 NOTE
r-prerel-windows-x86_64 0.3.11 68.00 150.00 218.00 OK
r-patched-linux-x86_64 0.3.11 105.30 149.19 254.49 NOTE
r-release-linux-x86_64 0.3.11 71.43 155.12 226.55 NOTE
r-release-macos-arm64 0.3.11 83.00 NOTE
r-release-macos-x86_64 0.3.11 147.00 NOTE
r-release-windows-x86_64 0.3.11 85.00 188.00 273.00 NOTE
r-oldrel-macos-arm64 0.3.11 77.00 NOTE
r-oldrel-windows-x86_64 0.3.11 86.00 174.00 260.00 NOTE

Check Details

Version: 0.3.11
Check: package dependencies
Result: NOTE Package suggested but not available for checking: ‘INLA’ Flavors: r-devel-linux-x86_64-debian-clang, r-devel-linux-x86_64-debian-gcc, r-prerel-macos-arm64, r-patched-linux-x86_64, r-release-linux-x86_64, r-release-macos-arm64, r-release-macos-x86_64, r-release-windows-x86_64, r-oldrel-macos-arm64, r-oldrel-windows-x86_64

Version: 0.3.11
Check: installed package size
Result: NOTE installed size is 17.0Mb sub-directories of 1Mb or more: libs 16.6Mb Flavors: r-prerel-macos-arm64, r-release-macos-arm64, r-release-macos-x86_64, r-oldrel-macos-arm64