CRAN Package Check Results for Package BCT

Last updated on 2025-01-20 09:49:03 CET.

Flavor Version Tinstall Tcheck Ttotal Status Flags
r-devel-linux-x86_64-debian-clang 1.2 18.57 30.90 49.47 NOTE
r-devel-linux-x86_64-debian-gcc 1.2 14.66 22.90 37.56 NOTE
r-devel-linux-x86_64-fedora-clang 1.2 85.29 NOTE
r-devel-linux-x86_64-fedora-gcc 1.2 89.35 NOTE
r-devel-windows-x86_64 1.2 21.00 74.00 95.00 NOTE
r-patched-linux-x86_64 1.2 22.49 29.49 51.98 NOTE
r-release-linux-x86_64 1.2 21.53 29.32 50.85 NOTE
r-release-macos-arm64 1.2 27.00 NOTE
r-release-macos-x86_64 1.2 41.00 NOTE
r-release-windows-x86_64 1.2 23.00 75.00 98.00 NOTE
r-oldrel-macos-arm64 1.2 33.00 NOTE
r-oldrel-macos-x86_64 1.2 46.00 NOTE
r-oldrel-windows-x86_64 1.2 24.00 84.00 108.00 NOTE

Check Details

Version: 1.2
Check: C++ specification
Result: NOTE Specified C++11: please drop specification unless essential Flavors: r-devel-linux-x86_64-debian-clang, r-devel-linux-x86_64-debian-gcc, r-devel-linux-x86_64-fedora-clang, r-devel-linux-x86_64-fedora-gcc, r-devel-windows-x86_64, r-patched-linux-x86_64, r-release-linux-x86_64, r-release-macos-arm64, r-release-macos-x86_64, r-release-windows-x86_64, r-oldrel-macos-arm64, r-oldrel-macos-x86_64, r-oldrel-windows-x86_64

Version: 1.2
Check: Rd files
Result: NOTE checkRd: (-1) gene_s.Rd:17: Lost braces; missing escapes or markup? 17 | giving the virus access to the cell and thus facilitating the COVID-19 disease. The gene sequence is mapped to the alphabet {0,1,2,3} via the obvious map A->0, C->1, G->2, T->3. | ^ checkRd: (-1) sars_cov_2.Rd:16: Lost braces; missing escapes or markup? 16 | It consists of n = 29903 base pairs. The gene sequence is mapped to the alphabet {0,1,2,3} via the obvious map A->0, C->1, G->2, T->3. | ^ Flavors: r-devel-linux-x86_64-debian-clang, r-devel-linux-x86_64-debian-gcc, r-devel-linux-x86_64-fedora-clang, r-devel-linux-x86_64-fedora-gcc, r-devel-windows-x86_64, r-patched-linux-x86_64, r-release-linux-x86_64, r-release-macos-arm64, r-release-macos-x86_64, r-release-windows-x86_64