CRAN Package Check Results for Package BASiNETEntropy

Last updated on 2024-04-21 02:55:35 CEST.

Flavor Version Tinstall Tcheck Ttotal Status Flags
r-devel-linux-x86_64-debian-clang 0.99.6 0.36 2.22 2.58 ERROR
r-devel-linux-x86_64-debian-gcc 0.99.6 14.08 110.83 124.91 OK
r-devel-linux-x86_64-fedora-clang 0.99.6 211.94 OK
r-devel-linux-x86_64-fedora-gcc 0.99.6 210.81 OK
r-prerel-macos-arm64 0.99.6 64.00 OK
r-prerel-macos-x86_64 0.99.6 138.00 OK
r-prerel-windows-x86_64 0.99.6 14.00 120.00 134.00 OK
r-patched-linux-x86_64 0.99.6 16.42 144.48 160.90 OK
r-release-linux-x86_64 0.99.6 18.62 147.23 165.85 OK
r-release-macos-arm64 0.99.6 67.00 OK
r-release-macos-x86_64 0.99.6 151.00 OK
r-release-windows-x86_64 0.99.6 18.00 146.00 164.00 OK
r-oldrel-macos-arm64 0.99.6 55.00 OK
r-oldrel-windows-x86_64 0.99.6 19.00 146.00 165.00 OK

Check Details

Version: 0.99.6
Check: package dependencies
Result: ERROR Package required but not available: ‘Biostrings’ See section ‘The DESCRIPTION file’ in the ‘Writing R Extensions’ manual. Flavor: r-devel-linux-x86_64-debian-clang