CRAN Package Check Results for Package AzureStor

Last updated on 2024-07-21 00:56:11 CEST.

Flavor Version Tinstall Tcheck Ttotal Status Flags
r-devel-linux-x86_64-debian-clang 3.7.0 7.20 54.53 61.73 OK
r-devel-linux-x86_64-debian-gcc 3.7.0 5.26 41.02 46.28 OK
r-devel-linux-x86_64-fedora-clang 3.7.0 78.73 NOTE
r-devel-linux-x86_64-fedora-gcc 3.7.0 86.32 NOTE
r-devel-windows-x86_64 3.7.0 8.00 68.00 76.00 NOTE
r-patched-linux-x86_64 3.7.0 14.39 52.00 66.39 OK
r-release-linux-x86_64 3.7.0 7.25 52.33 59.58 OK
r-release-macos-arm64 3.7.0 34.00 OK
r-release-macos-x86_64 3.7.0 59.00 OK
r-release-windows-x86_64 3.7.0 7.00 66.00 73.00 OK
r-oldrel-macos-arm64 3.7.0 34.00 OK
r-oldrel-macos-x86_64 3.7.0 50.00 OK
r-oldrel-windows-x86_64 3.7.0 10.00 72.00 82.00 OK

Check Details

Version: 3.7.0
Check: dependencies in R code
Result: NOTE Namespace in Imports field not imported from: ‘R6’ All declared Imports should be used. Flavors: r-devel-linux-x86_64-fedora-clang, r-devel-linux-x86_64-fedora-gcc

Version: 3.7.0
Check: Rd cross-references
Result: NOTE Found the following Rd file(s) with Rd \link{} targets missing package anchors: az_storage.Rd: az_resource_group Please provide package anchors for all Rd \link{} targets not in the package itself and the base packages. Flavor: r-devel-windows-x86_64