CRAN Package Check Results for Package AutoregressionMDE

Last updated on 2024-04-15 10:01:56 CEST.

Flavor Version Tinstall Tcheck Ttotal Status Flags
r-devel-linux-x86_64-debian-clang 1.0 1.35 21.50 22.85 NOTE
r-devel-linux-x86_64-debian-gcc 1.0 1.41 16.27 17.68 NOTE
r-devel-linux-x86_64-fedora-clang 1.0 29.28 NOTE
r-devel-linux-x86_64-fedora-gcc 1.0 30.86 NOTE
r-prerel-linux-x86_64 1.0 1.92 20.59 22.51 NOTE
r-prerel-macos-arm64 1.0 13.00 NOTE
r-prerel-windows-x86_64 1.0 3.00 34.00 37.00 NOTE
r-release-linux-x86_64 1.0 2.08 20.76 22.84 NOTE
r-release-macos-arm64 1.0 15.00 NOTE
r-release-macos-x86_64 1.0 19.00 NOTE
r-release-windows-x86_64 1.0 3.00 34.00 37.00 NOTE
r-oldrel-macos-arm64 1.0 15.00 NOTE
r-oldrel-windows-x86_64 1.0 4.00 40.00 44.00 NOTE

Check Details

Version: 1.0
Check: LazyData
Result: NOTE 'LazyData' is specified without a 'data' directory Flavors: r-devel-linux-x86_64-debian-clang, r-devel-linux-x86_64-debian-gcc, r-devel-linux-x86_64-fedora-clang, r-devel-linux-x86_64-fedora-gcc, r-prerel-linux-x86_64, r-prerel-macos-arm64, r-prerel-windows-x86_64, r-release-linux-x86_64, r-release-macos-arm64, r-release-macos-x86_64, r-release-windows-x86_64, r-oldrel-macos-arm64, r-oldrel-windows-x86_64