CRAN Package Check Results for Package AggregateR

Last updated on 2024-07-15 16:56:16 CEST.

Flavor Version Tinstall Tcheck Ttotal Status Flags
r-devel-linux-x86_64-debian-clang 0.1.1 4.92 43.74 48.66 NOTE
r-devel-linux-x86_64-debian-gcc 0.1.1 3.72 33.13 36.85 NOTE
r-devel-linux-x86_64-fedora-clang 0.1.1 62.14 NOTE
r-devel-linux-x86_64-fedora-gcc 0.1.1 58.66 NOTE
r-devel-windows-x86_64 0.1.1 5.00 57.00 62.00 NOTE
r-patched-linux-x86_64 0.1.1 4.33 42.47 46.80 NOTE
r-release-linux-x86_64 0.1.1 4.94 42.01 46.95 NOTE
r-release-macos-arm64 0.1.1 23.00 NOTE
r-release-macos-x86_64 0.1.1 34.00 NOTE
r-release-windows-x86_64 0.1.1 5.00 59.00 64.00 NOTE
r-oldrel-macos-arm64 0.1.1 23.00 NOTE
r-oldrel-macos-x86_64 0.1.1 33.00 NOTE
r-oldrel-windows-x86_64 0.1.1 7.00 65.00 72.00 NOTE

Check Details

Version: 0.1.1
Check: LazyData
Result: NOTE 'LazyData' is specified without a 'data' directory Flavors: r-devel-linux-x86_64-debian-clang, r-devel-linux-x86_64-debian-gcc, r-devel-linux-x86_64-fedora-clang, r-devel-linux-x86_64-fedora-gcc, r-devel-windows-x86_64, r-patched-linux-x86_64, r-release-linux-x86_64, r-release-macos-arm64, r-release-macos-x86_64, r-release-windows-x86_64, r-oldrel-macos-arm64, r-oldrel-macos-x86_64, r-oldrel-windows-x86_64