CRAN Package Check Results for Package AEDForecasting

Last updated on 2024-05-23 23:59:40 CEST.

Flavor Version Tinstall Tcheck Ttotal Status Flags
r-devel-linux-x86_64-debian-clang 0.20.0 1.72 28.15 29.87 NOTE
r-devel-linux-x86_64-debian-gcc 0.20.0 2.02 22.32 24.34 NOTE
r-devel-linux-x86_64-fedora-clang 0.20.0 39.04 NOTE
r-devel-linux-x86_64-fedora-gcc 0.20.0 48.79 NOTE
r-devel-windows-x86_64 0.20.0 3.00 42.00 45.00 NOTE
r-patched-linux-x86_64 0.20.0 2.43 26.78 29.21 NOTE
r-release-linux-x86_64 0.20.0 2.27 28.14 30.41 NOTE
r-release-macos-arm64 0.20.0 22.00 NOTE
r-release-windows-x86_64 0.20.0 4.00 43.00 47.00 NOTE
r-oldrel-macos-arm64 0.20.0 23.00 NOTE
r-oldrel-macos-x86_64 0.20.0 28.00 NOTE
r-oldrel-windows-x86_64 0.20.0 4.00 43.00 47.00 NOTE

Check Details

Version: 0.20.0
Check: LazyData
Result: NOTE 'LazyData' is specified without a 'data' directory Flavors: r-devel-linux-x86_64-debian-clang, r-devel-linux-x86_64-debian-gcc, r-devel-linux-x86_64-fedora-clang, r-devel-linux-x86_64-fedora-gcc, r-devel-windows-x86_64, r-patched-linux-x86_64, r-release-linux-x86_64, r-release-macos-arm64, r-release-windows-x86_64, r-oldrel-macos-arm64, r-oldrel-macos-x86_64, r-oldrel-windows-x86_64