CRAN Package Check Results for Package tgp

Last updated on 2017-04-28 23:52:49.

Flavor Version Tinstall Tcheck Ttotal Status Flags
r-devel-linux-x86_64-debian-clang 2.4-14 13.72 201.33 215.05 NOTE --no-vignettes
r-devel-linux-x86_64-debian-gcc 2.4-14 12.43 199.72 212.15 NOTE --no-vignettes
r-devel-linux-x86_64-fedora-clang 2.4-14 458.77 NOTE --no-vignettes --no-stop-on-test-error
r-devel-linux-x86_64-fedora-gcc 2.4-14 444.74 NOTE --no-vignettes --no-stop-on-test-error
r-devel-windows-ix86+x86_64 2.4-14 61.00 82.00 143.00 OK --no-examples --no-tests --no-vignettes
r-patched-linux-x86_64 2.4-14 10.67 198.82 209.49 NOTE --no-vignettes
r-patched-solaris-sparc 2.4-14 324.50 OK --no-examples --no-vignettes
r-patched-solaris-x86 2.4-14 398.60 OK --no-vignettes
r-release-linux-x86_64 2.4-14 10.98 199.21 210.19 NOTE --no-vignettes
r-release-windows-ix86+x86_64 2.4-14 96.00 62.00 158.00 OK --no-examples --no-tests --no-vignettes
r-release-osx-x86_64 2.4-14 OK --no-vignettes
r-oldrel-windows-ix86+x86_64 2.4-14 94.00 51.00 145.00 OK --no-examples --no-tests --no-vignettes
r-oldrel-osx-x86_64 2.4-14 OK --no-vignettes

Check Details

Version: 2.4-14
Flags: --no-vignettes
Check: compiled code
Result: NOTE
    File ‘tgp/libs/tgp.so’:
     Found no calls to: ‘R_registerRoutines’, ‘R_useDynamicSymbols’
    
    It is good practice to register native routines and to disable symbol
    search.
    
    See ‘Writing portable packages’ in the ‘Writing R Extensions’ manual.
Flavors: r-devel-linux-x86_64-debian-clang, r-devel-linux-x86_64-debian-gcc, r-patched-linux-x86_64, r-release-linux-x86_64

Version: 2.4-14
Flags: --no-vignettes --no-stop-on-test-error
Check: compiled code
Result: NOTE
    File ‘tgp/libs/tgp.so’:
     Found no calls to: ‘R_registerRoutines’, ‘R_useDynamicSymbols’
    
    It is good practice to register native routines and to disable symbol
    search.
    
    See ‘Writing portable packages’ in the ‘Writing R Extensions’ manual.
Flavors: r-devel-linux-x86_64-fedora-clang, r-devel-linux-x86_64-fedora-gcc