CRAN Package Check Results for Package tgp

Last updated on 2016-06-28 23:50:58.

Flavor Version Tinstall Tcheck Ttotal Status Flags
r-devel-linux-x86_64-debian-gcc 2.4-14 15.48 205.41 220.90 OK --no-vignettes
r-devel-linux-x86_64-fedora-clang 2.4-14 390.44 OK --no-vignettes
r-devel-linux-x86_64-fedora-gcc 2.4-14 375.79 OK --no-vignettes
r-devel-osx-x86_64-clang 2.4-14 254.86 OK --no-vignettes
r-devel-windows-ix86+x86_64 2.4-14 50.00 59.00 109.00 OK --no-examples --no-tests --no-vignettes
r-patched-linux-x86_64 2.4-14 11.73 25.76 37.49 OK --no-examples --no-tests --no-vignettes
r-patched-solaris-sparc 2.4-14 323.30 NOTE --no-examples --no-vignettes
r-patched-solaris-x86 2.4-14 394.10 NOTE --no-vignettes
r-release-linux-x86_64 2.4-14 11.26 24.45 35.71 OK --no-examples --no-tests --no-vignettes
r-release-osx-x86_64-mavericks 2.4-14 OK --no-vignettes
r-release-windows-ix86+x86_64 2.4-14 69.00 56.00 125.00 OK --no-examples --no-tests --no-vignettes
r-oldrel-windows-ix86+x86_64 2.4-14 75.00 46.00 121.00 OK --no-examples --no-tests --no-vignettes

Check Details

Version: 2.4-14
Flags: --no-examples --no-vignettes
Check: installed package size
Result: NOTE
     installed size is 7.3Mb
     sub-directories of 1Mb or more:
     doc 2.1Mb
     libs 4.6Mb
Flavor: r-patched-solaris-sparc

Version: 2.4-14
Flags: --no-vignettes
Check: installed package size
Result: NOTE
     installed size is 6.8Mb
     sub-directories of 1Mb or more:
     doc 2.1Mb
     libs 4.1Mb
Flavor: r-patched-solaris-x86