CRAN Package Check Results for Package tgp

Last updated on 2014-09-02 15:49:10.

Flavor Version Tinstall Tcheck Ttotal Status Flags
r-devel-linux-x86_64-debian-clang 2.4-9 8.29 19.70 27.99 NOTE --no-examples --no-tests --no-vignettes
r-devel-linux-x86_64-debian-gcc 2.4-9 11.30 19.19 30.49 NOTE --no-examples --no-tests --no-vignettes
r-devel-linux-x86_64-fedora-clang 2.4-9 475.53 NOTE --no-vignettes
r-devel-linux-x86_64-fedora-gcc 2.4-9 466.24 NOTE --no-vignettes
r-devel-osx-x86_64-clang 2.4-9 316.46 NOTE --no-vignettes
r-devel-windows-ix86+x86_64 2.4-9 59.00 35.00 94.00 NOTE --no-examples --no-tests --no-vignettes
r-patched-linux-x86_64 2.4-9 11.59 20.61 32.20 OK --no-examples --no-tests --no-vignettes
r-patched-solaris-sparc 2.4-9 363.90 OK --no-examples --no-vignettes
r-patched-solaris-x86 2.4-9 419.20 OK --no-vignettes
r-release-linux-ix86 2.4-9 15.16 30.25 45.41 OK --no-examples --no-tests --no-vignettes
r-release-linux-x86_64 2.4-9 11.52 20.38 31.90 OK --no-examples --no-tests --no-vignettes
r-release-osx-x86_64-mavericks 2.4-9 ERROR
r-release-windows-ix86+x86_64 2.4-9 62.00 37.00 99.00 OK --no-examples --no-tests --no-vignettes
r-oldrel-windows-ix86+x86_64 2.4-9 63.00 38.00 101.00 OK --no-examples --no-tests --no-vignettes

Check Details

Version: 2.4-9
Flags: --no-examples --no-tests --no-vignettes
Check: R code for possible problems
Result: NOTE
    slice.interp: no visible global function definition for ‘interp’
    tgp.plot.tree: no visible global function definition for ‘draw.tree’
Flavors: r-devel-linux-x86_64-debian-clang, r-devel-linux-x86_64-debian-gcc, r-devel-windows-ix86+x86_64

Version: 2.4-9
Flags: --no-vignettes
Check: R code for possible problems
Result: NOTE
    slice.interp: no visible global function definition for ‘interp’
    tgp.plot.tree: no visible global function definition for ‘draw.tree’
Flavors: r-devel-linux-x86_64-fedora-clang, r-devel-linux-x86_64-fedora-gcc, r-devel-osx-x86_64-clang

Version: 2.4-9
Check: running R code from vignettes
Result: ERROR
    Errors in running code in vignettes:
    when running code in ‘tgp2.Rnw’
     ...
    
    > tgp.trees(fit3, "map")
    
    > graphics.off()
    
    > fit4 <- btgpllm(X = X, Z = Z, XX = XX, verb = 0)
    
    Execution halted
    
    ... incomplete output. Crash?
Flavor: r-release-osx-x86_64-mavericks