CRAN Package Check Results for Package tgp

Last updated on 2014-10-23 00:48:12.

Flavor Version Tinstall Tcheck Ttotal Status Flags
r-devel-linux-x86_64-debian-clang 2.4-9 9.18 26.33 35.52 NOTE --no-examples --no-tests --no-vignettes
r-devel-linux-x86_64-debian-gcc 2.4-9 11.42 24.94 36.37 NOTE --no-examples --no-tests --no-vignettes
r-devel-linux-x86_64-fedora-clang 2.4-9 474.78 NOTE --no-vignettes
r-devel-linux-x86_64-fedora-gcc 2.4-9 462.26 NOTE --no-vignettes
r-devel-osx-x86_64-clang 2.4-9 318.42 NOTE --no-vignettes
r-devel-windows-ix86+x86_64 2.4-9 56.00 35.00 91.00 NOTE --no-examples --no-tests --no-vignettes
r-patched-linux-x86_64 2.4-9 11.63 26.50 38.12 NOTE --no-examples --no-tests --no-vignettes
r-patched-solaris-sparc 2.4-9 391.30 NOTE --no-examples --no-vignettes
r-patched-solaris-x86 2.4-9 405.30 NOTE --no-vignettes
r-release-linux-ix86 2.4-9 15.14 28.80 43.94 OK --no-examples --no-tests --no-vignettes
r-release-linux-x86_64 2.4-9 11.58 26.77 38.34 OK --no-examples --no-tests --no-vignettes
r-release-osx-x86_64-mavericks 2.4-9 ERROR
r-release-windows-ix86+x86_64 2.4-9 57.00 36.00 93.00 OK --no-examples --no-tests --no-vignettes
r-oldrel-windows-ix86+x86_64 2.4-9 64.00 37.00 101.00 OK --no-examples --no-tests --no-vignettes

Check Details

Version: 2.4-9
Flags: --no-examples --no-tests --no-vignettes
Check: R code for possible problems
Result: NOTE
    slice.interp: no visible global function definition for ‘interp’
    tgp.plot.tree: no visible global function definition for ‘draw.tree’
Flavors: r-devel-linux-x86_64-debian-clang, r-devel-linux-x86_64-debian-gcc, r-devel-windows-ix86+x86_64, r-patched-linux-x86_64

Version: 2.4-9
Flags: --no-vignettes
Check: R code for possible problems
Result: NOTE
    slice.interp: no visible global function definition for ‘interp’
    tgp.plot.tree: no visible global function definition for ‘draw.tree’
Flavors: r-devel-linux-x86_64-fedora-clang, r-devel-linux-x86_64-fedora-gcc, r-devel-osx-x86_64-clang, r-patched-solaris-x86

Version: 2.4-9
Flags: --no-examples --no-vignettes
Check: R code for possible problems
Result: NOTE
    slice.interp: no visible global function definition for ‘interp’
    tgp.plot.tree: no visible global function definition for ‘draw.tree’
Flavor: r-patched-solaris-sparc

Version: 2.4-9
Check: running R code from vignettes
Result: ERROR
    Errors in running code in vignettes:
    when running code in ‘tgp2.Rnw’
     ...
    
    > tgp.trees(fit3, "map")
    
    > graphics.off()
    
    > fit4 <- btgpllm(X = X, Z = Z, XX = XX, verb = 0)
    
    Execution halted
    
    ... incomplete output. Crash?
Flavor: r-release-osx-x86_64-mavericks