CRAN Package Check Results for Package survival

Last updated on 2016-02-13 23:47:20.

Flavor Version Tinstall Tcheck Ttotal Status Flags
r-devel-linux-x86_64-debian-gcc 2.38-3 27.40 101.15 128.55 NOTE
r-devel-linux-x86_64-fedora-clang 2.38-3 226.60 NOTE
r-devel-linux-x86_64-fedora-gcc 2.38-3 215.22 NOTE
r-devel-osx-x86_64-clang 2.38-3 252.11 NOTE
r-devel-windows-ix86+x86_64 2.38-3 117.00 279.00 396.00 NOTE
r-patched-linux-x86_64 2.38-3 20.81 118.26 139.06 NOTE
r-patched-solaris-sparc 2.38-3 NOTE
r-patched-solaris-x86 2.38-3 OK
r-release-linux-x86_64 2.38-3 21.36 118.48 139.85 NOTE
r-release-osx-x86_64-mavericks 2.38-3 NOTE
r-release-windows-ix86+x86_64 2.38-3 88.00 354.00 442.00 NOTE
r-oldrel-windows-ix86+x86_64 2.38-3 83.00 311.00 394.00 NOTE

Check Details

Version: 2.38-3
Check: installed package size
Result: NOTE
     installed size is 5.4Mb
     sub-directories of 1Mb or more:
     data 1.9Mb
     doc 1.9Mb
Flavors: r-devel-linux-x86_64-debian-gcc, r-devel-linux-x86_64-fedora-clang, r-devel-linux-x86_64-fedora-gcc, r-devel-osx-x86_64-clang, r-devel-windows-ix86+x86_64, r-patched-linux-x86_64, r-patched-solaris-sparc, r-release-linux-x86_64, r-release-osx-x86_64-mavericks, r-release-windows-ix86+x86_64, r-oldrel-windows-ix86+x86_64