CRAN Package Check Results for Package survival

Last updated on 2017-01-23 15:48:22.

Flavor Version Tinstall Tcheck Ttotal Status Flags
r-devel-linux-x86_64-debian-clang 2.40-1 26.35 216.22 242.57 OK
r-devel-linux-x86_64-debian-gcc 2.40-1 23.60 220.02 243.62 OK
r-devel-linux-x86_64-fedora-clang 2.40-1 475.55 NOTE --no-stop-on-test-error
r-devel-linux-x86_64-fedora-gcc 2.40-1 460.87 NOTE --no-stop-on-test-error
r-devel-macos-x86_64-clang 2.40-1 353.90 NOTE --no-stop-on-test-error
r-devel-windows-ix86+x86_64 2.40-1 60.00 551.00 611.00 NOTE
r-patched-linux-x86_64 2.40-1 21.52 205.31 226.83 OK
r-patched-solaris-sparc 2.40-1 NOTE
r-patched-solaris-x86 2.40-1 NOTE
r-release-linux-x86_64 2.40-1 21.03 206.88 227.92 OK
r-release-osx-x86_64-mavericks 2.40-1 NOTE
r-release-windows-ix86+x86_64 2.40-1 143.00 644.00 787.00 NOTE
r-oldrel-windows-ix86+x86_64 2.40-1 175.00 775.00 950.00 NOTE

Memtest notes: valgrind

Check Details

Version: 2.40-1
Flags: --no-stop-on-test-error
Check: installed package size
Result: NOTE
     installed size is 6.1Mb
     sub-directories of 1Mb or more:
     data 1.9Mb
     doc 2.5Mb
Flavors: r-devel-linux-x86_64-fedora-clang, r-devel-linux-x86_64-fedora-gcc, r-devel-macos-x86_64-clang

Version: 2.40-1
Check: installed package size
Result: NOTE
     installed size is 5.9Mb
     sub-directories of 1Mb or more:
     data 1.9Mb
     doc 2.5Mb
Flavors: r-devel-windows-ix86+x86_64, r-patched-solaris-sparc, r-patched-solaris-x86, r-release-osx-x86_64-mavericks, r-release-windows-ix86+x86_64, r-oldrel-windows-ix86+x86_64