CRAN Package Check Results for Package survival

Last updated on 2015-06-30 09:47:15.

Flavor Version Tinstall Tcheck Ttotal Status Flags
r-devel-linux-x86_64-debian-clang 2.38-2 17.43 114.46 131.89 NOTE
r-devel-linux-x86_64-debian-gcc 2.38-2 20.36 111.94 132.30 NOTE
r-devel-linux-x86_64-fedora-clang 2.38-2 262.65 NOTE
r-devel-linux-x86_64-fedora-gcc 2.38-2 242.73 NOTE
r-devel-osx-x86_64-clang 2.38-2 204.61 NOTE
r-patched-linux-x86_64 2.38-2 22.95 115.78 138.73 NOTE
r-patched-solaris-sparc 2.38-2 NOTE
r-patched-solaris-x86 2.38-2 OK
r-release-linux-x86_64 2.38-2 23.95 116.55 140.50 NOTE
r-release-osx-x86_64-mavericks 2.38-2 NOTE
r-release-windows-ix86+x86_64 2.38-2 64.00 203.00 267.00 NOTE
r-oldrel-windows-ix86+x86_64 2.38-2 88.00 278.00 366.00 NOTE

Check Details

Version: 2.38-2
Check: installed package size
Result: NOTE
     installed size is 5.4Mb
     sub-directories of 1Mb or more:
     data 1.9Mb
     doc 1.9Mb
Flavors: r-devel-linux-x86_64-debian-clang, r-devel-linux-x86_64-debian-gcc, r-devel-linux-x86_64-fedora-clang, r-devel-linux-x86_64-fedora-gcc, r-devel-osx-x86_64-clang, r-patched-linux-x86_64, r-patched-solaris-sparc, r-release-linux-x86_64, r-release-osx-x86_64-mavericks, r-release-windows-ix86+x86_64, r-oldrel-windows-ix86+x86_64

Version: 2.38-2
Check: R code for possible problems
Result: NOTE
    I.Borgan: no visible global function definition for ‘resid’
    II.Borgan: no visible global function definition for ‘resid’
    LinYing: no visible global function definition for ‘resid’
    Prentice: no visible global function definition for ‘resid’
    SelfPrentice: no visible global function definition for ‘resid’
    aareg: no visible global function definition for ‘terms’
    aareg: no visible global function definition for ‘model.extract’
    agsurv: no visible global function definition for ‘approx’
    anova.coxph: no visible global function definition for ‘getS3method’
    anova.coxph: no visible global function definition for ‘terms’
    anova.coxph: no visible global function definition for ‘model.response’
    anova.coxph: no visible global function definition for ‘pchisq’
    anova.coxph.penal: no visible global function definition for
     ‘getS3method’
    anova.coxph.penal: no visible global function definition for ‘terms’
    anova.coxph.penal: no visible global function definition for
     ‘model.response’
    anova.coxph.penal: no visible global function definition for
     ‘as.formula’
    anova.coxph.penal: no visible global function definition for ‘pchisq’
    anova.coxphlist : <anonymous>: no visible global function definition
     for ‘formula’
    anova.coxphlist : <anonymous>: no visible global function definition
     for ‘coef’
    anova.coxphlist : tfun: no visible global function definition for
     ‘delete.response’
    anova.coxphlist : tfun: no visible global function definition for
     ‘terms’
    anova.coxphlist : tfun: no visible global function definition for
     ‘formula’
    anova.coxphlist: no visible global function definition for ‘pchisq’
    anova.survreg: no visible global function definition for
     ‘model.extract’
    anova.survreg: no visible global function definition for ‘formula’
    anova.survreg: no visible global function definition for ‘stat.anova’
    anova.survreglist : <anonymous>: no visible global function definition
     for ‘formula’
    anova.survreglist: no visible global function definition for
     ‘stat.anova’
    attrassign.lm: no visible global function definition for ‘terms’
    basehaz: no visible global function definition for ‘coef’
    cch: no visible binding for global variable ‘na.fail’
    cch: no visible global function definition for ‘model.extract’
    clogit: no visible global function definition for ‘terms’
    cox.zph: no visible global function definition for ‘resid’
    cox.zph: no visible global function definition for ‘cor’
    cox.zph: no visible global function definition for ‘pchisq’
    coxph: no visible global function definition for ‘terms’
    coxph: no visible global function definition for ‘model.extract’
    coxph: no visible global function definition for ‘model.weights’
    coxph: no visible global function definition for ‘.getXlevels’
    coxph: no visible binding for global variable ‘terms’
    coxph: no visible global function definition for ‘model.offset’
    coxph.detail: no visible global function definition for
     ‘model.response’
    coxph.getdata: no visible global function definition for
     ‘model.extract’
    findq: no visible global function definition for ‘approx’
    frailty.gamma: no visible global function definition for
     ‘contr.treatment’
    frailty.gamma : printfun: no visible global function definition for
     ‘pchisq’
    frailty.gaussian: no visible global function definition for
     ‘contr.treatment’
    frailty.gaussian : <anonymous>: no visible global function definition
     for ‘contr.treatment’
    frailty.gaussian : printfun: no visible global function definition for
     ‘pchisq’
    frailty.t: no visible global function definition for ‘contr.treatment’
    frailty.t : printfun: no visible global function definition for
     ‘pchisq’
    lines.aareg: no visible global function definition for ‘matlines’
    lines.survfit: no visible global function definition for ‘par’
    lines.survfit : drawmark: no visible global function definition for
     ‘approx’
    logLik.coxph: no visible global function definition for ‘coefficients’
    model.frame.coxph: no visible global function definition for ‘terms’
    model.frame.coxph: no visible global function definition for
     ‘.checkMFClasses’
    model.frame.coxph: no visible global function definition for
     ‘model.response’
    model.frame.coxph: no visible global function definition for
     ‘model.weights’
    model.matrix.coxph: no visible global function definition for
     ‘delete.response’
    model.matrix.coxph: no visible binding for global variable ‘terms’
    model.matrix.survreg: no visible global function definition for
     ‘delete.response’
    model.matrix.survreg: no visible binding for global variable ‘terms’
    neardate: no visible global function definition for ‘as’
    neardate: no visible global function definition for ‘approx’
    plot.aareg: no visible global function definition for ‘matplot’
    plot.cox.zph: no visible global function definition for ‘approx’
    plot.cox.zph: no visible global function definition for ‘axis’
    plot.cox.zph: no visible global function definition for ‘box’
    plot.survfit: no visible global function definition for ‘par’
    plot.survfit : drawmark: no visible global function definition for
     ‘approx’
    points.survfit: no visible global function definition for ‘matpoints’
    predict.coxph: no visible binding for global variable ‘na.pass’
    predict.coxph: no visible global function definition for
     ‘delete.response’
    predict.coxph: no visible global function definition for
     ‘model.extract’
    predict.coxph: no visible global function definition for
     ‘model.weights’
    predict.coxph: no visible global function definition for ‘model.offset’
    predict.coxph: no visible global function definition for
     ‘model.response’
    predict.coxph: no visible global function definition for ‘approx’
    predict.coxph: no visible global function definition for ‘napredict’
    predict.coxph.penal: no visible global function definition for
     ‘naresid’
    predict.survreg: no visible binding for global variable ‘na.pass’
    predict.survreg: no visible global function definition for
     ‘delete.response’
    predict.survreg: no visible global function definition for
     ‘model.offset’
    predict.survreg: no visible global function definition for ‘naresid’
    print.aareg: no visible global function definition for ‘naprint’
    print.aareg: no visible global function definition for ‘pchisq’
    print.cch: no visible global function definition for ‘pnorm’
    print.coxph: no visible global function definition for ‘pchisq’
    print.coxph: no visible global function definition for ‘printCoefmat’
    print.coxph: no visible global function definition for ‘naprint’
    print.coxph.null: no visible global function definition for ‘naprint’
    print.coxph.penal: no visible global function definition for ‘pchisq’
    print.coxph.penal: no visible global function definition for
     ‘printCoefmat’
    print.coxph.penal: no visible global function definition for ‘naprint’
    print.summary.aareg: no visible global function definition for ‘pchisq’
    print.summary.coxph: no visible global function definition for
     ‘naprint’
    print.summary.coxph: no visible global function definition for
     ‘printCoefmat’
    print.summary.coxph.penal: no visible global function definition for
     ‘naprint’
    print.summary.coxph.penal: no visible binding for global variable
     ‘coef’
    print.summary.coxph.penal: no visible global function definition for
     ‘pchisq’
    print.summary.survexp: no visible global function definition for
     ‘naprint’
    print.summary.survfit: no visible global function definition for
     ‘naprint’
    print.summary.survfitms: no visible global function definition for
     ‘naprint’
    print.summary.survreg: no visible global function definition for
     ‘pchisq’
    print.summary.survreg: no visible global function definition for
     ‘naprint’
    print.survConcordance: no visible global function definition for
     ‘naprint’
    print.survdiff: no visible global function definition for ‘naprint’
    print.survdiff: no visible global function definition for ‘pchisq’
    print.survfit: no visible global function definition for ‘naprint’
    print.survreg: no visible global function definition for ‘pchisq’
    print.survreg: no visible global function definition for ‘naprint’
    print.survreg.penal: no visible global function definition for ‘pchisq’
    print.survreg.penal: no visible global function definition for
     ‘naprint’
    pspline : printfun: no visible global function definition for ‘pchisq’
    pyears: no visible global function definition for ‘terms’
    pyears: no visible global function definition for ‘delete.response’
    pyears: no visible global function definition for ‘as.formula’
    pyears: no visible global function definition for ‘model.extract’
    pyears: no visible global function definition for ‘approx’
    residuals.coxph: no visible global function definition for ‘naresid’
    residuals.survreg: no visible global function definition for
     ‘model.extract’
    residuals.survreg: no visible global function definition for ‘naresid’
    ridge : <anonymous>: no visible global function definition for ‘var’
    rsurvreg: no visible global function definition for ‘runif’
    summary.aareg: no visible global function definition for ‘pnorm’
    summary.cch: no visible global function definition for ‘pnorm’
    summary.coxph: no visible global function definition for ‘pchisq’
    summary.coxph: no visible global function definition for ‘qnorm’
    summary.coxph.penal: no visible global function definition for ‘pchisq’
    summary.coxph.penal: no visible global function definition for ‘qnorm’
    summary.pyears: no visible global function definition for ‘naprint’
    summary.survexp: no visible global function definition for ‘approx’
    summary.survfit: no visible global function definition for ‘approx’
    summary.survfitms: no visible global function definition for ‘approx’
    summary.survreg: no visible global function definition for ‘pnorm’
    survConcordance: no visible global function definition for ‘terms’
    survConcordance: no visible global function definition for
     ‘model.extract’
    survdiff: no visible global function definition for ‘terms’
    survdiff: no visible global function definition for ‘model.extract’
    survexp: no visible global function definition for ‘terms’
    survexp: no visible global function definition for ‘delete.response’
    survexp: no visible global function definition for ‘as.formula’
    survexp: no visible global function definition for ‘model.extract’
    survexp: no visible global function definition for ‘naresid’
    survexp: no visible global function definition for ‘approx’
    survexp.cfit: no visible global function definition for ‘approx’
    survexp.fit: no visible global function definition for ‘approx’
    survfit.coxph: no visible binding for global variable ‘na.pass’
    survfit.coxph: no visible global function definition for
     ‘model.response’
    survfit.coxph: no visible global function definition for
     ‘model.weights’
    survfit.coxph: no visible global function definition for ‘model.offset’
    survfit.coxph: no visible global function definition for
     ‘delete.response’
    survfit.coxph: no visible global function definition for
     ‘model.extract’
    survfit.coxph: no visible global function definition for ‘qnorm’
    survfit.formula: no visible global function definition for ‘terms’
    survfit.formula: no visible global function definition for
     ‘model.extract’
    survfitCI: no visible global function definition for ‘qnorm’
    survfitKM: no visible global function definition for ‘type.convert’
    survfitKM: no visible global function definition for ‘qnorm’
    survfitTurnbull: no visible global function definition for ‘approx’
    survmean: no visible global function definition for ‘median’
    survobrien: no visible global function definition for ‘terms’
    survobrien: no visible global function definition for ‘model.extract’
    survreg: no visible global function definition for ‘terms’
    survreg: no visible global function definition for ‘model.extract’
    survreg: no visible global function definition for ‘.getXlevels’
    survreg: no visible global function definition for ‘model.offset’
    vcov.coxph: no visible global function definition for ‘coef’
Flavors: r-devel-linux-x86_64-debian-clang, r-devel-linux-x86_64-debian-gcc