CRAN Package Check Results for Package survival

Last updated on 2016-04-29 19:50:03.

Flavor Version Tinstall Tcheck Ttotal Status Flags
r-devel-linux-x86_64-debian-gcc 2.39-2 20.97 213.13 234.10 NOTE
r-devel-linux-x86_64-fedora-clang 2.39-2 460.34 NOTE
r-devel-linux-x86_64-fedora-gcc 2.39-2 431.72 NOTE
r-devel-osx-x86_64-clang 2.39-2 489.69 NOTE
r-devel-windows-ix86+x86_64 2.39-2 54.00 566.00 620.00 NOTE
r-patched-linux-x86_64 2.39-2 21.13 209.51 230.64 NOTE
r-patched-solaris-sparc 2.39-2 NOTE
r-patched-solaris-x86 2.39-2 NOTE
r-release-linux-x86_64 2.39-2 21.35 251.33 272.68 NOTE
r-release-osx-x86_64-mavericks 2.39-2 NOTE
r-release-windows-ix86+x86_64 2.39-2 69.00 595.00 664.00 NOTE
r-oldrel-windows-ix86+x86_64 2.39-2 116.00 616.00 732.00 NOTE

Memtest notes: valgrind

Check Details

Version: 2.39-2
Check: installed package size
Result: NOTE
     installed size is 5.6Mb
     sub-directories of 1Mb or more:
     data 1.9Mb
     doc 2.1Mb
Flavors: r-devel-linux-x86_64-debian-gcc, r-devel-linux-x86_64-fedora-clang, r-devel-linux-x86_64-fedora-gcc, r-devel-osx-x86_64-clang, r-devel-windows-ix86+x86_64, r-patched-linux-x86_64, r-patched-solaris-sparc, r-patched-solaris-x86, r-release-linux-x86_64, r-release-osx-x86_64-mavericks, r-release-windows-ix86+x86_64, r-oldrel-windows-ix86+x86_64