CRAN Package Check Results for Package rhosp

Last updated on 2014-04-20 23:47:07.

Flavor Version Tinstall Tcheck Ttotal Status Flags
r-devel-linux-x86_64-debian-clang 1.05 0.82 14.11 14.93 OK
r-devel-linux-x86_64-debian-gcc 1.05 0.83 14.22 15.04 OK
r-devel-linux-x86_64-fedora-clang 1.05 35.78 OK
r-devel-linux-x86_64-fedora-gcc 1.05 33.32 OK
r-devel-macosx-x86_64-clang 1.05 33.12 OK
r-devel-macosx-x86_64-gcc 1.05 OK
r-devel-windows-ix86+x86_64 1.05 3.00 22.00 25.00 OK
r-patched-linux-x86_64 1.05 0.80 14.50 15.29 OK
r-patched-solaris-sparc 1.05 163.90 OK
r-patched-solaris-x86 1.05 44.90 OK
r-release-linux-ix86 OK
r-release-linux-x86_64 1.05 0.84 14.15 14.98 OK
r-release-macosx-x86_64 1.05 NOTE
r-release-windows-ix86+x86_64 1.05 5.00 30.00 35.00 OK
r-oldrel-windows-ix86+x86_64 1.05 3.00 33.00 36.00 OK

Check Details

Version: 1.05
Check: re-building of vignette outputs
Result: NOTE
    Error in re-building vignettes:
     ...
    Error in texi2dvi(file = file, pdf = TRUE, clean = clean, quiet = quiet, :
     Running 'texi2dvi' on 'rhosp.tex' failed.
    LaTeX errors:
    ! LaTeX Error: File `vmargin.sty' not found.
    
    Type X to quit or <RETURN> to proceed,
    or enter new name. (Default extension: sty)
    
    rhosp.Rcheck/vign_test/rhosp/vignettes/rhosp.tex:14: ==> Fatal error occurred,
     no output PDF file produced!
    Calls: buildVignettes -> texi2pdf -> texi2dvi
    Execution halted
Flavor: r-release-macosx-x86_64