CRAN Package Check Results for Package rhosp

Last updated on 2014-12-21 09:51:35.

Flavor Version Tinstall Tcheck Ttotal Status Flags
r-devel-linux-x86_64-debian-clang 1.06 0.77 15.66 16.42 OK
r-devel-linux-x86_64-debian-gcc 1.06 0.72 15.42 16.14 OK
r-devel-linux-x86_64-fedora-clang 1.06 33.29 OK
r-devel-linux-x86_64-fedora-gcc 1.06 30.80 OK
r-devel-osx-x86_64-clang 1.06 34.50 OK
r-devel-windows-ix86+x86_64 1.06 4.00 22.00 26.00 OK
r-patched-linux-x86_64 1.06 0.77 16.00 16.76 OK
r-patched-solaris-sparc 1.06 162.60 OK
r-patched-solaris-x86 1.06 40.70 OK
r-release-linux-ix86 1.06 1.11 21.04 22.14 OK
r-release-linux-x86_64 1.06 0.75 19.90 20.65 OK
r-release-osx-x86_64-mavericks 1.06 NOTE
r-release-osx-x86_64-snowleopard 1.06 OK
r-release-windows-ix86+x86_64 1.06 3.00 24.00 27.00 OK
r-oldrel-windows-ix86+x86_64 1.06 3.00 25.00 28.00 OK

Check Details

Version: 1.06
Check: re-building of vignette outputs
Result: NOTE
    Error in re-building vignettes:
     ...
    Error in texi2dvi(file = file, pdf = TRUE, clean = clean, quiet = quiet, :
     Running 'texi2dvi' on 'rhosp.tex' failed.
    LaTeX errors:
    ! LaTeX Error: File `vmargin.sty' not found.
    
    Type X to quit or <RETURN> to proceed,
    or enter new name. (Default extension: sty)
    
    est/rhosp/vignettes/rhosp.tex:14: ==> Fatal error occurred, no output PDF file
     produced!
    Calls: buildVignettes -> texi2pdf -> texi2dvi
    Execution halted
Flavor: r-release-osx-x86_64-mavericks