CRAN Package Check Results for Package rhosp

Last updated on 2017-10-17 00:51:58.

Flavor Version Tinstall Tcheck Ttotal Status Flags
r-devel-linux-x86_64-debian-clang 1.07 0.75 19.89 20.63 OK
r-devel-linux-x86_64-debian-gcc 1.07 1.00 19.52 20.52 OK
r-devel-linux-x86_64-fedora-clang 1.07 33.23 OK
r-devel-linux-x86_64-fedora-gcc 1.07 33.12 OK
r-devel-windows-ix86+x86_64 1.07 3.00 52.00 55.00 OK
r-patched-linux-x86_64 1.07 0.78 19.71 20.49 OK
r-patched-solaris-x86 1.07 39.20 OK
r-release-linux-x86_64 1.07 0.74 19.74 20.48 OK
r-release-windows-ix86+x86_64 1.07 3.00 34.00 37.00 OK
r-release-osx-x86_64 1.07 WARN
r-oldrel-windows-ix86+x86_64 1.07 3.00 33.00 36.00 OK
r-oldrel-osx-x86_64 1.07 OK

Check Details

Version: 1.07
Check: re-building of vignette outputs
Result: WARN
    Error in re-building vignettes:
     ...
    Error in texi2dvi(file = file, pdf = TRUE, clean = clean, quiet = quiet, :
     Running 'texi2dvi' on 'rhosp.tex' failed.
    LaTeX errors:
    ! LaTeX Error: File `vmargin.sty' not found.
    
    Type X to quit or <RETURN> to proceed,
    or enter new name. (Default extension: sty)
    
    ! Emergency stop.
    <read *>
    
    l.14 \usepackage
     {amsfonts,amsmath,amssymb,amsthm}^^M
    ! ==> Fatal error occurred, no output PDF file produced!
    Calls: buildVignettes -> texi2pdf -> texi2dvi
    Execution halted
Flavor: r-release-osx-x86_64