CRAN Package Check Results for Package plotrix

Last updated on 2015-03-02 19:52:23.

Flavor Version Tinstall Tcheck Ttotal Status Flags
r-devel-linux-x86_64-debian-clang 3.5-11 2.63 43.51 46.14 NOTE
r-devel-linux-x86_64-debian-gcc 3.5-11 2.87 42.45 45.32 NOTE
r-devel-linux-x86_64-fedora-clang 3.5-11 84.95 NOTE
r-devel-linux-x86_64-fedora-gcc 3.5-11 80.18 NOTE
r-devel-osx-x86_64-clang 3.5-11 81.11 NOTE
r-devel-windows-ix86+x86_64 3.5-11 15.00 66.00 81.00 OK
r-patched-linux-x86_64 3.5-11 2.46 45.28 47.74 OK
r-patched-solaris-sparc 3.5-11 495.80 OK
r-patched-solaris-x86 3.5-11 107.30 OK
r-release-linux-ix86 3.5-11 2.84 54.56 57.40 OK
r-release-linux-x86_64 3.5-11 2.81 43.94 46.75 OK
r-release-osx-x86_64-mavericks 3.5-11 OK
r-release-osx-x86_64-snowleopard 3.5-11 OK
r-release-windows-ix86+x86_64 3.5-11 8.00 59.00 67.00 OK
r-oldrel-windows-ix86+x86_64 3.5-11 8.00 69.00 77.00 OK

Check Details

Version: 3.5-11
Check: S3 generic/method consistency
Result: NOTE
    Found the following apparent S3 methods exported but not registered:
     ladderplot.default
    See section ‘Registering S3 methods’ in the ‘Writing R Extensions’
    manual.
Flavors: r-devel-linux-x86_64-debian-clang, r-devel-linux-x86_64-debian-gcc, r-devel-linux-x86_64-fedora-clang, r-devel-linux-x86_64-fedora-gcc, r-devel-osx-x86_64-clang