CRAN Package Check Results for Package plotrix

Last updated on 2015-01-25 16:49:18.

Flavor Version Tinstall Tcheck Ttotal Status Flags
r-devel-linux-x86_64-debian-clang 3.5-11 2.27 43.79 46.06 OK
r-devel-linux-x86_64-debian-gcc 3.5-11 2.34 42.32 44.66 OK
r-devel-linux-x86_64-fedora-clang 3.5-11 88.10 NOTE
r-devel-linux-x86_64-fedora-gcc 3.5-11 83.70 NOTE
r-devel-osx-x86_64-clang 3.5-11 82.99 NOTE
r-devel-windows-ix86+x86_64 3.5-11 10.00 63.00 73.00 OK
r-patched-linux-x86_64 3.5-11 2.35 44.74 47.09 OK
r-patched-solaris-sparc 3.5-11 495.80 OK
r-patched-solaris-x86 3.5-11 105.70 OK
r-release-linux-ix86 3.5-11 2.87 53.16 56.04 OK
r-release-linux-x86_64 3.5-11 2.33 46.13 48.46 OK
r-release-osx-x86_64-mavericks 3.5-11 OK
r-release-osx-x86_64-snowleopard 3.5-11 OK
r-release-windows-ix86+x86_64 3.5-11 8.00 59.00 67.00 OK
r-oldrel-windows-ix86+x86_64 3.5-11 8.00 69.00 77.00 OK

Check Details

Version: 3.5-11
Check: S3 generic/method consistency
Result: NOTE
    Found the following apparent S3 methods exported but not registered:
     ladderplot.default
    See section ‘Registering S3 methods’ in the ‘Writing R Extensions’
    manual.
Flavors: r-devel-linux-x86_64-fedora-clang, r-devel-linux-x86_64-fedora-gcc, r-devel-osx-x86_64-clang