CRAN Package Check Results for Package mpoly

Last updated on 2017-04-28 23:52:29.

Flavor Version Tinstall Tcheck Ttotal Status Flags
r-devel-linux-x86_64-debian-clang 1.0.3 1.61 45.96 47.57 OK
r-devel-linux-x86_64-debian-gcc 1.0.3 1.63 45.26 46.89 OK
r-devel-linux-x86_64-fedora-clang 1.0.3 98.19 OK --no-stop-on-test-error
r-devel-linux-x86_64-fedora-gcc 1.0.3 88.68 OK --no-stop-on-test-error
r-devel-windows-ix86+x86_64 1.0.3 12.00 110.00 122.00 OK
r-patched-linux-x86_64 1.0.3 1.70 46.41 48.11 OK
r-patched-solaris-sparc 1.0.3 593.70 OK
r-patched-solaris-x86 1.0.3 122.70 OK
r-release-linux-x86_64 1.0.3 1.69 44.81 46.50 OK
r-release-windows-ix86+x86_64 1.0.3 10.00 108.00 118.00 OK
r-release-osx-x86_64 1.0.3 ERROR
r-oldrel-windows-ix86+x86_64 1.0.3 8.00 79.00 87.00 OK
r-oldrel-osx-x86_64 1.0.3 OK

Check Details

Version: 1.0.3
Check: package dependencies
Result: ERROR
    Package required but not available: ‘partitions’
    
    See section ‘The DESCRIPTION file’ in the ‘Writing R Extensions’
    manual.
Flavor: r-release-osx-x86_64