CRAN Package Check Results for Package mpoly

Last updated on 2015-02-28 08:49:06.

Flavor Version Tinstall Tcheck Ttotal Status Flags
r-devel-linux-x86_64-debian-clang 0.0.5 1.56 23.24 24.80 NOTE
r-devel-linux-x86_64-debian-gcc 0.0.5 1.49 22.66 24.14 NOTE
r-devel-linux-x86_64-fedora-clang 0.0.5 49.83 NOTE
r-devel-linux-x86_64-fedora-gcc 0.0.5 47.45 NOTE
r-devel-osx-x86_64-clang 0.0.5 50.94 NOTE
r-devel-windows-ix86+x86_64 0.0.5 8.00 36.00 44.00 OK
r-patched-linux-x86_64 0.0.5 3.04 31.61 34.65 OK
r-patched-solaris-sparc 0.0.5 402.50 OK
r-patched-solaris-x86 0.0.5 96.10 OK
r-release-linux-ix86 0.0.5 2.87 39.12 41.98 OK
r-release-linux-x86_64 0.0.5 2.50 32.97 35.48 OK
r-release-osx-x86_64-mavericks 0.0.5 OK
r-release-osx-x86_64-snowleopard 0.0.5 OK
r-release-windows-ix86+x86_64 0.0.5 8.00 52.00 60.00 OK
r-oldrel-windows-ix86+x86_64 0.0.5 10.00 82.00 92.00 OK

Check Details

Version: 0.0.5
Check: S3 generic/method consistency
Result: NOTE
    Found the following apparent S3 methods exported but not registered:
     +.mpoly +.mpolyList -.mpoly -.mpolyList deriv.mpoly
    See section ‘Registering S3 methods’ in the ‘Writing R Extensions’
    manual.
Flavors: r-devel-linux-x86_64-debian-clang, r-devel-linux-x86_64-debian-gcc, r-devel-linux-x86_64-fedora-clang, r-devel-linux-x86_64-fedora-gcc, r-devel-osx-x86_64-clang