CRAN Package Check Results for Package longpower

Last updated on 2014-11-23 09:50:15.

Flavor Version Tinstall Tcheck Ttotal Status Flags
r-devel-linux-x86_64-debian-clang 1.0-10 4.58 61.02 65.60 OK
r-devel-linux-x86_64-debian-gcc 1.0-10 5.89 59.89 65.78 OK
r-devel-linux-x86_64-fedora-clang 1.0-10 160.85 OK
r-devel-linux-x86_64-fedora-gcc 1.0-10 152.63 OK
r-devel-osx-x86_64-clang 1.0-10 133.89 OK
r-devel-windows-ix86+x86_64 1.0-10 11.00 88.00 99.00 OK
r-patched-linux-x86_64 1.0-10 4.74 63.04 67.79 OK
r-patched-solaris-sparc 1.0-10 819.30 OK
r-patched-solaris-x86 1.0-10 200.10 OK
r-release-linux-ix86 1.0-10 5.66 73.06 78.72 OK
r-release-linux-x86_64 1.0-10 5.48 62.44 67.92 OK
r-release-osx-x86_64-mavericks 1.0-10 OK
r-release-osx-x86_64-snowleopard 1.0-10 ERROR
r-release-windows-ix86+x86_64 1.0-10 15.00 92.00 107.00 OK
r-oldrel-windows-ix86+x86_64 1.0-10 13.00 90.00 103.00 OK

Check Details

Version: 1.0-10
Check: whether package can be installed
Result: ERROR
    Installation failed.
Flavor: r-release-osx-x86_64-snowleopard