CRAN Package Check Results for Package longpower

Last updated on 2014-08-22 13:46:55.

Flavor Version Tinstall Tcheck Ttotal Status Flags
r-devel-linux-x86_64-debian-clang 1.0-10 4.98 60.49 65.46 OK
r-devel-linux-x86_64-debian-gcc 1.0-10 4.49 59.39 63.88 OK
r-devel-linux-x86_64-fedora-clang 1.0-10 161.85 OK
r-devel-linux-x86_64-fedora-gcc 1.0-10 153.27 OK
r-devel-osx-x86_64-clang 1.0-10 128.82 OK
r-devel-windows-ix86+x86_64 1.0-10 11.00 83.00 94.00 OK
r-patched-linux-x86_64 1.0-10 4.62 61.03 65.64 OK
r-patched-solaris-sparc 1.0-10 819.30 OK
r-patched-solaris-x86 1.0-10 212.60 OK
r-release-linux-ix86 1.0-10 5.64 75.56 81.20 OK
r-release-linux-x86_64 1.0-10 4.82 62.25 67.07 OK
r-release-osx-x86_64-mavericks 1.0-10 OK
r-release-osx-x86_64-snowleopard 1.0-10 ERROR
r-release-windows-ix86+x86_64 1.0-10 14.00 93.00 107.00 OK
r-oldrel-windows-ix86+x86_64 1.0-10 12.00 78.00 90.00 OK

Check Details

Version: 1.0-10
Check: whether package can be installed
Result: ERROR
    Installation failed.
Flavor: r-release-osx-x86_64-snowleopard