CRAN Package Check Results for Package longpower

Last updated on 2014-12-19 23:46:59.

Flavor Version Tinstall Tcheck Ttotal Status Flags
r-devel-linux-x86_64-debian-clang 1.0-10 4.61 60.76 65.38 OK
r-devel-linux-x86_64-debian-gcc 1.0-10 4.34 58.26 62.60 OK
r-devel-linux-x86_64-fedora-clang 1.0-10 163.29 OK
r-devel-linux-x86_64-fedora-gcc 1.0-10 141.76 OK
r-devel-osx-x86_64-clang 1.0-10 136.85 OK
r-devel-windows-ix86+x86_64 1.0-10 13.00 89.00 102.00 OK
r-patched-linux-x86_64 1.0-10 4.74 61.66 66.40 OK
r-patched-solaris-sparc 1.0-10 819.30 OK
r-patched-solaris-x86 1.0-10 200.90 OK
r-release-linux-ix86 1.0-10 5.49 73.42 78.90 OK
r-release-linux-x86_64 1.0-10 4.79 62.17 66.96 OK
r-release-osx-x86_64-mavericks 1.0-10 OK
r-release-osx-x86_64-snowleopard 1.0-10 ERROR
r-release-windows-ix86+x86_64 1.0-10 14.00 93.00 107.00 OK
r-oldrel-windows-ix86+x86_64 1.0-10 12.00 89.00 101.00 OK

Check Details

Version: 1.0-10
Check: whether package can be installed
Result: ERROR
    Installation failed.
Flavor: r-release-osx-x86_64-snowleopard