CRAN Package Check Results for Package longpower

Last updated on 2015-07-28 15:48:10.

Flavor Version Tinstall Tcheck Ttotal Status Flags
r-devel-linux-x86_64-debian-clang 1.0-11 3.46 45.19 48.65 NOTE
r-devel-linux-x86_64-debian-gcc 1.0-11 3.50 44.15 47.65 NOTE
r-devel-linux-x86_64-fedora-clang 1.0-11 105.20 NOTE
r-devel-linux-x86_64-fedora-gcc 1.0-11 96.68 NOTE
r-devel-osx-x86_64-clang 1.0-11 81.81 NOTE
r-devel-windows-ix86+x86_64 1.0-11 11.00 68.00 79.00 NOTE
r-patched-linux-x86_64 1.0-11 3.42 46.32 49.74 NOTE
r-patched-solaris-sparc 1.0-11 622.20 NOTE
r-patched-solaris-x86 1.0-11 140.10 NOTE
r-release-linux-x86_64 1.0-11 3.55 46.31 49.86 NOTE
r-release-osx-x86_64-mavericks 1.0-11 OK
r-release-windows-ix86+x86_64 1.0-11 14.00 70.00 84.00 NOTE
r-oldrel-windows-ix86+x86_64 1.0-11 13.00 100.00 113.00 NOTE

Check Details

Version: 1.0-11
Check: S3 generic/method consistency
Result: NOTE
    Found the following apparent S3 methods exported but not registered:
     print.power.longtest
    See section ‘Registering S3 methods’ in the ‘Writing R Extensions’
    manual.
Flavors: r-devel-linux-x86_64-debian-clang, r-devel-linux-x86_64-debian-gcc, r-devel-linux-x86_64-fedora-clang, r-devel-linux-x86_64-fedora-gcc, r-devel-osx-x86_64-clang, r-patched-linux-x86_64, r-patched-solaris-sparc, r-patched-solaris-x86, r-release-linux-x86_64

Version: 1.0-11
Check: R code for possible problems
Result: NOTE
    diggle.linear.power: no visible global function definition for
     ‘uniroot’
    edland.linear.power: no visible global function definition for
     ‘uniroot’
    liu.liang.linear.power: no visible global function definition for
     ‘uniroot’
    lmmpower.gee: no visible global function definition for ‘qnorm’
    lmmpower.lme: no visible global function definition for ‘qnorm’
    power.mmrm: no visible global function definition for ‘uniroot’
    power.mmrm.ar1: no visible global function definition for ‘uniroot’
    lmmpower,merMod: no visible global function definition for ‘coef’
    lmmpower,merMod: no visible global function definition for ‘fixef’
    lmmpower,merMod: no visible global function definition for ‘qnorm’
    lmmpower,merMod: no visible global function definition for ‘getME’
    Undefined global functions or variables:
     coef fixef getME qnorm uniroot
    Consider adding
     importFrom("stats", "coef", "qnorm", "uniroot")
    to your NAMESPACE.
Flavors: r-devel-linux-x86_64-debian-clang, r-devel-linux-x86_64-debian-gcc, r-devel-linux-x86_64-fedora-clang, r-devel-linux-x86_64-fedora-gcc, r-devel-windows-ix86+x86_64

Version: 1.0-11
Check: R code for possible problems
Result: NOTE
    lmmpower,merMod: no visible global function definition for ‘fixef’
    lmmpower,merMod: no visible global function definition for ‘getME’
    Undefined global functions or variables:
     fixef getME
Flavor: r-devel-osx-x86_64-clang

Version: 1.0-11
Check: R code for possible problems
Result: NOTE
    lmmpower,merMod : .local: no visible global function definition for
     ‘fixef’
    lmmpower,merMod : .local: no visible global function definition for
     ‘getME’
Flavors: r-patched-linux-x86_64, r-patched-solaris-sparc, r-patched-solaris-x86, r-release-linux-x86_64, r-release-windows-ix86+x86_64, r-oldrel-windows-ix86+x86_64