CRAN Package Check Results for Package longpower

Last updated on 2014-04-24 23:48:06.

Flavor Version Tinstall Tcheck Ttotal Status Flags
r-devel-linux-x86_64-debian-clang 1.0-10 4.90 64.31 69.22 OK
r-devel-linux-x86_64-debian-gcc 1.0-10 5.10 64.33 69.43 OK
r-devel-linux-x86_64-fedora-clang 1.0-10 162.06 OK
r-devel-linux-x86_64-fedora-gcc 1.0-10 157.80 OK
r-devel-osx-x86_64-clang 1.0-10 125.02 OK
r-devel-osx-x86_64-gcc 1.0-10 NOTE
r-devel-windows-ix86+x86_64 1.0-10 12.00 90.00 102.00 OK
r-patched-linux-x86_64 1.0-10 4.96 63.10 68.07 OK
r-patched-solaris-sparc 1.0-10 831.60 OK
r-patched-solaris-x86 1.0-10 203.20 OK
r-release-linux-ix86 1.0-10 8.00 100.00 108.00 OK
r-release-linux-x86_64 1.0-10 5.01 63.24 68.25 OK
r-release-osx-x86_64-mavericks 1.0-10 OK
r-release-osx-x86_64-snowleopard 1.0-10 ERROR
r-release-windows-ix86+x86_64 1.0-10 12.00 88.00 100.00 OK
r-oldrel-windows-ix86+x86_64 1.0-10 12.00 79.00 91.00 OK

Check Details

Version: 1.0-10
Check: package dependencies
Result: NOTE
    Package suggested but not available for checking: ‘knitr’
    
    Files named as vignettes but with no recognized vignette engine:
     ‘inst/doc/longpower.Rnw’
    (Is a VignetteBuilder field missing?)
Flavor: r-devel-osx-x86_64-gcc

Version: 1.0-10
Check: whether package can be installed
Result: ERROR
    Installation failed.
    See ‘/Volumes/XT3/Builds/R-dev-web/QA/Simon/packages/snowleopard-x86_64/results/3.1/longpower.Rcheck/00install.out’ for details.
Flavor: r-release-osx-x86_64-snowleopard