CRAN Package Check Results for Package longpower

Last updated on 2014-09-16 14:47:34.

Flavor Version Tinstall Tcheck Ttotal Status Flags
r-devel-linux-x86_64-debian-clang 1.0-10 4.74 61.14 65.88 OK
r-devel-linux-x86_64-debian-gcc 1.0-10 4.30 58.86 63.17 OK
r-devel-linux-x86_64-fedora-clang 1.0-10 157.49 OK
r-devel-linux-x86_64-fedora-gcc 1.0-10 149.82 OK
r-devel-osx-x86_64-clang 1.0-10 124.27 OK
r-devel-windows-ix86+x86_64 1.0-10 11.00 85.00 96.00 OK
r-patched-linux-x86_64 1.0-10 4.78 62.12 66.90 OK
r-patched-solaris-sparc 1.0-10 819.30 OK
r-patched-solaris-x86 1.0-10 202.40 OK
r-release-linux-ix86 1.0-10 5.60 75.95 81.55 OK
r-release-linux-x86_64 1.0-10 4.72 63.15 67.87 OK
r-release-osx-x86_64-mavericks 1.0-10 OK
r-release-osx-x86_64-snowleopard 1.0-10 ERROR
r-release-windows-ix86+x86_64 1.0-10 11.00 89.00 100.00 OK
r-oldrel-windows-ix86+x86_64 1.0-10 12.00 90.00 102.00 OK

Check Details

Version: 1.0-10
Check: whether package can be installed
Result: ERROR
    Installation failed.
Flavor: r-release-osx-x86_64-snowleopard