CRAN Package Check Results for Package longpower

Last updated on 2016-06-29 23:51:30.

Flavor Version Tinstall Tcheck Ttotal Status Flags
r-devel-linux-x86_64-debian-gcc 1.0-15 3.75 44.95 48.69 OK
r-devel-linux-x86_64-fedora-clang 1.0-15 95.31 OK
r-devel-linux-x86_64-fedora-gcc 1.0-15 90.81 OK
r-devel-osx-x86_64-clang 1.0-15 76.00 OK
r-devel-windows-ix86+x86_64 1.0-15 9.00 81.00 90.00 WARN
r-patched-linux-x86_64 1.0-15 3.33 44.25 47.58 OK
r-patched-solaris-sparc 1.0-15 566.70 OK
r-patched-solaris-x86 1.0-15 126.70 OK
r-release-linux-x86_64 1.0-15 3.22 42.69 45.91 OK
r-release-osx-x86_64-mavericks 1.0-15 OK
r-release-windows-ix86+x86_64 1.0-15 12.00 116.00 128.00 OK
r-oldrel-windows-ix86+x86_64 1.0-15 13.00 90.00 103.00 OK

Check Details

Version: 1.0-15
Check: re-building of vignette outputs
Result: WARN
    Error in re-building vignettes:
     ...
    Loading required package: lme4
    Loading required package: Matrix
    Loading required package: nlme
    
    Attaching package: 'nlme'
    
    The following object is masked from 'package:lme4':
    
     lmList
    
    Warning: running command '"D:\compiler\texmf\miktex\bin\texify.exe" --quiet --pdf "longpower.tex" --max-iterations=20 -I "D:/RCompile/recent/R/share/texmf/tex/latex" -I "D:/RCompile/recent/R/share/texmf/bibtex/bst"' had status 1
    Error in find_vignette_product(name, by = "texi2pdf", engine = engine) :
     Failed to locate the 'texi2pdf' output file (by engine 'knitr::knitr') for vignette with name 'longpower'. The following files exist in directory '.': 'longpower.R', 'longpower.Rnw', 'longpower.bib', 'longpower.tex'
    Calls: buildVignettes -> find_vignette_product
    Execution halted
Flavor: r-devel-windows-ix86+x86_64