CRAN Package Check Results for Package longpower

Last updated on 2014-10-02 09:53:05.

Flavor Version Tinstall Tcheck Ttotal Status Flags
r-devel-linux-x86_64-debian-clang 1.0-10 4.52 62.82 67.34 OK
r-devel-linux-x86_64-debian-gcc 1.0-10 4.58 59.58 64.16 OK
r-devel-linux-x86_64-fedora-clang 1.0-10 159.64 OK
r-devel-linux-x86_64-fedora-gcc 1.0-10 153.02 OK
r-devel-osx-x86_64-clang 1.0-10 123.50 OK
r-devel-windows-ix86+x86_64 1.0-10 13.00 90.00 103.00 OK
r-patched-linux-x86_64 1.0-10 4.95 62.08 67.03 OK
r-patched-solaris-sparc 1.0-10 819.30 OK
r-patched-solaris-x86 1.0-10 209.10 OK
r-release-linux-ix86 1.0-10 5.64 76.54 82.18 OK
r-release-linux-x86_64 1.0-10 4.68 64.38 69.06 OK
r-release-osx-x86_64-mavericks 1.0-10 OK
r-release-osx-x86_64-snowleopard 1.0-10 ERROR
r-release-windows-ix86+x86_64 1.0-10 12.00 94.00 106.00 OK
r-oldrel-windows-ix86+x86_64 1.0-10 11.00 90.00 101.00 OK

Check Details

Version: 1.0-10
Check: whether package can be installed
Result: ERROR
    Installation failed.
Flavor: r-release-osx-x86_64-snowleopard