CRAN Package Check Results for Package longpower

Last updated on 2015-02-26 16:47:25.

Flavor Version Tinstall Tcheck Ttotal Status Flags
r-devel-linux-x86_64-debian-clang 1.0-11 4.02 48.72 52.74 NOTE
r-devel-linux-x86_64-debian-gcc 1.0-11 3.39 48.05 51.44 NOTE
r-devel-linux-x86_64-fedora-clang 1.0-11 113.23 NOTE
r-devel-linux-x86_64-fedora-gcc 1.0-11 102.01 NOTE
r-devel-osx-x86_64-clang 1.0-11 101.93 NOTE
r-devel-windows-ix86+x86_64 1.0-11 13.00 75.00 88.00 OK
r-patched-linux-x86_64 1.0-11 5.76 66.84 72.60 OK
r-patched-solaris-sparc 1.0-11 792.60 OK
r-patched-solaris-x86 1.0-11 204.20 OK
r-release-linux-ix86 1.0-11 5.51 75.15 80.66 OK
r-release-linux-x86_64 1.0-11 4.89 0.25 5.14 OK
r-release-osx-x86_64-mavericks 1.0-11 OK
r-release-osx-x86_64-snowleopard 1.0-11 OK
r-release-windows-ix86+x86_64 1.0-11 15.00 93.00 108.00 OK
r-oldrel-windows-ix86+x86_64 1.0-11 12.00 85.00 97.00 OK

Check Details

Version: 1.0-11
Check: S3 generic/method consistency
Result: NOTE
    Found the following apparent S3 methods exported but not registered:
     print.power.longtest
    See section ‘Registering S3 methods’ in the ‘Writing R Extensions’
    manual.
Flavors: r-devel-linux-x86_64-debian-clang, r-devel-linux-x86_64-debian-gcc, r-devel-linux-x86_64-fedora-clang, r-devel-linux-x86_64-fedora-gcc, r-devel-osx-x86_64-clang