CRAN Package Check Results for Package gb

Last updated on 2014-10-22 16:50:44.

Flavor Version Tinstall Tcheck Ttotal Status Flags
r-devel-linux-x86_64-debian-clang 1.1.8-8 1.37 13.52 14.88 NOTE
r-devel-linux-x86_64-debian-gcc 1.1.8-8 1.56 13.52 15.08 NOTE
r-devel-linux-x86_64-fedora-clang 1.1.8-8 28.10 NOTE
r-devel-linux-x86_64-fedora-gcc 1.1.8-8 27.66 NOTE
r-devel-osx-x86_64-clang 1.1.8-8 29.22 NOTE
r-devel-windows-ix86+x86_64 1.1.8-8 8.00 29.00 37.00 NOTE
r-patched-linux-x86_64 1.1.8-8 1.74 13.35 15.08 NOTE
r-patched-solaris-sparc 1.1.8-8 169.10 NOTE
r-patched-solaris-x86 1.1.8-8 40.20 NOTE
r-release-linux-ix86 1.1.8-8 2.26 21.44 23.70 NOTE
r-release-linux-x86_64 1.1.8-8 1.54 13.41 14.95 NOTE
r-release-osx-x86_64-mavericks 1.1.8-8 NOTE
r-release-osx-x86_64-snowleopard 1.1.8-8 OK
r-release-windows-ix86+x86_64 1.1.8-8 9.00 30.00 39.00 NOTE
r-oldrel-windows-ix86+x86_64 1.1.8-8 8.00 32.00 40.00 NOTE

Check Details

Version: 1.1.8-8
Check: dependencies in R code
Result: NOTE
    Package in Depends field not imported from: ‘boot’
     These packages need to be imported from (in the NAMESPACE file)
     for when this namespace is loaded but not attached.
    See the information on DESCRIPTION files in the chapter ‘Creating R
    packages’ of the ‘Writing R Extensions’ manual.
Flavors: r-devel-linux-x86_64-debian-clang, r-devel-linux-x86_64-debian-gcc, r-devel-linux-x86_64-fedora-clang, r-devel-linux-x86_64-fedora-gcc, r-devel-osx-x86_64-clang, r-devel-windows-ix86+x86_64, r-patched-linux-x86_64, r-patched-solaris-sparc, r-patched-solaris-x86, r-release-linux-ix86, r-release-linux-x86_64, r-release-osx-x86_64-mavericks, r-release-windows-ix86+x86_64, r-oldrel-windows-ix86+x86_64

Version: 1.1.8-8
Check: R code for possible problems
Result: NOTE
    gboot: no visible global function definition for ‘boot’
Flavors: r-devel-linux-x86_64-debian-clang, r-devel-linux-x86_64-debian-gcc, r-devel-linux-x86_64-fedora-clang, r-devel-linux-x86_64-fedora-gcc, r-devel-osx-x86_64-clang, r-devel-windows-ix86+x86_64, r-patched-linux-x86_64, r-patched-solaris-sparc, r-patched-solaris-x86