CRAN Package Check Results for Package gb

Last updated on 2015-04-18 15:47:42.

Flavor Version Tinstall Tcheck Ttotal Status Flags
r-devel-linux-x86_64-debian-clang 1.1.8-8 1.40 12.38 13.78 NOTE
r-devel-linux-x86_64-debian-gcc 1.1.8-8 1.60 12.62 14.22 NOTE
r-devel-linux-x86_64-fedora-clang 1.1.8-8 26.42 NOTE
r-devel-linux-x86_64-fedora-gcc 1.1.8-8 24.70 NOTE
r-devel-osx-x86_64-clang 1.1.8-8 26.93 NOTE
r-patched-linux-x86_64 1.1.8-8 1.53 12.97 14.50 NOTE
r-patched-solaris-sparc 1.1.8-8 160.30 NOTE
r-patched-solaris-x86 1.1.8-8 36.20 NOTE
r-release-linux-x86_64 1.1.8-8 1.57 12.69 14.26 NOTE
r-release-osx-x86_64-mavericks 1.1.8-8 NOTE
r-release-osx-x86_64-snowleopard 1.1.8-8 OK
r-release-windows-ix86+x86_64 1.1.8-8 7.00 34.00 41.00 NOTE
r-oldrel-windows-ix86+x86_64 1.1.8-8 8.00 38.00 46.00 NOTE

Check Details

Version: 1.1.8-8
Check: dependencies in R code
Result: NOTE
    Package in Depends field not imported from: ‘boot’
     These packages need to be imported from (in the NAMESPACE file)
     for when this namespace is loaded but not attached.
Flavors: r-devel-linux-x86_64-debian-clang, r-devel-linux-x86_64-debian-gcc, r-devel-linux-x86_64-fedora-clang, r-devel-linux-x86_64-fedora-gcc, r-devel-osx-x86_64-clang, r-patched-linux-x86_64, r-patched-solaris-sparc, r-patched-solaris-x86, r-release-linux-x86_64, r-release-osx-x86_64-mavericks, r-release-windows-ix86+x86_64

Version: 1.1.8-8
Check: S3 generic/method consistency
Result: NOTE
    Found the following apparent S3 methods exported but not registered:
     lines.gld plot.egld plot.gld print.egld print.gld
    See section ‘Registering S3 methods’ in the ‘Writing R Extensions’
    manual.
Flavors: r-devel-linux-x86_64-debian-clang, r-devel-linux-x86_64-debian-gcc, r-devel-linux-x86_64-fedora-clang, r-devel-linux-x86_64-fedora-gcc, r-devel-osx-x86_64-clang, r-patched-linux-x86_64, r-release-linux-x86_64

Version: 1.1.8-8
Check: R code for possible problems
Result: NOTE
    gboot: no visible global function definition for ‘boot’
Flavors: r-devel-linux-x86_64-debian-clang, r-devel-linux-x86_64-debian-gcc, r-devel-linux-x86_64-fedora-clang, r-devel-linux-x86_64-fedora-gcc, r-devel-osx-x86_64-clang, r-patched-linux-x86_64, r-patched-solaris-sparc, r-patched-solaris-x86, r-release-linux-x86_64, r-release-osx-x86_64-mavericks, r-release-windows-ix86+x86_64

Version: 1.1.8-8
Check: dependencies in R code
Result: NOTE
    Package in Depends field not imported from: 'boot'
     These packages need to be imported from (in the NAMESPACE file)
     for when this namespace is loaded but not attached.
    See the information on DESCRIPTION files in the chapter 'Creating R
    packages' of the 'Writing R Extensions' manual.
Flavor: r-oldrel-windows-ix86+x86_64