CRAN Package Check Results for Package gb

Last updated on 2014-04-23 16:48:36.

Flavor Version Tinstall Tcheck Ttotal Status Flags
r-devel-linux-x86_64-debian-clang 1.1.8-8 1.30 13.45 14.75 NOTE
r-devel-linux-x86_64-debian-gcc 1.1.8-8 1.45 13.54 14.99 NOTE
r-devel-linux-x86_64-fedora-clang 1.1.8-8 27.35 NOTE
r-devel-linux-x86_64-fedora-gcc 1.1.8-8 27.12 NOTE
r-devel-osx-x86_64-clang 1.1.8-8 25.77 NOTE
r-devel-osx-x86_64-gcc 1.1.8-8 NOTE
r-devel-windows-ix86+x86_64 1.1.8-8 8.00 27.00 35.00 NOTE
r-patched-linux-x86_64 1.1.8-8 1.49 13.39 14.88 NOTE
r-patched-solaris-sparc 1.1.8-8 161.60 NOTE
r-patched-solaris-x86 1.1.8-8 39.80 NOTE
r-release-linux-ix86 1.1.8-8 3.00 28.00 31.00 NOTE
r-release-linux-x86_64 1.1.8-8 1.52 13.35 14.88 NOTE
r-release-osx-x86_64-mavericks 1.1.8-8 WARN
r-release-osx-x86_64-snowleopard 1.1.8-8 OK
r-release-windows-ix86+x86_64 1.1.8-8 8.00 30.00 38.00 NOTE
r-oldrel-windows-ix86+x86_64 1.1.8-8 9.00 32.00 41.00 NOTE

Check Details

Version: 1.1.8-8
Check: dependencies in R code
Result: NOTE
    Package in Depends field not imported from: ‘boot’
     These packages need to be imported from (in the NAMESPACE file)
     for when this namespace is loaded but not attached.
    See the information on DESCRIPTION files in the chapter ‘Creating R
    packages’ of the ‘Writing R Extensions’ manual.
Flavors: r-devel-linux-x86_64-debian-clang, r-devel-linux-x86_64-debian-gcc, r-devel-linux-x86_64-fedora-clang, r-devel-linux-x86_64-fedora-gcc, r-devel-osx-x86_64-clang, r-devel-osx-x86_64-gcc, r-devel-windows-ix86+x86_64, r-patched-linux-x86_64, r-patched-solaris-sparc, r-patched-solaris-x86, r-release-linux-ix86, r-release-linux-x86_64, r-release-osx-x86_64-mavericks, r-release-windows-ix86+x86_64, r-oldrel-windows-ix86+x86_64

Version: 1.1.8-8
Check: PDF version of manual
Result: WARNING
    LaTeX errors when creating PDF version.
    This typically indicates Rd problems.
    LaTeX errors found:
    ! LaTeX Error: File `upquote.sty' not found.
    
    Type X to quit or <RETURN> to proceed,
    or enter new name. (Default extension: sty)
    
    5afb8a6/Rd2.tex:8: ==> Fatal error occurred, no output PDF file produced!
Flavor: r-release-osx-x86_64-mavericks