CRAN Package Check Results for Package gb

Last updated on 2014-08-27 09:52:45.

Flavor Version Tinstall Tcheck Ttotal Status Flags
r-devel-linux-x86_64-debian-clang 1.1.8-8 1.20 12.52 13.73 NOTE
r-devel-linux-x86_64-debian-gcc 1.1.8-8 1.46 12.56 14.02 NOTE
r-devel-linux-x86_64-fedora-clang 1.1.8-8 26.86 NOTE
r-devel-linux-x86_64-fedora-gcc 1.1.8-8 25.38 NOTE
r-devel-osx-x86_64-clang 1.1.8-8 26.31 NOTE
r-devel-windows-ix86+x86_64 1.1.8-8 9.00 29.00 38.00 NOTE
r-patched-linux-x86_64 1.1.8-8 1.51 12.71 14.22 NOTE
r-patched-solaris-sparc 1.1.8-8 179.50 NOTE
r-patched-solaris-x86 1.1.8-8 39.10 NOTE
r-release-linux-ix86 1.1.8-8 2.26 21.10 23.35 NOTE
r-release-linux-x86_64 1.1.8-8 1.53 13.16 14.69 NOTE
r-release-osx-x86_64-mavericks 1.1.8-8 NOTE
r-release-osx-x86_64-snowleopard 1.1.8-8 OK
r-release-windows-ix86+x86_64 1.1.8-8 8.00 29.00 37.00 NOTE
r-oldrel-windows-ix86+x86_64 1.1.8-8 9.00 29.00 38.00 NOTE

Check Details

Version: 1.1.8-8
Check: dependencies in R code
Result: NOTE
    Package in Depends field not imported from: ‘boot’
     These packages need to be imported from (in the NAMESPACE file)
     for when this namespace is loaded but not attached.
    See the information on DESCRIPTION files in the chapter ‘Creating R
    packages’ of the ‘Writing R Extensions’ manual.
Flavors: r-devel-linux-x86_64-debian-clang, r-devel-linux-x86_64-debian-gcc, r-devel-linux-x86_64-fedora-clang, r-devel-linux-x86_64-fedora-gcc, r-devel-osx-x86_64-clang, r-devel-windows-ix86+x86_64, r-patched-linux-x86_64, r-patched-solaris-sparc, r-patched-solaris-x86, r-release-linux-ix86, r-release-linux-x86_64, r-release-osx-x86_64-mavericks, r-release-windows-ix86+x86_64, r-oldrel-windows-ix86+x86_64

Version: 1.1.8-8
Check: R code for possible problems
Result: NOTE
    gboot: no visible global function definition for ‘boot’
Flavors: r-devel-linux-x86_64-debian-clang, r-devel-linux-x86_64-debian-gcc, r-devel-linux-x86_64-fedora-clang, r-devel-linux-x86_64-fedora-gcc, r-devel-osx-x86_64-clang, r-devel-windows-ix86+x86_64