CRAN Package Check Results for Package gb

Last updated on 2015-05-27 15:46:56.

Flavor Version Tinstall Tcheck Ttotal Status Flags
r-devel-linux-x86_64-debian-clang 1.1.8-8 1.42 12.23 13.65 NOTE
r-devel-linux-x86_64-debian-gcc 1.1.8-8 1.52 12.67 14.19 NOTE
r-devel-linux-x86_64-fedora-clang 1.1.8-8 25.84 NOTE
r-devel-linux-x86_64-fedora-gcc 1.1.8-8 25.36 NOTE
r-devel-osx-x86_64-clang 1.1.8-8 26.85 NOTE
r-devel-windows-ix86+x86_64 1.1.8-8 9.00 28.00 37.00 NOTE
r-patched-linux-x86_64 1.1.8-8 1.50 12.42 13.92 NOTE
r-patched-solaris-sparc 1.1.8-8 180.50 NOTE
r-patched-solaris-x86 1.1.8-8 37.20 NOTE
r-release-linux-x86_64 1.1.8-8 1.54 12.24 13.77 NOTE
r-release-osx-x86_64-mavericks 1.1.8-8 NOTE
r-release-osx-x86_64-snowleopard 1.1.8-8 NOTE
r-release-windows-ix86+x86_64 1.1.8-8 10.00 29.00 39.00 NOTE
r-oldrel-windows-ix86+x86_64 1.1.8-8 9.00 47.00 56.00 NOTE

Check Details

Version: 1.1.8-8
Check: dependencies in R code
Result: NOTE
    Package in Depends field not imported from: ‘boot’
     These packages need to be imported from (in the NAMESPACE file)
     for when this namespace is loaded but not attached.
Flavors: r-devel-linux-x86_64-debian-clang, r-devel-linux-x86_64-debian-gcc, r-devel-linux-x86_64-fedora-clang, r-devel-linux-x86_64-fedora-gcc, r-devel-osx-x86_64-clang, r-devel-windows-ix86+x86_64, r-patched-linux-x86_64, r-patched-solaris-sparc, r-patched-solaris-x86, r-release-linux-x86_64, r-release-osx-x86_64-mavericks, r-release-osx-x86_64-snowleopard, r-release-windows-ix86+x86_64, r-oldrel-windows-ix86+x86_64

Version: 1.1.8-8
Check: S3 generic/method consistency
Result: NOTE
    Found the following apparent S3 methods exported but not registered:
     lines.gld plot.egld plot.gld print.egld print.gld
    See section ‘Registering S3 methods’ in the ‘Writing R Extensions’
    manual.
Flavors: r-devel-linux-x86_64-debian-clang, r-devel-linux-x86_64-debian-gcc, r-devel-linux-x86_64-fedora-clang, r-devel-linux-x86_64-fedora-gcc, r-devel-osx-x86_64-clang, r-patched-linux-x86_64, r-patched-solaris-sparc, r-patched-solaris-x86, r-release-linux-x86_64

Version: 1.1.8-8
Check: R code for possible problems
Result: NOTE
    gboot: no visible global function definition for ‘boot’
Flavors: r-devel-linux-x86_64-debian-clang, r-devel-linux-x86_64-debian-gcc, r-devel-linux-x86_64-fedora-clang, r-devel-linux-x86_64-fedora-gcc, r-devel-osx-x86_64-clang, r-devel-windows-ix86+x86_64, r-patched-linux-x86_64, r-patched-solaris-sparc, r-patched-solaris-x86, r-release-linux-x86_64, r-release-osx-x86_64-mavericks, r-release-osx-x86_64-snowleopard, r-release-windows-ix86+x86_64, r-oldrel-windows-ix86+x86_64