CRAN Package Check Results for Package compeir

Last updated on 2014-07-21 08:49:57.

Flavor Version Tinstall Tcheck Ttotal Status Flags
r-devel-linux-x86_64-debian-clang 1.0 0.85 15.45 16.30 OK
r-devel-linux-x86_64-debian-gcc 1.0 0.85 15.28 16.13 OK
r-devel-linux-x86_64-fedora-clang 1.0 34.72 NOTE
r-devel-linux-x86_64-fedora-gcc 1.0 32.98 NOTE
r-devel-osx-x86_64-clang 1.0 33.08 OK
r-devel-windows-ix86+x86_64 1.0 4.00 28.00 32.00 OK
r-patched-linux-x86_64 1.0 0.86 15.58 16.44 OK
r-patched-solaris-sparc 1.0 193.20 OK
r-patched-solaris-x86 1.0 44.00 OK
r-release-linux-ix86 1.0 1.34 22.71 24.05 OK
r-release-linux-x86_64 1.0 0.90 15.85 16.75 OK
r-release-osx-x86_64-mavericks 1.0 OK
r-release-windows-ix86+x86_64 1.0 4.00 28.00 32.00 OK
r-oldrel-windows-ix86+x86_64 1.0 4.00 29.00 33.00 OK

Check Details

Version: 1.0
Check: Rd line widths
Result: NOTE
    Rd file 'CIFplot.Rd':
     \usage lines wider than 90 characters:
     CIFplot(x, event.code = NULL, covar.code = NULL, indiv.times = NULL, indiv.events = NULL, indiv.covar = NULL,
    
    Rd file 'irates.Rd':
     \usage lines wider than 90 characters:
     irates(data, time.code = NULL, no.event.code = NULL, no.event.lab = NULL, event.lab = NULL, covar.lab = NULL,
    
    Rd file 'plot.irates.Rd':
     \usage lines wider than 90 characters:
     plot(x, covar.code = NULL, full.sample = FALSE, n.row = 1, viewport.size = list(w = 3.5, h = 2.5),
     box.size = list(w = NULL, h = NULL), dist = 0.5, irates.vbw = NULL, arrow.maxlwd = 10, display.digits = 2, cex = 0.9, show.values = TRU ... [TRUNCATED]
    
    Rd file 'print.iprop.Rd':
     \usage lines wider than 90 characters:
     print(x, event.code = NULL, covar.code = NULL, full.sample = FALSE, display.digits = 4, ...)
    
    Rd file 'print.irates.Rd':
     \usage lines wider than 90 characters:
     print(x, event.code = NULL, covar.code = NULL, full.sample = FALSE, display.digits = 4, ...)
    
    These lines will be truncated in the PDF manual.
Flavors: r-devel-linux-x86_64-fedora-clang, r-devel-linux-x86_64-fedora-gcc