CRAN Package Check Results for Package coda

Last updated on 2015-03-03 14:47:19.

Flavor Version Tinstall Tcheck Ttotal Status Flags
r-devel-linux-x86_64-debian-clang 0.16-1 1.50 17.60 19.09 NOTE
r-devel-linux-x86_64-debian-gcc 0.16-1 1.04 17.20 18.24 NOTE
r-devel-linux-x86_64-fedora-clang 0.16-1 35.92 NOTE
r-devel-linux-x86_64-fedora-gcc 0.16-1 33.48 NOTE
r-devel-osx-x86_64-clang 0.16-1 36.98 NOTE
r-devel-windows-ix86+x86_64 0.16-1 11.00 36.00 47.00 NOTE
r-patched-linux-x86_64 0.16-1 1.16 19.93 21.09 NOTE
r-patched-solaris-sparc 0.16-1 254.70 NOTE
r-patched-solaris-x86 0.16-1 50.30 NOTE
r-release-linux-ix86 0.16-1 1.45 26.26 27.70 NOTE
r-release-linux-x86_64 0.16-1 1.08 19.45 20.53 NOTE
r-release-osx-x86_64-mavericks 0.16-1 NOTE
r-release-windows-ix86+x86_64 0.16-1 5.00 32.00 37.00 NOTE
r-oldrel-windows-ix86+x86_64 0.16-1 4.00 28.00 32.00 OK

Check Details

Version: 0.16-1
Check: top-level files
Result: NOTE
    Non-standard files/directories found at top level:
     ‘AUTHORS’ ‘misc’
    Authors information should be in file inst/AUTHORS
Flavors: r-devel-linux-x86_64-debian-clang, r-devel-linux-x86_64-debian-gcc, r-devel-linux-x86_64-fedora-clang, r-devel-linux-x86_64-fedora-gcc, r-patched-linux-x86_64, r-release-linux-ix86, r-release-linux-x86_64

Version: 0.16-1
Check: S3 generic/method consistency
Result: NOTE
    Found the following apparent S3 methods exported but not registered:
     as.array.mcmc.list
    See section ‘Registering S3 methods’ in the ‘Writing R Extensions’
    manual.
Flavors: r-devel-linux-x86_64-debian-clang, r-devel-linux-x86_64-debian-gcc, r-devel-linux-x86_64-fedora-clang, r-devel-linux-x86_64-fedora-gcc, r-devel-osx-x86_64-clang

Version: 0.16-1
Check: R code for possible problems
Result: NOTE
    levelplot.mcmc: no visible global function definition for ‘do.breaks’
    panel.acfplot: no visible global function definition for
     ‘trellis.par.get’
    panel.acfplot: no visible global function definition for ‘panel.abline’
    panel.acfplot: no visible global function definition for ‘panel.xyplot’
    panel.acfplot: no visible global function definition for
     ‘panel.superpose’
    qqmath.mcmc: no visible binding for global variable
     ‘prepanel.qqmathline’
    qqmath.mcmc.list: no visible binding for global variable
     ‘prepanel.qqmathline’
    splom.mcmc: no visible global function definition for ‘do.breaks’
    splom.mcmc: no visible global function definition for ‘splom’
    
    Found the following assignments to the global environment:
    File ‘coda/R/codamenu.R’:
     assign(fname, data, pos = 1)
    File ‘coda/R/util.R’:
     assign(".Coda.Options", copt, pos = 1)
Flavors: r-devel-linux-x86_64-debian-clang, r-devel-linux-x86_64-debian-gcc, r-devel-linux-x86_64-fedora-clang, r-devel-osx-x86_64-clang, r-patched-linux-x86_64, r-release-linux-ix86, r-release-linux-x86_64

Version: 0.16-1
Check: R code for possible problems
Result: NOTE
    levelplot.mcmc: no visible global function definition for ‘do.breaks’
    panel.acfplot: no visible global function definition for
     ‘trellis.par.get’
    panel.acfplot: no visible global function definition for ‘panel.abline’
    panel.acfplot: no visible global function definition for ‘panel.xyplot’
    panel.acfplot: no visible global function definition for
     ‘panel.superpose’
    qqmath.mcmc: no visible binding for global variable
     ‘prepanel.qqmathline’
    qqmath.mcmc.list: no visible binding for global variable
     ‘prepanel.qqmathline’
    splom.mcmc: no visible global function definition for ‘do.breaks’
    splom.mcmc: no visible global function definition for ‘splom’
Flavors: r-devel-linux-x86_64-fedora-gcc, r-devel-windows-ix86+x86_64, r-patched-solaris-sparc, r-patched-solaris-x86, r-release-osx-x86_64-mavericks, r-release-windows-ix86+x86_64