CRAN Package Check Results for Package coda

Last updated on 2014-04-23 16:48:33.

Flavor Version Tinstall Tcheck Ttotal Status Flags
r-devel-linux-x86_64-debian-clang 0.16-1 1.30 19.53 20.83 NOTE
r-devel-linux-x86_64-debian-gcc 0.16-1 1.17 19.20 20.37 NOTE
r-devel-linux-x86_64-fedora-clang 0.16-1 38.83 NOTE
r-devel-linux-x86_64-fedora-gcc 0.16-1 37.25 NOTE
r-devel-osx-x86_64-clang 0.16-1 34.26 NOTE
r-devel-osx-x86_64-gcc 0.16-1 OK
r-devel-windows-ix86+x86_64 0.16-1 3.00 29.00 32.00 OK
r-patched-linux-x86_64 0.16-1 1.18 19.29 20.47 NOTE
r-patched-solaris-sparc 0.16-1 220.60 OK
r-patched-solaris-x86 0.16-1 50.90 OK
r-release-linux-ix86 0.16-1 2.00 35.00 37.00 NOTE
r-release-linux-x86_64 0.16-1 1.26 19.17 20.44 NOTE
r-release-osx-x86_64-mavericks 0.16-1 WARN
r-release-windows-ix86+x86_64 0.16-1 4.00 31.00 35.00 OK
r-oldrel-windows-ix86+x86_64 0.16-1 3.00 30.00 33.00 OK

Check Details

Version: 0.16-1
Check: R code for possible problems
Result: NOTE
    Found the following assignments to the global environment:
    File ‘coda/R/codamenu.R’:
     assign(fname, data, pos = 1)
    File ‘coda/R/util.R’:
     assign(".Coda.Options", copt, pos = 1)
Flavors: r-devel-linux-x86_64-debian-clang, r-devel-linux-x86_64-debian-gcc, r-devel-linux-x86_64-fedora-clang, r-devel-osx-x86_64-clang, r-patched-linux-x86_64, r-release-linux-ix86, r-release-linux-x86_64

Version: 0.16-1
Check: top-level files
Result: NOTE
    Non-standard files/directories found at top level:
     ‘AUTHORS’ ‘misc’
    Authors information should be in file inst/AUTHORS
Flavors: r-devel-linux-x86_64-fedora-clang, r-devel-linux-x86_64-fedora-gcc

Version: 0.16-1
Check: PDF version of manual
Result: WARNING
    LaTeX errors when creating PDF version.
    This typically indicates Rd problems.
    LaTeX errors found:
    ! LaTeX Error: File `upquote.sty' not found.
    
    Type X to quit or <RETURN> to proceed,
    or enter new name. (Default extension: sty)
    
    3b8fe9/Rd2.tex:8: ==> Fatal error occurred, no output PDF file produced!
Flavor: r-release-osx-x86_64-mavericks