CRAN Package Check Results for Package VGAM

Last updated on 2014-10-25 23:46:57.

Flavor Version Tinstall Tcheck Ttotal Status Flags
r-devel-linux-x86_64-debian-clang 0.9-4 19.06 198.90 217.95 NOTE
r-devel-linux-x86_64-debian-gcc 0.9-4 20.17 202.77 222.94 NOTE
r-devel-linux-x86_64-fedora-clang 0.9-4 226.47 NOTE
r-devel-linux-x86_64-fedora-gcc 0.9-4 425.67 NOTE
r-devel-osx-x86_64-clang 0.9-4 365.36 NOTE
r-devel-windows-ix86+x86_64 0.9-4 60.00 320.00 380.00 NOTE
r-patched-linux-x86_64 0.9-4 20.74 207.89 228.62 NOTE
r-patched-solaris-sparc 0.9-4 2630.90 NOTE --no-vignettes
r-patched-solaris-x86 0.9-4 526.70 NOTE
r-release-linux-ix86 0.9-4 26.92 243.88 270.80 OK
r-release-linux-x86_64 0.9-4 21.91 209.52 231.43 OK
r-release-osx-x86_64-mavericks 0.9-4 OK
r-release-osx-x86_64-snowleopard 0.9-4 OK
r-release-windows-ix86+x86_64 0.9-4 61.00 360.00 421.00 OK
r-oldrel-windows-ix86+x86_64 0.9-4 85.00 374.00 459.00 OK

Memtest notes: valgrind

Check Details

Version: 0.9-4
Check: installed package size
Result: NOTE
     installed size is 5.1Mb
     sub-directories of 1Mb or more:
     R 1.2Mb
     help 2.3Mb
     libs 1.2Mb
Flavor: r-devel-linux-x86_64-debian-clang

Version: 0.9-4
Check: dependencies in R code
Result: NOTE
    Package in Depends field not imported from: ‘splines’
     These packages need to be imported from (in the NAMESPACE file)
     for when this namespace is loaded but not attached.
    See the information on DESCRIPTION files in the chapter ‘Creating R
    packages’ of the ‘Writing R Extensions’ manual.
Flavors: r-devel-linux-x86_64-debian-clang, r-devel-linux-x86_64-debian-gcc, r-devel-linux-x86_64-fedora-clang, r-devel-linux-x86_64-fedora-gcc, r-devel-osx-x86_64-clang, r-devel-windows-ix86+x86_64, r-patched-linux-x86_64, r-patched-solaris-x86

Version: 0.9-4
Check: R code for possible problems
Result: NOTE
    sm.bs: no visible global function definition for ‘spline.des’
    sm.ns: no visible global function definition for ‘spline.des’
Flavors: r-devel-linux-x86_64-debian-clang, r-devel-linux-x86_64-debian-gcc, r-devel-linux-x86_64-fedora-clang, r-devel-linux-x86_64-fedora-gcc, r-devel-osx-x86_64-clang, r-devel-windows-ix86+x86_64, r-patched-linux-x86_64, r-patched-solaris-x86

Version: 0.9-4
Flags: --no-vignettes
Check: dependencies in R code
Result: NOTE
    Package in Depends field not imported from: ‘splines’
     These packages need to be imported from (in the NAMESPACE file)
     for when this namespace is loaded but not attached.
    See the information on DESCRIPTION files in the chapter ‘Creating R
    packages’ of the ‘Writing R Extensions’ manual.
Flavor: r-patched-solaris-sparc

Version: 0.9-4
Flags: --no-vignettes
Check: R code for possible problems
Result: NOTE
    sm.bs: no visible global function definition for ‘spline.des’
    sm.ns: no visible global function definition for ‘spline.des’
Flavor: r-patched-solaris-sparc