CRAN Package Check Results for Package VGAM

Last updated on 2017-02-20 16:47:46.

Flavor Version Tinstall Tcheck Ttotal Status Flags
r-devel-linux-x86_64-debian-clang 1.0-3 22.16 292.78 314.94 NOTE
r-devel-linux-x86_64-debian-gcc 1.0-3 22.57 292.01 314.58 NOTE
r-devel-linux-x86_64-fedora-clang 1.0-3 598.19 NOTE --no-stop-on-test-error
r-devel-linux-x86_64-fedora-gcc 1.0-3 573.05 NOTE --no-stop-on-test-error
r-devel-macos-x86_64-clang 1.0-3 463.27 NOTE --no-stop-on-test-error
r-devel-windows-ix86+x86_64 1.0-3 88.00 697.00 785.00 NOTE
r-patched-linux-x86_64 1.0-3 21.70 274.90 296.60 OK
r-patched-solaris-sparc 1.0-3 2942.40 NOTE --no-vignettes
r-patched-solaris-x86 1.0-3 582.60 NOTE
r-release-linux-x86_64 1.0-3 21.28 270.64 291.93 OK
r-release-osx-x86_64-mavericks 1.0-3 NOTE
r-release-windows-ix86+x86_64 1.0-3 72.00 474.00 546.00 NOTE
r-oldrel-windows-ix86+x86_64 1.0-3 76.00 689.00 765.00 NOTE

Check Details

Version: 1.0-3
Check: compiled code
Result: NOTE
    File ‘VGAM/libs/VGAM.so’:
     Found no calls to: ‘R_registerRoutines’, ‘R_useDynamicSymbols’
    
    It is good practice to register native routines and to disable symbol
    search.
    
    See ‘Writing portable packages’ in the ‘Writing R Extensions’ manual.
Flavors: r-devel-linux-x86_64-debian-clang, r-devel-linux-x86_64-debian-gcc

Version: 1.0-3
Flags: --no-stop-on-test-error
Check: installed package size
Result: NOTE
     installed size is 6.6Mb
     sub-directories of 1Mb or more:
     R 1.5Mb
     doc 1.2Mb
     help 2.6Mb
Flavors: r-devel-linux-x86_64-fedora-clang, r-devel-linux-x86_64-fedora-gcc, r-devel-macos-x86_64-clang

Version: 1.0-3
Flags: --no-stop-on-test-error
Check: compiled code
Result: NOTE
    File ‘VGAM/libs/VGAM.so’:
     Found no calls to: ‘R_registerRoutines’, ‘R_useDynamicSymbols’
    
    It is good practice to register native routines and to disable symbol
    search.
    
    See ‘Writing portable packages’ in the ‘Writing R Extensions’ manual.
Flavors: r-devel-linux-x86_64-fedora-clang, r-devel-linux-x86_64-fedora-gcc, r-devel-macos-x86_64-clang

Version: 1.0-3
Check: installed package size
Result: NOTE
     installed size is 7.1Mb
     sub-directories of 1Mb or more:
     R 1.5Mb
     doc 1.2Mb
     help 2.6Mb
     libs 1.2Mb
Flavors: r-devel-windows-ix86+x86_64, r-patched-solaris-x86, r-release-osx-x86_64-mavericks, r-release-windows-ix86+x86_64, r-oldrel-windows-ix86+x86_64

Version: 1.0-3
Flags: --no-vignettes
Check: installed package size
Result: NOTE
     installed size is 6.6Mb
     sub-directories of 1Mb or more:
     R 1.7Mb
     doc 1.3Mb
     help 2.7Mb
Flavor: r-patched-solaris-sparc

Version: 1.0-3
Check: re-building of vignette outputs
Result: NOTE
    Error in re-building vignettes:
     ...
     input string 373 is invalid in this locale
    Error in texi2dvi(file = file, pdf = TRUE, clean = clean, quiet = quiet, :
     Running 'texi2dvi' on 'categoricalVGAM.tex' failed.
    LaTeX errors:
    ! LaTeX Error: Missing \begin{document}.
    
    See the LaTeX manual or LaTeX Companion for explanation.
    Type H <return> for immediate help.
     ...
    ! Missing $ inserted.
    <inserted text>
     $
    l.24 ...<d5>j<95><9f>e<db>v<a9>T^^Z^^]^^]<c5><ef><b9>^^P<81>=ʳ]H<e9><a2>^^^<d2>_<a6><89>`L^
     <8e>B<d4>b^^X^^@^^NII<0b><0b>^^Fv2<f2>"3r...
    ! Please use \mathaccent for accents in math mode.
    \add@accent ...@spacefactor \spacefactor }\accent
     #1 #2\egroup \spacefactor ...
    l.30 ...<93><ee><d0><c2><9b>Nx^^?^^^<f3>Y|<c0>cE1<ca><fb>J9<a0>C<98><ae>ŧ`<c8><e3>"<91>^^H<ca>\t<e2>
     <e7><bc>;<e8><dd>z<bd>>??<8f>^^O^^B<89>^^H^^Xv<fc>...
    ! Missing { inserted.
    <to be read again>
     \edef
    l.30 ...<93><ee><d0><c2><9b>Nx^^?^^^<f3>Y|<c0>cE1<ca>
    Calls: buildVignettes -> texi2pdf -> texi2dvi
    Execution halted
Flavor: r-release-osx-x86_64-mavericks