CRAN Package Check Results for Package VGAM

Last updated on 2015-02-28 12:51:31.

Flavor Version Tinstall Tcheck Ttotal Status Flags
r-devel-linux-x86_64-debian-clang 0.9-6 18.94 219.26 238.20 NOTE
r-devel-linux-x86_64-debian-gcc 0.9-6 20.18 212.84 233.02 NOTE
r-devel-linux-x86_64-fedora-clang 0.9-6 462.35 NOTE
r-devel-linux-x86_64-fedora-gcc 0.9-6 394.22 NOTE
r-devel-osx-x86_64-clang 0.9-6 403.80 NOTE
r-devel-windows-ix86+x86_64 0.9-6 82.00 333.00 415.00 NOTE
r-patched-linux-x86_64 0.9-6 23.18 243.43 266.61 NOTE
r-patched-solaris-sparc 0.9-6 2696.70 NOTE --no-vignettes
r-patched-solaris-x86 0.9-6 593.40 NOTE
r-release-linux-ix86 0.9-6 34.49 267.26 301.74 NOTE
r-release-linux-x86_64 0.9-6 21.59 233.88 255.47 NOTE
r-release-osx-x86_64-mavericks 0.9-6 NOTE
r-release-osx-x86_64-snowleopard 0.9-6 NOTE
r-release-windows-ix86+x86_64 0.9-6 68.00 367.00 435.00 NOTE
r-oldrel-windows-ix86+x86_64 0.9-6 67.00 418.00 485.00 NOTE

Check Details

Version: 0.9-6
Check: installed package size
Result: NOTE
     installed size is 6.0Mb
     sub-directories of 1Mb or more:
     R 1.2Mb
     help 2.3Mb
     libs 1.2Mb
Flavors: r-devel-linux-x86_64-debian-clang, r-devel-linux-x86_64-debian-gcc, r-devel-linux-x86_64-fedora-clang, r-devel-linux-x86_64-fedora-gcc, r-devel-osx-x86_64-clang, r-devel-windows-ix86+x86_64, r-patched-linux-x86_64, r-patched-solaris-x86, r-release-linux-ix86, r-release-linux-x86_64, r-release-osx-x86_64-mavericks, r-release-osx-x86_64-snowleopard, r-release-windows-ix86+x86_64, r-oldrel-windows-ix86+x86_64

Version: 0.9-6
Check: S3 generic/method consistency
Result: NOTE
    Found the following apparent S3 methods exported but not registered:
     anova.vgam anova.vglm as.character.SurvS4 biplot.qrrvglm
     biplot.rrvglm deviance.qrrvglm deviance.vlm family.name
     family.name.vglmff family.name.vlm logLik.qrrvglm logLik.vlm
     model.matrix.qrrvglm nobs.vlm persp.rrvgam plot.rrvgam plot.vgam
     predict.rrvgam predict.rrvglm predict.vgam predict.vlm simulate.vlm
     sm.scale.default summary.grc summary.qrrvglm summary.rrvgam
     summary.rrvglm terms.vlm
    See section ‘Registering S3 methods’ in the ‘Writing R Extensions’
    manual.
Flavors: r-devel-linux-x86_64-debian-clang, r-devel-linux-x86_64-debian-gcc, r-devel-linux-x86_64-fedora-clang, r-devel-linux-x86_64-fedora-gcc, r-devel-osx-x86_64-clang

Version: 0.9-6
Flags: --no-vignettes
Check: installed package size
Result: NOTE
     installed size is 5.5Mb
     sub-directories of 1Mb or more:
     R 1.4Mb
     help 2.3Mb
Flavor: r-patched-solaris-sparc

Version: 0.9-6
Check: re-building of vignette outputs
Result: NOTE
    Error in re-building vignettes:
     ...
     response should be nominal, not ordinal
    Warning in eval(expr, envir, enclos) :
     response should be nominal, not ordinal
    Error in texi2dvi(file = file, pdf = TRUE, clean = clean, quiet = quiet, :
     Running 'texi2dvi' on 'categoricalVGAM.tex' failed.
    LaTeX errors:
    ! LaTeX Error: Missing \begin{document}.
    
    See the LaTeX manual or LaTeX Companion for explanation.
    Type H <return> for immediate help.
     ...
    ! Missing $ inserted.
    <inserted text>
     $
    l.16 <b3><8c><d4>^^[f^^Y<a9>7<cc>2Ro<98>e<a4><de>0<cb><df>^
     <bd>L&#<a5><94>R<e2><d4>4M<9c>޺u<8b><88><f2><f9><bc>i<9a>D<e4>m<c3>^^G|<0b>^^_^^_<d5>F)<c5>ץ<94><dc><e7><a1>...
    ! Extra }, or forgotten $.
    l.16 ...)<c5>ץ<94><dc>硍<f9><94><ef>:J<c6>z<aa><a7>뺮<eb><99>Lfuu<f5><e3><8f>?<96>R...<9a><a6>y<ff><fe>}
     <d3>4<f3><f9><bc>a^^X<86>aH)<ef>޽<8b><96>R<ca><d7>^{<ed><a7><9f>...
    I've deleted a group-closing symbol because it seems to be
    spurious, as in `$x}$'. But perhaps the } is legitimate and
    ! Undefined control sequence.
    l.16 ...<ca><ef><bf><ff><fe><83>^^O><c8><e7><f3>?<fc><f0>Ç^^_~x<dc><e8>^^O<ce>M<be><
    Calls: buildVignettes -> texi2pdf -> texi2dvi
    Execution halted
Flavor: r-release-osx-x86_64-mavericks