CRAN Package Check Results for Package VGAM

Last updated on 2014-11-28 19:51:33.

Flavor Version Tinstall Tcheck Ttotal Status Flags
r-devel-linux-x86_64-debian-clang 0.9-5 18.92 220.85 239.77 NOTE
r-devel-linux-x86_64-debian-gcc 0.9-5 20.29 218.48 238.78 NOTE
r-devel-linux-x86_64-fedora-clang 0.9-5 496.52 NOTE
r-devel-linux-x86_64-fedora-gcc 0.9-5 504.06 NOTE
r-devel-osx-x86_64-clang 0.9-5 400.04 NOTE
r-devel-windows-ix86+x86_64 0.9-5 60.00 321.00 381.00 NOTE
r-patched-linux-x86_64 0.9-5 20.85 229.98 250.83 NOTE
r-patched-solaris-sparc 0.9-5 2511.10 NOTE --no-vignettes
r-patched-solaris-x86 0.9-5 570.80 NOTE
r-release-linux-ix86 0.9-5 25.85 257.75 283.60 NOTE
r-release-linux-x86_64 0.9-5 21.77 228.82 250.58 NOTE
r-release-osx-x86_64-mavericks 0.9-5 NOTE
r-release-osx-x86_64-snowleopard 0.9-5 NOTE
r-release-windows-ix86+x86_64 0.9-5 61.00 371.00 432.00 NOTE
r-oldrel-windows-ix86+x86_64 0.9-5 59.00 421.00 480.00 NOTE

Memtest notes: valgrind

Check Details

Version: 0.9-5
Check: installed package size
Result: NOTE
     installed size is 6.0Mb
     sub-directories of 1Mb or more:
     R 1.2Mb
     help 2.3Mb
     libs 1.2Mb
Flavors: r-devel-linux-x86_64-debian-clang, r-devel-linux-x86_64-debian-gcc, r-devel-linux-x86_64-fedora-clang, r-devel-linux-x86_64-fedora-gcc, r-devel-osx-x86_64-clang, r-devel-windows-ix86+x86_64, r-patched-linux-x86_64, r-patched-solaris-x86, r-release-linux-ix86, r-release-linux-x86_64, r-release-osx-x86_64-mavericks, r-release-osx-x86_64-snowleopard, r-release-windows-ix86+x86_64, r-oldrel-windows-ix86+x86_64

Version: 0.9-5
Flags: --no-vignettes
Check: installed package size
Result: NOTE
     installed size is 5.5Mb
     sub-directories of 1Mb or more:
     R 1.4Mb
     help 2.3Mb
Flavor: r-patched-solaris-sparc