CRAN Package Check Results for Package VGAM

Last updated on 2014-04-24 08:50:11.

Flavor Version Tinstall Tcheck Ttotal Status Flags
r-devel-linux-x86_64-debian-clang 0.9-3 19.04 226.93 245.97 NOTE
r-devel-linux-x86_64-debian-gcc 0.9-3 20.99 225.54 246.53 NOTE
r-devel-linux-x86_64-fedora-clang 0.9-3 523.56 NOTE
r-devel-linux-x86_64-fedora-gcc 0.9-3 502.12 NOTE
r-devel-osx-x86_64-clang 0.9-3 353.70 OK
r-devel-osx-x86_64-gcc 0.9-3 NOTE
r-devel-windows-ix86+x86_64 0.9-3 58.00 345.00 403.00 NOTE
r-patched-linux-x86_64 0.9-3 20.87 234.78 255.64 NOTE
r-patched-solaris-sparc 0.9-3 2552.50 NOTE --no-vignettes
r-patched-solaris-x86 0.9-3 560.30 NOTE
r-release-linux-ix86 0.9-3 32.00 323.00 355.00 NOTE
r-release-linux-x86_64 0.9-3 20.99 230.12 251.12 NOTE
r-release-osx-x86_64-mavericks 0.9-3 WARN
r-release-osx-x86_64-snowleopard 0.9-3 NOTE
r-release-windows-ix86+x86_64 0.9-3 58.00 342.00 400.00 NOTE
r-oldrel-windows-ix86+x86_64 0.9-3 63.00 396.00 459.00 NOTE

Memtest notes: valgrind valgrind

Check Details

Version: 0.9-3
Check: installed package size
Result: NOTE
     installed size is 5.7Mb
     sub-directories of 1Mb or more:
     R 1.2Mb
     help 2.2Mb
     libs 1.1Mb
Flavors: r-devel-linux-x86_64-debian-clang, r-devel-linux-x86_64-debian-gcc, r-devel-linux-x86_64-fedora-clang, r-devel-linux-x86_64-fedora-gcc, r-devel-osx-x86_64-gcc, r-devel-windows-ix86+x86_64, r-patched-linux-x86_64, r-patched-solaris-x86, r-release-linux-ix86, r-release-linux-x86_64, r-release-osx-x86_64-mavericks, r-release-osx-x86_64-snowleopard, r-release-windows-ix86+x86_64, r-oldrel-windows-ix86+x86_64

Version: 0.9-3
Check: Rd cross-references
Result: NOTE
    Package unavailable to check Rd xrefs: ‘lmtest’
Flavors: r-devel-osx-x86_64-gcc, r-release-osx-x86_64-mavericks

Version: 0.9-3
Flags: --no-vignettes
Check: installed package size
Result: NOTE
     installed size is 5.3Mb
     sub-directories of 1Mb or more:
     R 1.4Mb
     help 2.3Mb
Flavor: r-patched-solaris-sparc

Version: 0.9-3
Check: PDF version of manual
Result: WARNING
    LaTeX errors when creating PDF version.
    This typically indicates Rd problems.
    LaTeX errors found:
    ! LaTeX Error: File `upquote.sty' not found.
    
    Type X to quit or <RETURN> to proceed,
    or enter new name. (Default extension: sty)
    
    6f575b/Rd2.tex:8: ==> Fatal error occurred, no output PDF file produced!
Flavor: r-release-osx-x86_64-mavericks

Version: 0.9-3
Check: re-building of vignette outputs
Result: NOTE
    Error in re-building vignettes:
     ...
    
    The following objects are masked from 'package:splines':
    
     bs, ns
    
    The following objects are masked from 'package:stats':
    
     case.names, coef, coefficients, df.residual, dfbeta, fitted,
     fitted.values, formula, hatvalues, poly, residuals, variable.names,
     weights
    
    The following objects are masked from 'package:base':
    
     identity, scale.default
    
    Warning in eval(expr, envir, enclos) :
     iterations terminated because half-step sizes are very small
    Error in texi2dvi(file = file, pdf = TRUE, clean = clean, quiet = quiet, :
     Running 'texi2dvi' on 'categoricalVGAM.tex' failed.
    Messages:
    sh: gs: command not found
    !!! Error: Closing Ghostscript (exit status: 127)!
    /usr/bin/texi2dvi: thumbpdf exited with bad status, quitting.
    Calls: buildVignettes -> texi2pdf -> texi2dvi
    Execution halted
Flavor: r-release-osx-x86_64-snowleopard