CRAN Package Check Results for Package VGAM

Last updated on 2014-12-19 23:47:10.

Flavor Version Tinstall Tcheck Ttotal Status Flags
r-devel-linux-x86_64-debian-clang 0.9-6 19.44 223.06 242.51 NOTE
r-devel-linux-x86_64-debian-gcc 0.9-6 20.64 214.94 235.58 NOTE
r-devel-linux-x86_64-fedora-clang 0.9-6 501.20 NOTE
r-devel-linux-x86_64-fedora-gcc 0.9-6 466.84 NOTE
r-devel-osx-x86_64-clang 0.9-6 422.29 NOTE
r-devel-windows-ix86+x86_64 0.9-6 71.00 333.00 404.00 NOTE
r-patched-linux-x86_64 0.9-6 22.05 241.15 263.20 NOTE
r-patched-solaris-sparc 0.9-6 2506.10 NOTE --no-vignettes
r-patched-solaris-x86 0.9-6 586.60 NOTE
r-release-linux-ix86 0.9-6 25.93 258.03 283.96 NOTE
r-release-linux-x86_64 0.9-6 21.59 241.13 262.72 NOTE
r-release-osx-x86_64-mavericks 0.9-6 NOTE
r-release-osx-x86_64-snowleopard 0.9-6 NOTE
r-release-windows-ix86+x86_64 0.9-6 68.00 354.00 422.00 NOTE
r-oldrel-windows-ix86+x86_64 0.9-6 72.00 406.00 478.00 NOTE

Check Details

Version: 0.9-6
Check: installed package size
Result: NOTE
     installed size is 6.0Mb
     sub-directories of 1Mb or more:
     R 1.2Mb
     help 2.3Mb
     libs 1.2Mb
Flavors: r-devel-linux-x86_64-debian-clang, r-devel-linux-x86_64-debian-gcc, r-devel-linux-x86_64-fedora-clang, r-devel-linux-x86_64-fedora-gcc, r-devel-osx-x86_64-clang, r-devel-windows-ix86+x86_64, r-patched-linux-x86_64, r-patched-solaris-x86, r-release-linux-ix86, r-release-linux-x86_64, r-release-osx-x86_64-mavericks, r-release-osx-x86_64-snowleopard, r-release-windows-ix86+x86_64, r-oldrel-windows-ix86+x86_64

Version: 0.9-6
Flags: --no-vignettes
Check: installed package size
Result: NOTE
     installed size is 5.5Mb
     sub-directories of 1Mb or more:
     R 1.4Mb
     help 2.3Mb
Flavor: r-patched-solaris-sparc