CRAN Package Check Results for Package VGAM

Last updated on 2017-10-17 00:52:07.

Flavor Version Tinstall Tcheck Ttotal Status Flags
r-devel-linux-x86_64-debian-clang 1.0-4 21.24 271.76 293.00 OK
r-devel-linux-x86_64-debian-gcc 1.0-4 23.47 266.77 290.24 OK
r-devel-linux-x86_64-fedora-clang 1.0-4 541.76 NOTE
r-devel-linux-x86_64-fedora-gcc 1.0-4 547.13 NOTE
r-devel-windows-ix86+x86_64 1.0-4 120.00 491.00 611.00 NOTE
r-patched-linux-x86_64 1.0-4 20.66 270.91 291.57 OK
r-patched-solaris-x86 1.0-4 604.00 NOTE
r-release-linux-x86_64 1.0-4 21.59 264.97 286.57 OK
r-release-windows-ix86+x86_64 1.0-4 95.00 456.00 551.00 NOTE
r-release-osx-x86_64 1.0-4 NOTE
r-oldrel-windows-ix86+x86_64 1.0-3 76.00 510.00 586.00 NOTE
r-oldrel-osx-x86_64 1.0-4 ERROR

Check Details

Version: 1.0-4
Check: installed package size
Result: NOTE
     installed size is 5.5Mb
     sub-directories of 1Mb or more:
     R 1.5Mb
     help 2.6Mb
Flavors: r-devel-linux-x86_64-fedora-clang, r-devel-linux-x86_64-fedora-gcc, r-devel-windows-ix86+x86_64, r-patched-solaris-x86, r-release-windows-ix86+x86_64, r-release-osx-x86_64

Version: 1.0-3
Check: installed package size
Result: NOTE
     installed size is 6.3Mb
     sub-directories of 1Mb or more:
     R 1.5Mb
     doc 1.2Mb
     help 2.6Mb
Flavor: r-oldrel-windows-ix86+x86_64

Version: 1.0-4
Check: whether package can be installed
Result: ERROR
    Installation failed.
Flavor: r-oldrel-osx-x86_64