CRAN Package Check Results for Package R2HTML

Last updated on 2015-01-28 09:54:02.

Flavor Version Tinstall Tcheck Ttotal Status Flags
r-devel-linux-x86_64-debian-clang 2.3.1 1.03 19.95 20.98 NOTE
r-devel-linux-x86_64-debian-gcc 2.3.1 0.88 19.70 20.58 NOTE
r-devel-linux-x86_64-fedora-clang 2.3.1 42.31 NOTE
r-devel-linux-x86_64-fedora-gcc 2.3.1 39.35 NOTE
r-devel-osx-x86_64-clang 2.3.1 40.44 NOTE
r-devel-windows-ix86+x86_64 2.3.1 6.00 28.00 34.00 OK
r-patched-linux-x86_64 2.3.1 1.05 20.57 21.62 OK
r-patched-solaris-sparc 2.3.1 243.40 OK
r-patched-solaris-x86 2.3.1 50.00 OK
r-release-linux-ix86 2.3.1 1.36 26.52 27.88 OK
r-release-linux-x86_64 2.3.1 0.95 20.42 21.37 OK
r-release-osx-x86_64-mavericks 2.3.1 OK
r-release-osx-x86_64-snowleopard 2.3.1 OK
r-release-windows-ix86+x86_64 2.3.1 5.00 34.00 39.00 OK
r-oldrel-windows-ix86+x86_64 2.3.1 4.00 33.00 37.00 OK

Check Details

Version: 2.3.1
Check: S3 generic/method consistency
Result: NOTE
    Found the following apparent S3 methods exported but not registered:
     HTML.cormat HTML.title
    See section ‘Registering S3 methods’ in the ‘Writing R Extensions’
    manual.
Flavors: r-devel-linux-x86_64-debian-clang, r-devel-linux-x86_64-debian-gcc, r-devel-linux-x86_64-fedora-clang, r-devel-linux-x86_64-fedora-gcc, r-devel-osx-x86_64-clang