CRAN Package Check Results for Package R2HTML

Last updated on 2014-04-20 08:49:07.

Flavor Version Tinstall Tcheck Ttotal Status Flags
r-devel-linux-x86_64-debian-clang 2.2.1 0.96 20.76 21.72 NOTE
r-devel-linux-x86_64-debian-gcc 2.2.1 1.04 21.30 22.34 NOTE
r-devel-linux-x86_64-fedora-clang 2.2.1 42.65 NOTE
r-devel-linux-x86_64-fedora-gcc 2.2.1 39.38 NOTE
r-devel-macosx-x86_64-clang 2.2.1 40.72 NOTE
r-devel-macosx-x86_64-gcc 2.2.1 NOTE
r-devel-windows-ix86+x86_64 2.2.1 3.00 30.00 33.00 NOTE
r-patched-linux-x86_64 2.2.1 0.97 21.11 22.08 NOTE
r-patched-solaris-sparc 2.2.1 228.40 NOTE
r-patched-solaris-x86 2.2.1 49.80 NOTE
r-release-linux-ix86 NOTE
r-release-linux-x86_64 2.2.1 0.96 20.58 21.54 NOTE
r-release-windows-ix86+x86_64 2.2.1 5.00 30.00 35.00 NOTE
r-oldrel-windows-ix86+x86_64 2.2.1 3.00 30.00 33.00 NOTE

Check Details

Version: 2.2.1
Check: dependencies in R code
Result: NOTE
    Missing or unexported objects:
     ‘rpart::rpconvert’ ‘survival::date.ddmmmyy’
    See the information on DESCRIPTION files in the chapter ‘Creating R
    packages’ of the ‘Writing R Extensions’ manual.
Flavors: r-devel-linux-x86_64-debian-clang, r-devel-linux-x86_64-debian-gcc, r-devel-linux-x86_64-fedora-clang, r-devel-linux-x86_64-fedora-gcc, r-devel-macosx-x86_64-clang, r-devel-macosx-x86_64-gcc, r-devel-windows-ix86+x86_64, r-patched-linux-x86_64, r-patched-solaris-sparc, r-patched-solaris-x86, r-release-linux-ix86, r-release-linux-x86_64, r-release-windows-ix86+x86_64, r-oldrel-windows-ix86+x86_64

Version: 2.2.1
Check: R code for possible problems
Result: NOTE
    Found the following assignments to the global environment:
    File ‘R2HTML/R/HTMLcore.R’:
     assign("HTMLenv", new.env(parent = .GlobalEnv), envir = .GlobalEnv)
     assign(subx, x, envir = .GlobalEnv)
     assign("fix", fix, envir = .GlobalEnv)
     assign(".HTML.file", file, envir = .GlobalEnv)
     assign(".HTML.file", absfilemain, envir = .GlobalEnv)
     assign(".HTML.file", chunkout, pos = .GlobalEnv, immediate = TRUE)
Flavors: r-devel-linux-x86_64-debian-clang, r-devel-linux-x86_64-debian-gcc, r-devel-linux-x86_64-fedora-clang, r-devel-macosx-x86_64-clang, r-patched-linux-x86_64, r-release-linux-ix86, r-release-linux-x86_64

Version: 2.2.1
Check: Rd \usage sections
Result: NOTE
    S3 methods shown with full name in documentation object 'HTML.cormat':
     ‘HTML.cormat’
    
    S3 methods shown with full name in documentation object 'HTML.title':
     ‘HTML.title’
    
    The \usage entries for S3 methods should use the \method markup and not
    their full name.
    See the chapter ‘Writing R documentation files’ in the ‘Writing R
    Extensions’ manual.
Flavors: r-devel-linux-x86_64-debian-clang, r-devel-linux-x86_64-debian-gcc, r-devel-linux-x86_64-fedora-clang, r-devel-linux-x86_64-fedora-gcc, r-devel-macosx-x86_64-clang, r-devel-macosx-x86_64-gcc, r-devel-windows-ix86+x86_64, r-patched-linux-x86_64, r-patched-solaris-sparc, r-patched-solaris-x86, r-release-linux-ix86, r-release-linux-x86_64, r-release-windows-ix86+x86_64, r-oldrel-windows-ix86+x86_64

Version: 2.2.1
Check: Rd line widths
Result: NOTE
    Rd file 'HTML.cormat.Rd':
     \usage lines wider than 90 characters:
     HTML.cormat(x, file = get(".HTML.file"), digits = 2, append = TRUE, align = "center", caption = "", captionalign = "bottom", classcapti ... [TRUNCATED]
     \examples lines wider than 100 characters:
     HTML(as.title("Fisher Iris dataset / Correlation matrix - traffic highlighting"),file=tmpfic)
    
    Rd file 'HTML.latex.Rd':
     \usage lines wider than 90 characters:
     as.latex(x,label=NULL,inline=ifelse(is.null(label),TRUE,FALSE),count=ifelse(is.null(label),FALSE,TRUE))
    
    Rd file 'HTML2clip.Rd':
     \usage lines wider than 90 characters:
     HTML2clip(x, filename = file("clipboard", ifelse(.Platform$OS == "windows","w",stop("Writing to clipboard only supported on Win ... [TRUNCATED]
    
    Rd file 'HTMLInitFile.Rd':
     \usage lines wider than 90 characters:
     HTMLInitFile(outdir = tempdir(),filename="index",extension="html",HTMLframe=FALSE, BackGroundColor = "FFFFFF", BackGroundImg = "", Titl ... [TRUNCATED]
     \examples lines wider than 100 characters:
     HTML("<br>Don't forget to use the CSS file in order to benefit from fixed size police",file=target)
    
    Rd file 'HTMLInsertGraph.Rd':
     \usage lines wider than 90 characters:
     HTMLInsertGraph(GraphFileName="", Caption="", GraphBorder=1, Align="center", WidthHTML=500, HeightHTML=NULL, file=get(".HTML.file"), ap ... [TRUNCATED]
    
    Rd file 'HTMLStart.Rd':
     \usage lines wider than 90 characters:
     HTMLStart(outdir = tempdir(), filename = "index", extension = "html", echo = FALSE, autobrowse = FALSE, HTMLframe = TRUE, withprompt = ... [TRUNCATED]
    
    Rd file 'HTMLgrid.Rd':
     \usage lines wider than 90 characters:
     HTMLgrid(x, file = get(".HTML.file"), append = TRUE, includeref = FALSE, align = "center", digits = getOption("R2HTML.format.digits"), ... [TRUNCATED]
     HTMLgrid_inline(x,file = get(".HTML.file"),append=TRUE ,includeref=FALSE, align="center",digits=getOption("R2HTML.format.digits"), ns ... [TRUNCATED]
     HTMLgrid_summary(x,file=NULL,append=TRUE, digits=getOption("R2HTML.format.digits"), nsmall = getOption("R2HTML.format.nsmall"), big.ma ... [TRUNCATED]
    
    Rd file 'HTMLplot.Rd':
     \usage lines wider than 90 characters:
     HTMLplot(Caption = "", file = get(".HTML.file"), append = TRUE, GraphDirectory = ".", GraphFileName = "", GraphSaveAs = "png", GraphB ... [TRUNCATED]
    
    Rd file 'R2HTML-internal.Rd':
     \usage lines wider than 90 characters:
     HTMLCommand(x, file = get(".HTML.file"), Num = "", menu = FALSE, target= "index<-main.html", append = TRUE, ...)
    
    These lines will be truncated in the PDF manual.
Flavors: r-devel-linux-x86_64-fedora-clang, r-devel-linux-x86_64-fedora-gcc