CRAN Package Check Results for Package R2HTML

Last updated on 2015-08-05 11:48:11.

Flavor Version Tinstall Tcheck Ttotal Status Flags
r-devel-linux-x86_64-debian-clang 2.3.1 0.89 19.10 19.99 NOTE
r-devel-linux-x86_64-debian-gcc 2.3.1 0.82 18.53 19.35 NOTE
r-devel-linux-x86_64-fedora-clang 2.3.1 36.49 NOTE
r-devel-linux-x86_64-fedora-gcc 2.3.1 33.75 NOTE
r-devel-osx-x86_64-clang 2.3.1 33.93 NOTE
r-devel-windows-ix86+x86_64 2.3.1 7.00 46.00 53.00 NOTE
r-patched-linux-x86_64 2.3.1 0.85 17.45 18.30 NOTE
r-patched-solaris-sparc 2.3.1 235.50 NOTE
r-patched-solaris-x86 2.3.1 45.50 NOTE
r-release-linux-x86_64 2.3.1 0.92 19.04 19.96 NOTE
r-release-osx-x86_64-mavericks 2.3.1 OK
r-release-windows-ix86+x86_64 2.3.1 7.00 35.00 42.00 OK
r-oldrel-windows-ix86+x86_64 2.3.1 9.00 48.00 57.00 OK

Check Details

Version: 2.3.1
Check: S3 generic/method consistency
Result: NOTE
    Found the following apparent S3 methods exported but not registered:
     HTML.cormat HTML.title
    See section ‘Registering S3 methods’ in the ‘Writing R Extensions’
    manual.
Flavors: r-devel-linux-x86_64-debian-clang, r-devel-linux-x86_64-debian-gcc, r-devel-linux-x86_64-fedora-clang, r-devel-linux-x86_64-fedora-gcc, r-devel-osx-x86_64-clang, r-patched-linux-x86_64, r-patched-solaris-sparc, r-patched-solaris-x86, r-release-linux-x86_64

Version: 2.3.1
Check: R code for possible problems
Result: NOTE
    HTML.bSpline: no visible global function definition for ‘coef’
    HTML.boot : <anonymous>: no visible global function definition for
     ‘var’
    HTML.coefmat: no visible global function definition for ‘symnum’
    HTML.cormat: no visible global function definition for ‘grey’
    HTML.coxph.null: no visible global function definition for ‘naprint’
    HTML.factanal: no visible global function definition for ‘pchisq’
    HTML.latex: no visible global function definition for ‘is’
    HTML.loglm: no visible global function definition for ‘pchisq’
    HTML.lqs: no visible global function definition for ‘coef’
    HTML.multinom: no visible global function definition for ‘coef’
    HTML.nls: no visible global function definition for ‘formula’
    HTML.nnet: no visible global function definition for ‘formula’
    HTML.polr: no visible global function definition for ‘coef’
    HTML.polySpline: no visible global function definition for ‘coef’
    HTML.rpart: no visible global function definition for ‘naprint’
    HTML.structure: no visible global function definition for ‘tsp’
    HTML.summary.glm: no visible global function definition for ‘quantile’
    HTML.summary.glm: no visible global function definition for ‘symnum’
    HTML.summary.glm.null: no visible global function definition for
     ‘quantile’
    HTML.summary.lm: no visible binding for global variable ‘quantile’
    HTML.summary.lm: no visible global function definition for ‘quantile’
    HTML.summary.lm: no visible global function definition for ‘pf’
    HTML.summary.lm: no visible global function definition for ‘symnum’
    HTML.summary.lm.null: no visible binding for global variable ‘quantile’
    HTML.summary.lm.null: no visible global function definition for
     ‘quantile’
    HTML.summary.lme: no visible global function definition for
     ‘asOneSidedFormula’
    HTML.summary.lme: no visible global function definition for ‘symnum’
    HTML.summary.loglm: no visible global function definition for ‘formula’
    HTML.summary.nls: no visible global function definition for ‘symnum’
    HTML.summary.rlm: no visible binding for global variable ‘quantile’
    HTML.summary.rlm: no visible global function definition for ‘quantile’
    HTML.ts: no visible global function definition for ‘as.ts’
    HTML.ts: no visible global function definition for ‘frequency’
    HTML.ts : header: no visible global function definition for ‘frequency’
    HTML.ts : header: no visible global function definition for ‘start’
    HTML.ts : header: no visible global function definition for ‘end’
    HTML.ts : header: no visible global function definition for ‘tsp’
    HTML.ts: no visible global function definition for ‘start’
    HTML.ts: no visible global function definition for ‘end’
    HTML.ts: no visible global function definition for ‘time’
    HTML.tukeyline: no visible global function definition for ‘coef’
    HTMLgrid_summary : mysummary: no visible global function definition for
     ‘quantile’
    HTMLgrid_summary : mysummary: no visible global function definition for
     ‘median’
    HTMLplot: no visible global function definition for ‘dev.print’
    HTMLplot: no visible binding for global variable ‘png’
    HTMLplot: no visible global function definition for ‘bitmap’
    HTMLplot: no visible global function definition for ‘png’
    HTMLplot: no visible global function definition for ‘dev.off’
    HTMLplot: no visible binding for global variable ‘jpeg’
    HTMLplot: no visible global function definition for ‘jpeg’
    RweaveHTMLRuncode: no visible global function definition for ‘png’
    RweaveHTMLRuncode: no visible global function definition for ‘dev.off’
    Undefined global functions or variables:
     as.ts asOneSidedFormula bitmap coef dev.off dev.print end formula
     frequency grey is jpeg median naprint pchisq pf png quantile start
     symnum time tsp var
    Consider adding
     importFrom("grDevices", "bitmap", "dev.off", "dev.print", "grey",
     "jpeg", "png")
     importFrom("methods", "is")
     importFrom("stats", "as.ts", "asOneSidedFormula", "coef", "end",
     "formula", "frequency", "median", "naprint", "pchisq", "pf",
     "quantile", "start", "symnum", "time", "tsp", "var")
    to your NAMESPACE.
Flavors: r-devel-linux-x86_64-debian-clang, r-devel-linux-x86_64-debian-gcc, r-devel-linux-x86_64-fedora-clang, r-devel-linux-x86_64-fedora-gcc, r-devel-windows-ix86+x86_64