CRAN Package Check Results for Package R2HTML

Last updated on 2015-02-27 23:47:58.

Flavor Version Tinstall Tcheck Ttotal Status Flags
r-devel-linux-x86_64-debian-clang 2.3.1 0.84 19.50 20.34 NOTE
r-devel-linux-x86_64-debian-gcc 2.3.1 0.84 19.09 19.93 NOTE
r-devel-linux-x86_64-fedora-clang 2.3.1 38.49 NOTE
r-devel-linux-x86_64-fedora-gcc 2.3.1 35.50 NOTE
r-devel-osx-x86_64-clang 2.3.1 40.07 NOTE
r-devel-windows-ix86+x86_64 2.3.1 4.00 29.00 33.00 OK
r-patched-linux-x86_64 2.3.1 0.93 21.47 22.40 OK
r-patched-solaris-sparc 2.3.1 243.40 OK
r-patched-solaris-x86 OK
r-release-linux-ix86 2.3.1 2.03 28.25 30.28 OK
r-release-linux-x86_64 2.3.1 0.91 20.83 21.74 OK
r-release-osx-x86_64-mavericks 2.3.1 OK
r-release-osx-x86_64-snowleopard 2.3.1 OK
r-release-windows-ix86+x86_64 2.3.1 5.00 34.00 39.00 OK
r-oldrel-windows-ix86+x86_64 2.3.1 5.00 32.00 37.00 OK

Check Details

Version: 2.3.1
Check: S3 generic/method consistency
Result: NOTE
    Found the following apparent S3 methods exported but not registered:
     HTML.cormat HTML.title
    See section ‘Registering S3 methods’ in the ‘Writing R Extensions’
    manual.
Flavors: r-devel-linux-x86_64-debian-clang, r-devel-linux-x86_64-debian-gcc, r-devel-linux-x86_64-fedora-clang, r-devel-linux-x86_64-fedora-gcc, r-devel-osx-x86_64-clang