CRAN Package Check Results for Package R.methodsS3

Last updated on 2015-08-01 08:52:00.

Flavor Version Tinstall Tcheck Ttotal Status Flags
r-devel-linux-x86_64-debian-clang 1.7.0 0.62 11.51 12.13 NOTE
r-devel-linux-x86_64-debian-gcc 1.7.0 0.63 11.28 11.91 NOTE
r-devel-linux-x86_64-fedora-clang 1.7.0 22.95 NOTE
r-devel-linux-x86_64-fedora-gcc 1.7.0 21.90 NOTE
r-devel-osx-x86_64-clang 1.7.0 23.53 OK
r-devel-windows-ix86+x86_64 1.7.0 5.00 20.00 25.00 NOTE
r-patched-linux-x86_64 1.7.0 0.62 11.47 12.09 OK
r-patched-solaris-sparc 1.7.0 163.40 OK
r-patched-solaris-x86 1.7.0 34.40 OK
r-release-linux-x86_64 1.7.0 0.62 11.40 12.03 OK
r-release-osx-x86_64-mavericks 1.7.0 OK
r-release-windows-ix86+x86_64 1.7.0 3.00 21.00 24.00 OK
r-oldrel-windows-ix86+x86_64 1.7.0 5.00 22.00 27.00 OK

Check Details

Version: 1.7.0
Check: R code for possible problems
Result: NOTE
    findDispatchMethodsS3.default: no visible global function definition
     for ‘head’
    Undefined global functions or variables:
     head
    Consider adding
     importFrom("utils", "head")
    to your NAMESPACE.
Flavors: r-devel-linux-x86_64-debian-clang, r-devel-linux-x86_64-debian-gcc, r-devel-linux-x86_64-fedora-clang, r-devel-linux-x86_64-fedora-gcc, r-devel-windows-ix86+x86_64