CRAN Package Check Results for Package OpenCL

Last updated on 2015-01-27 16:48:30.

Flavor Version Tinstall Tcheck Ttotal Status Flags
r-devel-linux-x86_64-debian-clang 0.1-3 1.06 8.93 9.98 NOTE
r-devel-linux-x86_64-debian-gcc 0.1-3 1.28 8.97 10.24 NOTE
r-devel-linux-x86_64-fedora-clang 0.1-3 23.01 NOTE
r-devel-linux-x86_64-fedora-gcc 0.1-3 21.47 NOTE
r-devel-osx-x86_64-clang 0.1-3 24.01 NOTE
r-patched-linux-x86_64 0.1-3 1.21 9.78 10.99 NOTE
r-release-linux-ix86 0.1-3 0.87 1.68 2.55 ERROR --install=fake
r-release-linux-x86_64 0.1-3 1.26 9.90 11.17 NOTE
r-release-osx-x86_64-mavericks 0.1-3 ERROR
r-release-osx-x86_64-snowleopard 0.1-3 ERROR

Check Details

Version: 0.1-3
Check: DESCRIPTION meta-information
Result: NOTE
    Deprecated license: BSD
Flavors: r-devel-linux-x86_64-debian-clang, r-devel-linux-x86_64-debian-gcc, r-devel-linux-x86_64-fedora-clang, r-devel-linux-x86_64-fedora-gcc, r-devel-osx-x86_64-clang, r-patched-linux-x86_64, r-release-linux-x86_64

Version: 0.1-3
Check: top-level files
Result: NOTE
    File
     LICENSE
    is not mentioned in the DESCRIPTION file.
Flavors: r-devel-linux-x86_64-debian-clang, r-devel-linux-x86_64-debian-gcc, r-devel-linux-x86_64-fedora-clang, r-devel-linux-x86_64-fedora-gcc, r-devel-osx-x86_64-clang, r-patched-linux-x86_64, r-release-linux-x86_64

Version: 0.1-3
Check: S3 generic/method consistency
Result: NOTE
    Found the following apparent S3 methods exported but not registered:
     oclInfo.clDeviceID oclInfo.clPlatformID oclInfo.list print.clFloat
     as.character.clFloat as.double.clFloat as.integer.clFloat
     length.clFloat length<-.clFloat
    See section ‘Registering S3 methods’ in the ‘Writing R Extensions’
    manual.
Flavors: r-devel-linux-x86_64-debian-gcc, r-devel-osx-x86_64-clang

Version: 0.1-3
Flags: --install=fake
Check: whether package can be installed
Result: ERROR
    Installation failed.
Flavor: r-release-linux-ix86

Version: 0.1-3
Check: whether package can be installed
Result: ERROR
    Installation failed.
Flavors: r-release-osx-x86_64-mavericks, r-release-osx-x86_64-snowleopard