CRAN Package Check Results for Package OpenCL

Last updated on 2014-04-18 08:49:19.

Flavor Version Tinstall Tcheck Ttotal Status Flags
r-devel-linux-x86_64-debian-clang 0.1-3 1.01 9.00 10.02 NOTE
r-devel-linux-x86_64-debian-gcc NOTE
r-devel-linux-x86_64-fedora-clang 0.1-3 20.78 NOTE
r-devel-linux-x86_64-fedora-gcc 0.1-3 19.83 NOTE
r-devel-macosx-x86_64-clang 0.1-3 22.92 NOTE
r-devel-macosx-x86_64-gcc 0.1-3 ERROR
r-patched-linux-x86_64 0.1-3 1.16 8.92 10.09 NOTE
r-release-linux-ix86 0.1-3 1.00 21.00 22.00 NOTE --install=fake
r-release-linux-x86_64 0.1-3 1.16 9.56 10.72 NOTE
r-release-macosx-x86_64 0.1-3 ERROR

Check Details

Version: 0.1-3
Check: DESCRIPTION meta-information
Result: NOTE
    Deprecated license: BSD
Flavors: r-devel-linux-x86_64-debian-clang, r-devel-linux-x86_64-debian-gcc, r-devel-linux-x86_64-fedora-clang, r-devel-linux-x86_64-fedora-gcc, r-devel-macosx-x86_64-clang, r-patched-linux-x86_64, r-release-linux-x86_64

Version: 0.1-3
Check: top-level files
Result: NOTE
    File
     LICENSE
    is not mentioned in the DESCRIPTION file.
Flavors: r-devel-linux-x86_64-debian-clang, r-devel-linux-x86_64-debian-gcc, r-devel-linux-x86_64-fedora-clang, r-devel-linux-x86_64-fedora-gcc, r-devel-macosx-x86_64-clang, r-patched-linux-x86_64, r-release-linux-x86_64

Version: 0.1-3
Check: whether package can be installed
Result: ERROR
    Installation failed.
    See ‘/Volumes/XT3/Builds/R-dev-web/QA/Simon/packages/snowleopard-x86_64/results/3.2/OpenCL.Rcheck/00install.out’ for details.
Flavor: r-devel-macosx-x86_64-gcc

Version: 0.1-3
Flags: --install=fake
Check: DESCRIPTION meta-information
Result: NOTE
    Deprecated license: BSD
Flavor: r-release-linux-ix86

Version: 0.1-3
Flags: --install=fake
Check: top-level files
Result: NOTE
    File
     LICENSE
    is not mentioned in the DESCRIPTION file.
Flavor: r-release-linux-ix86

Version: 0.1-3
Check: whether package can be installed
Result: ERROR
    Installation failed.
    See ‘/Volumes/XT3/Builds/R-dev-web/QA/Simon/packages/snowleopard-x86_64/results/3.1/OpenCL.Rcheck/00install.out’ for details.
Flavor: r-release-macosx-x86_64