CRAN Package Check Results for Package OpenCL

Last updated on 2014-11-24 09:48:19.

Flavor Version Tinstall Tcheck Ttotal Status Flags
r-devel-linux-x86_64-debian-clang 0.1-3 1.18 9.78 10.96 NOTE
r-devel-linux-x86_64-debian-gcc 0.1-3 1.26 9.48 10.74 NOTE
r-devel-linux-x86_64-fedora-clang 0.1-3 24.98 NOTE
r-devel-linux-x86_64-fedora-gcc 0.1-3 21.60 NOTE
r-devel-osx-x86_64-clang 0.1-3 25.68 NOTE
r-patched-linux-x86_64 0.1-3 1.55 9.16 10.71 NOTE
r-release-linux-ix86 0.1-3 0.88 14.21 15.10 NOTE --install=fake
r-release-linux-x86_64 0.1-3 1.20 9.35 10.55 NOTE
r-release-osx-x86_64-mavericks 0.1-3 ERROR
r-release-osx-x86_64-snowleopard 0.1-3 ERROR

Check Details

Version: 0.1-3
Check: DESCRIPTION meta-information
Result: NOTE
    Deprecated license: BSD
Flavors: r-devel-linux-x86_64-debian-clang, r-devel-linux-x86_64-debian-gcc, r-devel-linux-x86_64-fedora-clang, r-devel-linux-x86_64-fedora-gcc, r-devel-osx-x86_64-clang, r-patched-linux-x86_64, r-release-linux-x86_64

Version: 0.1-3
Check: top-level files
Result: NOTE
    File
     LICENSE
    is not mentioned in the DESCRIPTION file.
Flavors: r-devel-linux-x86_64-debian-clang, r-devel-linux-x86_64-debian-gcc, r-devel-linux-x86_64-fedora-clang, r-devel-linux-x86_64-fedora-gcc, r-devel-osx-x86_64-clang, r-patched-linux-x86_64, r-release-linux-x86_64

Version: 0.1-3
Flags: --install=fake
Check: DESCRIPTION meta-information
Result: NOTE
    Deprecated license: BSD
Flavor: r-release-linux-ix86

Version: 0.1-3
Flags: --install=fake
Check: top-level files
Result: NOTE
    File
     LICENSE
    is not mentioned in the DESCRIPTION file.
Flavor: r-release-linux-ix86

Version: 0.1-3
Check: whether package can be installed
Result: ERROR
    Installation failed.
Flavors: r-release-osx-x86_64-mavericks, r-release-osx-x86_64-snowleopard