CRAN Package Check Results for Package MVA

Last updated on 2015-07-06 14:48:44.

Flavor Version Tinstall Tcheck Ttotal Status Flags
r-devel-linux-x86_64-debian-clang 1.0-5 0.54 19.30 19.84 NOTE
r-devel-linux-x86_64-debian-gcc 1.0-5 0.53 18.78 19.31 NOTE
r-devel-linux-x86_64-fedora-clang 1.0-5 38.77 NOTE
r-devel-linux-x86_64-fedora-gcc 1.0-5 36.87 NOTE
r-devel-osx-x86_64-clang 1.0-5 39.34 OK
r-devel-windows-ix86+x86_64 1.0-5 4.00 38.00 42.00 NOTE
r-patched-linux-x86_64 1.0-5 0.55 19.20 19.76 OK
r-patched-solaris-sparc 1.0-5 252.40 OK
r-patched-solaris-x86 1.0-5 54.50 OK
r-release-linux-x86_64 1.0-5 0.58 19.63 20.21 OK
r-release-osx-x86_64-mavericks 1.0-5 NOTE
r-release-windows-ix86+x86_64 1.0-5 5.00 33.00 38.00 OK
r-oldrel-windows-ix86+x86_64 1.0-5 5.00 39.00 44.00 OK

Check Details

Version: 1.0-5
Check: R code for possible problems
Result: NOTE
    biweight: no visible global function definition for ‘median’
    bvbox: no visible global function definition for ‘var’
    bvbox: no visible global function definition for ‘cor’
    bvbox: no visible global function definition for ‘median’
    bvbox: no visible global function definition for ‘points’
    bvbox: no visible global function definition for ‘plot’
    bvbox: no visible global function definition for ‘lines’
    bvbox: no visible global function definition for ‘segments’
    chiplot: no visible global function definition for ‘plot’
    chiplot: no visible global function definition for ‘abline’
    mahal: no visible global function definition for ‘var’
    stalac: no visible global function definition for ‘qchisq’
    stalac: no visible global function definition for ‘par’
    stalac: no visible global function definition for ‘plot’
    stalac: no visible global function definition for ‘axis’
    stalac: no visible global function definition for ‘text’
    Undefined global functions or variables:
     abline axis cor lines median par plot points qchisq segments text var
Flavors: r-devel-linux-x86_64-debian-clang, r-devel-linux-x86_64-debian-gcc, r-devel-linux-x86_64-fedora-clang, r-devel-linux-x86_64-fedora-gcc, r-devel-windows-ix86+x86_64

Version: 1.0-5
Check: re-building of vignette outputs
Result: NOTE
    Error in re-building vignettes:
     ...
    Loading required package: HSAUR2
    Warning: value of 'strip.white' option should be lowercase
    Warning: value of 'strip.white' option should be lowercase
    Error in texi2dvi(file = file, pdf = TRUE, clean = clean, quiet = quiet, :
     Running 'texi2dvi' on 'Ch-Errata.tex' failed.
    LaTeX errors:
    ! LaTeX Error: Missing \begin{document}.
    
    See the LaTeX manual or LaTeX Companion for explanation.
    Type H <return> for immediate help.
     ...
    ! Extra }, or forgotten \endgroup.
    l.34 ...<a5>OK<9f><96>>-}Z<fa><b4><f4>i<e9><d3>ҧ<a5>OK<9f><96>>-}Z<fa><b4><f4>i<e9><d3>ҧ<a5>OK<9f><96>>-}
     Z<fa><b4><f4>i<e9><d3>ҧ<a5>OK<9f><96>>-}Z<fa><b4><f4>i<e9><d3>ҧ...
    I've deleted a group-closing symbol because it seems to be
    spurious, as in `$x}$'. But perhaps the } is legitimate and
    ! Extra }, or forgotten \endgroup.
    l.34 ...<a5>OK<9f><96>>-}Z<fa><b4><f4>i<e9><d3>ҧ<a5>OK<9f><96>>-}Z<fa><b4><f4>i<e9><d3>ҧ<a5>OK<9f><96>>-}
     Z<fa><b4><f4>i<e9><d3>ҧ<a5>OK<9f><96>>-}Z<fa><b4><f4>i<e9><d3>ҧ...
    I've deleted a group-closing symbol because it seems to be
    spurious, as in `$x}$'. But perhaps the
    Calls: buildVignettes -> texi2pdf -> texi2dvi
    Execution halted
Flavor: r-release-osx-x86_64-mavericks