CRAN Package Check Results for Package MVA

Last updated on 2017-03-26 06:49:43.

Flavor Version Tinstall Tcheck Ttotal Status Flags
r-devel-linux-x86_64-debian-clang 1.0-6 0.70 24.47 25.17 OK
r-devel-linux-x86_64-debian-gcc 1.0-6 0.64 24.01 24.64 OK
r-devel-linux-x86_64-fedora-clang 1.0-6 41.91 OK --no-stop-on-test-error
r-devel-linux-x86_64-fedora-gcc 1.0-6 40.88 OK --no-stop-on-test-error
r-devel-macos-x86_64-clang 1.0-6 34.95 OK --no-stop-on-test-error
r-patched-linux-x86_64 1.0-6 0.63 22.94 23.57 OK
r-patched-solaris-sparc 1.0-6 248.20 OK
r-patched-solaris-x86 1.0-6 58.70 OK
r-release-linux-x86_64 1.0-6 0.60 19.39 19.99 OK
r-release-osx-x86_64-mavericks 1.0-6 NOTE
r-release-windows-ix86+x86_64 1.0-6 4.00 63.00 67.00 OK
r-oldrel-windows-ix86+x86_64 1.0-6 3.00 49.00 52.00 OK

Check Details

Version: 1.0-6
Check: re-building of vignette outputs
Result: NOTE
    Error in re-building vignettes:
     ...
     input string 305 is invalid in this locale
    Warning in grepl("(Rerun to get|biblatex.*\\(re\\)run)", readLines(log, :
     input string 306 is invalid in this locale
    Warning in grepl("(Rerun to get|biblatex.*\\(re\\)run)", readLines(log, :
     input string 307 is invalid in this locale
    Error in texi2dvi(file = file, pdf = TRUE, clean = clean, quiet = quiet, :
     Running 'texi2dvi' on 'Ch-Errata.tex' failed.
    LaTeX errors:
    ! LaTeX Error: Missing \begin{document}.
    
    See the LaTeX manual or LaTeX Companion for explanation.
    Type H <return> for immediate help.
     ...
    ! Extra }, or forgotten \endgroup.
    l.34 ...<a5>OK<9f><96>>-}Z<fa><b4><f4>i<e9><d3>ҧ<a5>OK<9f><96>>-}Z<fa><b4><f4>i<e9><d3>ҧ<a5>OK<9f><96>>-}
     Z<fa><b4><f4>i<e9><d3>ҧ<a5>OK<9f><96>>-}Z<fa><b4><f4>i<e9><d3>ҧ...
    I've deleted a group-closing symbol because it seems to be
    spurious, as in `$x}$'. But perhaps the } is legitimate and
    ! Extra }, or forgotten \endgroup.
    l.34 ...<a5>OK<9f><96>>-}Z<fa><b4><f4>i<e9><d3>ҧ<a5>OK<9f><96>>-}Z<fa><b4><f4>i<e9><d3>ҧ<a5>OK<9f><96>>-}
     Z<fa><b4><f4>i<e9><d3>ҧ<a5>OK<9f><96>>-}Z<fa><b4><f4>i<e9><d3>ҧ...
    I've deleted a group-closing symbol because it seems to be
    spurious, as in `$x}$'. But perhaps the
    Calls: buildVignettes -> texi2pdf -> texi2dvi
    Execution halted
Flavor: r-release-osx-x86_64-mavericks