CRAN Package Check Results for Package MVA

Last updated on 2017-08-17 08:51:18.

Flavor Version Tinstall Tcheck Ttotal Status Flags
r-devel-linux-x86_64-debian-clang 1.0-6 0.63 24.32 24.96 OK
r-devel-linux-x86_64-debian-gcc 1.0-6 0.72 23.16 23.88 OK
r-devel-linux-x86_64-fedora-clang 1.0-6 43.98 OK
r-devel-linux-x86_64-fedora-gcc 1.0-6 44.43 OK
r-devel-windows-ix86+x86_64 1.0-6 5.00 48.00 53.00 OK
r-patched-linux-x86_64 1.0-6 0.64 22.22 22.86 OK
r-patched-solaris-x86 1.0-6 55.70 OK
r-release-linux-x86_64 1.0-6 0.67 22.71 23.38 OK
r-release-windows-ix86+x86_64 1.0-6 3.00 49.00 52.00 OK
r-release-osx-x86_64 1.0-6 OK
r-oldrel-windows-ix86+x86_64 1.0-6 2.00 43.00 45.00 OK
r-oldrel-osx-x86_64 1.0-6 NOTE

Check Details

Version: 1.0-6
Check: re-building of vignette outputs
Result: NOTE
    Error in re-building vignettes:
     ...
     input string 305 is invalid in this locale
    Warning in grepl("(Rerun to get|biblatex.*\\(re\\)run)", readLines(log, :
     input string 306 is invalid in this locale
    Warning in grepl("(Rerun to get|biblatex.*\\(re\\)run)", readLines(log, :
     input string 307 is invalid in this locale
    Error in texi2dvi(file = file, pdf = TRUE, clean = clean, quiet = quiet, :
     Running 'texi2dvi' on 'Ch-Errata.tex' failed.
    LaTeX errors:
    ! LaTeX Error: Missing \begin{document}.
    
    See the LaTeX manual or LaTeX Companion for explanation.
    Type H <return> for immediate help.
     ...
    ! Extra }, or forgotten \endgroup.
    l.34 ...<a5>OK<9f><96>>-}Z<fa><b4><f4>i<e9><d3>ҧ<a5>OK<9f><96>>-}Z<fa><b4><f4>i<e9><d3>ҧ<a5>OK<9f><96>>-}
     Z<fa><b4><f4>i<e9><d3>ҧ<a5>OK<9f><96>>-}Z<fa><b4><f4>i<e9><d3>ҧ...
    I've deleted a group-closing symbol because it seems to be
    spurious, as in `$x}$'. But perhaps the } is legitimate and
    ! Extra }, or forgotten \endgroup.
    l.34 ...<a5>OK<9f><96>>-}Z<fa><b4><f4>i<e9><d3>ҧ<a5>OK<9f><96>>-}Z<fa><b4><f4>i<e9><d3>ҧ<a5>OK<9f><96>>-}
     Z<fa><b4><f4>i<e9><d3>ҧ<a5>OK<9f><96>>-}Z<fa><b4><f4>i<e9><d3>ҧ...
    I've deleted a group-closing symbol because it seems to be
    spurious, as in `$x}$'. But perhaps the
    Calls: buildVignettes -> texi2pdf -> texi2dvi
    Execution halted
Flavor: r-oldrel-osx-x86_64