CRAN Package Check Results for Package MVA

Last updated on 2014-11-24 00:47:48.

Flavor Version Tinstall Tcheck Ttotal Status Flags
r-devel-linux-x86_64-debian-clang 1.0-5 0.62 21.72 22.33 OK
r-devel-linux-x86_64-debian-gcc 1.0-5 0.60 19.93 20.53 OK
r-devel-linux-x86_64-fedora-clang 1.0-5 46.44 OK
r-devel-linux-x86_64-fedora-gcc 1.0-5 43.05 OK
r-devel-osx-x86_64-clang 1.0-5 48.76 OK
r-devel-windows-ix86+x86_64 1.0-5 3.00 30.00 33.00 OK
r-patched-linux-x86_64 1.0-5 0.63 21.33 21.96 OK
r-patched-solaris-sparc 1.0-5 261.70 OK
r-patched-solaris-x86 1.0-5 59.90 OK
r-release-linux-ix86 1.0-5 0.94 32.78 33.71 OK
r-release-linux-x86_64 1.0-5 0.73 21.39 22.12 OK
r-release-osx-x86_64-mavericks 1.0-5 OK
r-release-osx-x86_64-snowleopard 1.0-5 NOTE
r-release-windows-ix86+x86_64 1.0-5 2.00 34.00 36.00 OK
r-oldrel-windows-ix86+x86_64 1.0-5 3.00 36.00 39.00 OK

Check Details

Version: 1.0-5
Check: package dependencies
Result: NOTE
    Package suggested but not available for checking: ‘multcomp’
Flavor: r-release-osx-x86_64-snowleopard