CRAN Package Check Results for Package MVA

Last updated on 2015-05-26 08:47:59.

Flavor Version Tinstall Tcheck Ttotal Status Flags
r-devel-linux-x86_64-debian-clang 1.0-5 0.58 18.67 19.25 OK
r-devel-linux-x86_64-debian-gcc 1.0-5 0.58 21.37 21.95 OK
r-devel-linux-x86_64-fedora-clang 1.0-5 38.66 OK
r-devel-linux-x86_64-fedora-gcc 1.0-5 36.04 OK
r-devel-osx-x86_64-clang 1.0-5 44.62 OK
r-devel-windows-ix86+x86_64 1.0-5 2.00 30.00 32.00 OK
r-patched-linux-x86_64 1.0-5 0.57 18.86 19.42 OK
r-patched-solaris-sparc 1.0-5 252.40 OK
r-patched-solaris-x86 1.0-5 52.40 OK
r-release-linux-x86_64 1.0-5 0.60 19.70 20.30 OK
r-release-osx-x86_64-mavericks 1.0-5 NOTE
r-release-osx-x86_64-snowleopard 1.0-5 NOTE
r-release-windows-ix86+x86_64 1.0-5 3.00 33.00 36.00 OK
r-oldrel-windows-ix86+x86_64 1.0-5 3.00 36.00 39.00 OK

Check Details

Version: 1.0-5
Check: re-building of vignette outputs
Result: NOTE
    Error in re-building vignettes:
     ...
    Loading required package: HSAUR2
    Warning: value of 'strip.white' option should be lowercase
    Warning: value of 'strip.white' option should be lowercase
    Error in texi2dvi(file = file, pdf = TRUE, clean = clean, quiet = quiet, :
     Running 'texi2dvi' on 'Ch-Errata.tex' failed.
    LaTeX errors:
    ! LaTeX Error: Missing \begin{document}.
    
    See the LaTeX manual or LaTeX Companion for explanation.
    Type H <return> for immediate help.
     ...
    ! Extra }, or forgotten \endgroup.
    l.34 ...<a5>OK<9f><96>>-}Z<fa><b4><f4>i<e9><d3>ҧ<a5>OK<9f><96>>-}Z<fa><b4><f4>i<e9><d3>ҧ<a5>OK<9f><96>>-}
     Z<fa><b4><f4>i<e9><d3>ҧ<a5>OK<9f><96>>-}Z<fa><b4><f4>i<e9><d3>ҧ...
    I've deleted a group-closing symbol because it seems to be
    spurious, as in `$x}$'. But perhaps the } is legitimate and
    ! Extra }, or forgotten \endgroup.
    l.34 ...<a5>OK<9f><96>>-}Z<fa><b4><f4>i<e9><d3>ҧ<a5>OK<9f><96>>-}Z<fa><b4><f4>i<e9><d3>ҧ<a5>OK<9f><96>>-}
     Z<fa><b4><f4>i<e9><d3>ҧ<a5>OK<9f><96>>-}Z<fa><b4><f4>i<e9><d3>ҧ...
    I've deleted a group-closing symbol because it seems to be
    spurious, as in `$x}$'. But perhaps the
    Calls: buildVignettes -> texi2pdf -> texi2dvi
    Execution halted
Flavor: r-release-osx-x86_64-mavericks

Version: 1.0-5
Check: package dependencies
Result: NOTE
    Package suggested but not available for checking: ‘multcomp’
Flavor: r-release-osx-x86_64-snowleopard