CRAN Package Check Results for Package MHadaptive

Last updated on 2014-09-01 08:47:10.

Flavor Version Tinstall Tcheck Ttotal Status Flags
r-devel-linux-x86_64-debian-clang 1.1-8 0.58 29.08 29.66 NOTE
r-devel-linux-x86_64-debian-gcc 1.1-8 0.60 27.93 28.54 NOTE
r-devel-linux-x86_64-fedora-clang 1.1-8 59.88 NOTE
r-devel-linux-x86_64-fedora-gcc 1.1-8 57.22 NOTE
r-devel-osx-x86_64-clang 1.1-8 50.01 NOTE
r-devel-windows-ix86+x86_64 1.1-8 2.00 44.00 46.00 NOTE
r-patched-linux-x86_64 1.1-8 0.57 30.82 31.40 NOTE
r-patched-solaris-sparc 1.1-8 386.70 NOTE
r-patched-solaris-x86 1.1-8 72.40 NOTE
r-release-linux-ix86 1.1-8 0.91 44.14 45.05 NOTE
r-release-linux-x86_64 1.1-8 0.60 32.24 32.84 NOTE
r-release-osx-x86_64-mavericks 1.1-8 NOTE
r-release-osx-x86_64-snowleopard 1.1-8 NOTE
r-release-windows-ix86+x86_64 1.1-8 3.00 45.00 48.00 NOTE
r-oldrel-windows-ix86+x86_64 1.1-8 4.00 52.00 56.00 NOTE

Check Details

Version: 1.1-8
Check: top-level files
Result: NOTE
    File
     LICENSE
    is not mentioned in the DESCRIPTION file.
Flavors: r-devel-linux-x86_64-debian-clang, r-devel-linux-x86_64-debian-gcc, r-devel-linux-x86_64-fedora-clang, r-devel-linux-x86_64-fedora-gcc, r-devel-osx-x86_64-clang, r-devel-windows-ix86+x86_64, r-patched-linux-x86_64, r-patched-solaris-sparc, r-patched-solaris-x86, r-release-linux-ix86, r-release-linux-x86_64, r-release-osx-x86_64-mavericks, r-release-osx-x86_64-snowleopard, r-release-windows-ix86+x86_64, r-oldrel-windows-ix86+x86_64