CRAN Package Check Results for Package MHadaptive

Last updated on 2014-07-21 08:50:02.

Flavor Version Tinstall Tcheck Ttotal Status Flags
r-devel-linux-x86_64-debian-clang 1.1-8 0.58 29.59 30.17 NOTE
r-devel-linux-x86_64-debian-gcc 1.1-8 0.61 29.42 30.04 NOTE
r-devel-linux-x86_64-fedora-clang 1.1-8 66.30 NOTE
r-devel-linux-x86_64-fedora-gcc 1.1-8 63.66 NOTE
r-devel-osx-x86_64-clang 1.1-8 56.20 NOTE
r-devel-windows-ix86+x86_64 1.1-8 2.00 47.00 49.00 NOTE
r-patched-linux-x86_64 1.1-8 0.62 30.84 31.46 NOTE
r-patched-solaris-sparc 1.1-8 393.00 NOTE
r-patched-solaris-x86 1.1-8 73.00 NOTE
r-release-linux-ix86 1.1-8 0.90 44.15 45.04 NOTE
r-release-linux-x86_64 1.1-8 0.62 32.52 33.13 NOTE
r-release-osx-x86_64-mavericks 1.1-8 NOTE
r-release-osx-x86_64-snowleopard 1.1-8 NOTE
r-release-windows-ix86+x86_64 1.1-8 3.00 43.00 46.00 NOTE
r-oldrel-windows-ix86+x86_64 1.1-8 3.00 45.00 48.00 NOTE

Check Details

Version: 1.1-8
Check: top-level files
Result: NOTE
    File
     LICENSE
    is not mentioned in the DESCRIPTION file.
Flavors: r-devel-linux-x86_64-debian-clang, r-devel-linux-x86_64-debian-gcc, r-devel-linux-x86_64-fedora-clang, r-devel-linux-x86_64-fedora-gcc, r-devel-osx-x86_64-clang, r-devel-windows-ix86+x86_64, r-patched-linux-x86_64, r-patched-solaris-sparc, r-patched-solaris-x86, r-release-linux-ix86, r-release-linux-x86_64, r-release-osx-x86_64-mavericks, r-release-osx-x86_64-snowleopard, r-release-windows-ix86+x86_64, r-oldrel-windows-ix86+x86_64