CRAN Package Check Results for Package MHadaptive

Last updated on 2017-10-17 00:51:49.

Flavor Version Tinstall Tcheck Ttotal Status Flags
r-devel-linux-x86_64-debian-clang 1.1-8 0.70 31.96 32.65 NOTE
r-devel-linux-x86_64-debian-gcc 1.1-8 0.66 32.01 32.68 NOTE
r-devel-linux-x86_64-fedora-clang 1.1-8 56.70 NOTE
r-devel-linux-x86_64-fedora-gcc 1.1-8 57.11 NOTE
r-devel-windows-ix86+x86_64 1.1-8 5.00 58.00 63.00 NOTE
r-patched-linux-x86_64 1.1-8 0.62 29.94 30.56 NOTE
r-patched-solaris-x86 1.1-8 63.10 NOTE
r-release-linux-x86_64 1.1-8 0.61 31.47 32.08 NOTE
r-release-windows-ix86+x86_64 1.1-8 3.00 53.00 56.00 NOTE
r-release-osx-x86_64 1.1-8 NOTE
r-oldrel-windows-ix86+x86_64 1.1-8 3.00 64.00 67.00 NOTE
r-oldrel-osx-x86_64 1.1-8 NOTE

Check Details

Version: 1.1-8
Check: top-level files
Result: NOTE
    File
     LICENSE
    is not mentioned in the DESCRIPTION file.
Flavors: r-devel-linux-x86_64-debian-clang, r-devel-linux-x86_64-debian-gcc, r-devel-linux-x86_64-fedora-clang, r-devel-linux-x86_64-fedora-gcc, r-devel-windows-ix86+x86_64, r-patched-linux-x86_64, r-patched-solaris-x86, r-release-linux-x86_64, r-release-windows-ix86+x86_64, r-release-osx-x86_64, r-oldrel-windows-ix86+x86_64, r-oldrel-osx-x86_64

Version: 1.1-8
Check: R code for possible problems
Result: NOTE
    BCI: no visible global function definition for ‘quantile’
    Metro_Hastings: no visible global function definition for ‘optim’
    Metro_Hastings: no visible global function definition for ‘runif’
    Metro_Hastings: no visible global function definition for ‘var’
    plotMH: no visible global function definition for ‘hist’
    plotMH: no visible global function definition for ‘plot’
    plotMH: no visible global function definition for ‘frame’
    plotMH: no visible global function definition for ‘text’
    Undefined global functions or variables:
     frame hist optim plot quantile runif text var
    Consider adding
     importFrom("graphics", "frame", "hist", "plot", "text")
     importFrom("stats", "optim", "quantile", "runif", "var")
    to your NAMESPACE file.
Flavors: r-devel-linux-x86_64-debian-clang, r-devel-linux-x86_64-debian-gcc, r-devel-linux-x86_64-fedora-clang, r-devel-linux-x86_64-fedora-gcc, r-devel-windows-ix86+x86_64, r-patched-linux-x86_64, r-patched-solaris-x86, r-release-linux-x86_64, r-release-windows-ix86+x86_64, r-release-osx-x86_64, r-oldrel-windows-ix86+x86_64, r-oldrel-osx-x86_64