CRAN Package Check Results for Package MHadaptive

Last updated on 2016-02-12 12:47:24.

Flavor Version Tinstall Tcheck Ttotal Status Flags
r-devel-linux-x86_64-debian-gcc 1.1-8 0.60 23.98 24.58 NOTE
r-devel-linux-x86_64-fedora-clang 1.1-8 47.17 NOTE
r-devel-linux-x86_64-fedora-gcc 1.1-8 44.76 NOTE
r-devel-osx-x86_64-clang 1.1-8 51.02 NOTE
r-devel-windows-ix86+x86_64 1.1-8 4.00 188.00 192.00 NOTE
r-patched-linux-x86_64 1.1-8 0.62 24.95 25.57 NOTE
r-patched-solaris-sparc 1.1-8 305.60 NOTE
r-patched-solaris-x86 1.1-8 56.60 NOTE
r-release-linux-x86_64 1.1-8 0.60 24.95 25.55 NOTE
r-release-osx-x86_64-mavericks 1.1-8 NOTE
r-release-windows-ix86+x86_64 1.1-8 4.00 43.00 47.00 NOTE
r-oldrel-windows-ix86+x86_64 1.1-8 5.00 44.00 49.00 NOTE

Check Details

Version: 1.1-8
Check: top-level files
Result: NOTE
    File
     LICENSE
    is not mentioned in the DESCRIPTION file.
Flavors: r-devel-linux-x86_64-debian-gcc, r-devel-linux-x86_64-fedora-clang, r-devel-linux-x86_64-fedora-gcc, r-devel-osx-x86_64-clang, r-devel-windows-ix86+x86_64, r-patched-linux-x86_64, r-patched-solaris-sparc, r-patched-solaris-x86, r-release-linux-x86_64, r-release-osx-x86_64-mavericks, r-release-windows-ix86+x86_64, r-oldrel-windows-ix86+x86_64

Version: 1.1-8
Check: R code for possible problems
Result: NOTE
    BCI: no visible global function definition for ‘quantile’
    Metro_Hastings: no visible global function definition for ‘optim’
    Metro_Hastings: no visible global function definition for ‘runif’
    Metro_Hastings: no visible global function definition for ‘var’
    plotMH: no visible global function definition for ‘hist’
    plotMH: no visible global function definition for ‘plot’
    plotMH: no visible global function definition for ‘frame’
    plotMH: no visible global function definition for ‘text’
    Undefined global functions or variables:
     frame hist optim plot quantile runif text var
    Consider adding
     importFrom("graphics", "frame", "hist", "plot", "text")
     importFrom("stats", "optim", "quantile", "runif", "var")
    to your NAMESPACE file.
Flavors: r-devel-linux-x86_64-debian-gcc, r-devel-linux-x86_64-fedora-clang, r-devel-linux-x86_64-fedora-gcc, r-devel-osx-x86_64-clang, r-devel-windows-ix86+x86_64