CRAN Package Check Results for Package MHadaptive

Last updated on 2016-09-27 23:49:11.

Flavor Version Tinstall Tcheck Ttotal Status Flags
r-devel-linux-x86_64-debian-clang 1.1-8 0.59 28.30 28.89 NOTE
r-devel-linux-x86_64-debian-gcc 1.1-8 0.58 28.69 29.27 NOTE
r-devel-linux-x86_64-fedora-clang 1.1-8 52.99 NOTE
r-devel-linux-x86_64-fedora-gcc 1.1-8 52.23 NOTE
r-devel-macos-x86_64-clang 1.1-8 41.46 NOTE
r-devel-windows-ix86+x86_64 1.1-8 5.00 69.00 74.00 NOTE
r-patched-linux-x86_64 1.1-8 0.61 24.50 25.11 NOTE
r-patched-solaris-sparc 1.1-8 312.70 NOTE
r-patched-solaris-x86 1.1-8 55.10 NOTE
r-release-linux-x86_64 1.1-8 0.56 26.47 27.03 NOTE
r-release-osx-x86_64-mavericks 1.1-8 NOTE
r-release-windows-ix86+x86_64 1.1-8 3.00 48.00 51.00 NOTE
r-oldrel-windows-ix86+x86_64 1.1-8 5.00 64.00 69.00 NOTE

Check Details

Version: 1.1-8
Check: top-level files
Result: NOTE
    File
     LICENSE
    is not mentioned in the DESCRIPTION file.
Flavors: r-devel-linux-x86_64-debian-clang, r-devel-linux-x86_64-debian-gcc, r-devel-linux-x86_64-fedora-clang, r-devel-linux-x86_64-fedora-gcc, r-devel-macos-x86_64-clang, r-devel-windows-ix86+x86_64, r-patched-linux-x86_64, r-patched-solaris-sparc, r-patched-solaris-x86, r-release-linux-x86_64, r-release-osx-x86_64-mavericks, r-release-windows-ix86+x86_64, r-oldrel-windows-ix86+x86_64

Version: 1.1-8
Check: R code for possible problems
Result: NOTE
    BCI: no visible global function definition for ‘quantile’
    Metro_Hastings: no visible global function definition for ‘optim’
    Metro_Hastings: no visible global function definition for ‘runif’
    Metro_Hastings: no visible global function definition for ‘var’
    plotMH: no visible global function definition for ‘hist’
    plotMH: no visible global function definition for ‘plot’
    plotMH: no visible global function definition for ‘frame’
    plotMH: no visible global function definition for ‘text’
    Undefined global functions or variables:
     frame hist optim plot quantile runif text var
    Consider adding
     importFrom("graphics", "frame", "hist", "plot", "text")
     importFrom("stats", "optim", "quantile", "runif", "var")
    to your NAMESPACE file.
Flavors: r-devel-linux-x86_64-debian-clang, r-devel-linux-x86_64-debian-gcc, r-devel-linux-x86_64-fedora-clang, r-devel-linux-x86_64-fedora-gcc, r-devel-macos-x86_64-clang, r-devel-windows-ix86+x86_64, r-patched-linux-x86_64, r-patched-solaris-sparc, r-patched-solaris-x86, r-release-linux-x86_64, r-release-osx-x86_64-mavericks, r-release-windows-ix86+x86_64