CRAN Package Check Results for Package MHadaptive

Last updated on 2014-12-21 23:47:05.

Flavor Version Tinstall Tcheck Ttotal Status Flags
r-devel-linux-x86_64-debian-clang 1.1-8 0.64 29.49 30.14 NOTE
r-devel-linux-x86_64-debian-gcc 1.1-8 0.60 28.20 28.80 NOTE
r-devel-linux-x86_64-fedora-clang 1.1-8 60.49 NOTE
r-devel-linux-x86_64-fedora-gcc 1.1-8 57.43 NOTE
r-devel-osx-x86_64-clang 1.1-8 54.00 NOTE
r-devel-windows-ix86+x86_64 1.1-8 3.00 47.00 50.00 NOTE
r-patched-linux-x86_64 1.1-8 0.66 31.25 31.91 NOTE
r-patched-solaris-sparc 1.1-8 386.70 NOTE
r-patched-solaris-x86 1.1-8 74.50 NOTE
r-release-linux-ix86 1.1-8 0.93 41.03 41.96 NOTE
r-release-linux-x86_64 1.1-8 0.74 35.23 35.97 NOTE
r-release-osx-x86_64-mavericks 1.1-8 NOTE
r-release-osx-x86_64-snowleopard 1.1-8 NOTE
r-release-windows-ix86+x86_64 1.1-8 3.00 48.00 51.00 NOTE
r-oldrel-windows-ix86+x86_64 1.1-8 3.00 50.00 53.00 NOTE

Check Details

Version: 1.1-8
Check: top-level files
Result: NOTE
    File
     LICENSE
    is not mentioned in the DESCRIPTION file.
Flavors: r-devel-linux-x86_64-debian-clang, r-devel-linux-x86_64-debian-gcc, r-devel-linux-x86_64-fedora-clang, r-devel-linux-x86_64-fedora-gcc, r-devel-osx-x86_64-clang, r-devel-windows-ix86+x86_64, r-patched-linux-x86_64, r-patched-solaris-sparc, r-patched-solaris-x86, r-release-linux-ix86, r-release-linux-x86_64, r-release-osx-x86_64-mavericks, r-release-osx-x86_64-snowleopard, r-release-windows-ix86+x86_64, r-oldrel-windows-ix86+x86_64