CRAN Package Check Results for Package MHadaptive

Last updated on 2015-07-05 08:47:23.

Flavor Version Tinstall Tcheck Ttotal Status Flags
r-devel-linux-x86_64-debian-clang 1.1-8 0.57 25.58 26.16 NOTE
r-devel-linux-x86_64-debian-gcc 1.1-8 0.54 24.53 25.07 NOTE
r-devel-linux-x86_64-fedora-clang 1.1-8 49.95 NOTE
r-devel-linux-x86_64-fedora-gcc 1.1-8 46.89 NOTE
r-devel-osx-x86_64-clang 1.1-8 44.35 NOTE
r-devel-windows-ix86+x86_64 1.1-8 3.00 42.00 45.00 NOTE
r-patched-linux-x86_64 1.1-8 0.57 28.09 28.66 NOTE
r-patched-solaris-sparc 1.1-8 320.60 NOTE
r-patched-solaris-x86 1.1-8 61.20 NOTE
r-release-linux-x86_64 1.1-8 0.58 26.59 27.16 NOTE
r-release-osx-x86_64-mavericks 1.1-8 NOTE
r-release-windows-ix86+x86_64 1.1-8 3.00 40.00 43.00 NOTE
r-oldrel-windows-ix86+x86_64 1.1-8 5.00 44.00 49.00 NOTE

Check Details

Version: 1.1-8
Check: top-level files
Result: NOTE
    File
     LICENSE
    is not mentioned in the DESCRIPTION file.
Flavors: r-devel-linux-x86_64-debian-clang, r-devel-linux-x86_64-debian-gcc, r-devel-linux-x86_64-fedora-clang, r-devel-linux-x86_64-fedora-gcc, r-devel-osx-x86_64-clang, r-devel-windows-ix86+x86_64, r-patched-linux-x86_64, r-patched-solaris-sparc, r-patched-solaris-x86, r-release-linux-x86_64, r-release-osx-x86_64-mavericks, r-release-windows-ix86+x86_64, r-oldrel-windows-ix86+x86_64

Version: 1.1-8
Check: R code for possible problems
Result: NOTE
    BCI: no visible global function definition for ‘quantile’
    Metro_Hastings: no visible global function definition for ‘optim’
    Metro_Hastings: no visible global function definition for ‘runif’
    Metro_Hastings: no visible global function definition for ‘var’
    plotMH: no visible global function definition for ‘hist’
    plotMH: no visible global function definition for ‘plot’
    plotMH: no visible global function definition for ‘frame’
    plotMH: no visible global function definition for ‘text’
    Undefined global functions or variables:
     frame hist optim plot quantile runif text var
Flavors: r-devel-linux-x86_64-debian-clang, r-devel-linux-x86_64-debian-gcc, r-devel-linux-x86_64-fedora-clang, r-devel-linux-x86_64-fedora-gcc, r-devel-windows-ix86+x86_64