CRAN Package Check Results for Package MHadaptive

Last updated on 2015-04-17 23:48:27.

Flavor Version Tinstall Tcheck Ttotal Status Flags
r-devel-linux-x86_64-debian-clang 1.1-8 0.60 25.48 26.09 NOTE
r-devel-linux-x86_64-debian-gcc 1.1-8 0.58 26.75 27.33 NOTE
r-devel-linux-x86_64-fedora-clang 1.1-8 51.00 NOTE
r-devel-linux-x86_64-fedora-gcc 1.1-8 49.09 NOTE
r-devel-osx-x86_64-clang 1.1-8 45.82 NOTE
r-prerel-windows-ix86+x86_64 1.1-8 5.00 39.00 44.00 NOTE
r-prerel-linux-x86_64 1.1-8 0.58 24.83 25.41 NOTE
r-prerel-solaris-sparc 1.1-8 336.60 NOTE
r-prerel-solaris-x86 1.1-8 59.70 NOTE
r-release-linux-x86_64 1.1-8 0.64 27.90 28.54 NOTE
r-release-osx-x86_64-mavericks 1.1-8 NOTE
r-release-osx-x86_64-snowleopard 1.1-8 NOTE
r-release-windows-ix86+x86_64 1.1-8 3.00 56.00 59.00 NOTE
r-oldrel-windows-ix86+x86_64 1.1-8 2.00 61.00 63.00 NOTE

Check Details

Version: 1.1-8
Check: top-level files
Result: NOTE
    File
     LICENSE
    is not mentioned in the DESCRIPTION file.
Flavors: r-devel-linux-x86_64-debian-clang, r-devel-linux-x86_64-debian-gcc, r-devel-linux-x86_64-fedora-clang, r-devel-linux-x86_64-fedora-gcc, r-devel-osx-x86_64-clang, r-prerel-windows-ix86+x86_64, r-prerel-linux-x86_64, r-prerel-solaris-sparc, r-prerel-solaris-x86, r-release-linux-x86_64, r-release-osx-x86_64-mavericks, r-release-osx-x86_64-snowleopard, r-release-windows-ix86+x86_64, r-oldrel-windows-ix86+x86_64