CRAN Package Check Results for Package MHadaptive

Last updated on 2015-05-28 15:47:39.

Flavor Version Tinstall Tcheck Ttotal Status Flags
r-devel-linux-x86_64-debian-clang 1.1-8 0.59 26.02 26.62 NOTE
r-devel-linux-x86_64-debian-gcc 1.1-8 0.58 24.86 25.44 NOTE
r-devel-linux-x86_64-fedora-clang 1.1-8 51.71 NOTE
r-devel-linux-x86_64-fedora-gcc 1.1-8 48.56 NOTE
r-devel-osx-x86_64-clang 1.1-8 46.15 NOTE
r-devel-windows-ix86+x86_64 1.1-8 3.00 41.00 44.00 NOTE
r-patched-linux-x86_64 1.1-8 0.57 25.08 25.65 NOTE
r-patched-solaris-sparc 1.1-8 320.60 NOTE
r-patched-solaris-x86 1.1-8 61.00 NOTE
r-release-linux-x86_64 1.1-8 0.62 24.98 25.60 NOTE
r-release-osx-x86_64-mavericks 1.1-8 NOTE
r-release-osx-x86_64-snowleopard 1.1-8 NOTE
r-release-windows-ix86+x86_64 1.1-8 3.00 40.00 43.00 NOTE
r-oldrel-windows-ix86+x86_64 1.1-8 4.00 42.00 46.00 NOTE

Check Details

Version: 1.1-8
Check: top-level files
Result: NOTE
    File
     LICENSE
    is not mentioned in the DESCRIPTION file.
Flavors: r-devel-linux-x86_64-debian-clang, r-devel-linux-x86_64-debian-gcc, r-devel-linux-x86_64-fedora-clang, r-devel-linux-x86_64-fedora-gcc, r-devel-osx-x86_64-clang, r-devel-windows-ix86+x86_64, r-patched-linux-x86_64, r-patched-solaris-sparc, r-patched-solaris-x86, r-release-linux-x86_64, r-release-osx-x86_64-mavericks, r-release-osx-x86_64-snowleopard, r-release-windows-ix86+x86_64, r-oldrel-windows-ix86+x86_64