CRAN Package Check Results for Package MHadaptive

Last updated on 2015-03-30 00:48:24.

Flavor Version Tinstall Tcheck Ttotal Status Flags
r-devel-linux-x86_64-debian-clang 1.1-8 0.66 25.38 26.04 NOTE
r-devel-linux-x86_64-debian-gcc 1.1-8 0.57 25.09 25.66 NOTE
r-devel-linux-x86_64-fedora-clang 1.1-8 50.68 NOTE
r-devel-linux-x86_64-fedora-gcc 1.1-8 48.30 NOTE
r-devel-osx-x86_64-clang 1.1-8 50.72 NOTE
r-prerel-windows-ix86+x86_64 1.1-8 3.00 40.00 43.00 NOTE
r-prerel-linux-x86_64 1.1-8 0.56 24.70 25.26 NOTE
r-prerel-solaris-sparc 1.1-8 336.60 NOTE
r-prerel-solaris-x86 1.1-8 60.00 NOTE
r-release-linux-x86_64 1.1-8 0.64 28.27 28.92 NOTE
r-release-osx-x86_64-mavericks 1.1-8 NOTE
r-release-osx-x86_64-snowleopard 1.1-8 NOTE
r-release-windows-ix86+x86_64 1.1-8 3.00 45.00 48.00 NOTE
r-oldrel-windows-ix86+x86_64 1.1-8 3.00 73.00 76.00 NOTE

Check Details

Version: 1.1-8
Check: top-level files
Result: NOTE
    File
     LICENSE
    is not mentioned in the DESCRIPTION file.
Flavors: r-devel-linux-x86_64-debian-clang, r-devel-linux-x86_64-debian-gcc, r-devel-linux-x86_64-fedora-clang, r-devel-linux-x86_64-fedora-gcc, r-devel-osx-x86_64-clang, r-prerel-windows-ix86+x86_64, r-prerel-linux-x86_64, r-prerel-solaris-sparc, r-prerel-solaris-x86, r-release-linux-x86_64, r-release-osx-x86_64-mavericks, r-release-osx-x86_64-snowleopard, r-release-windows-ix86+x86_64, r-oldrel-windows-ix86+x86_64