CRAN Package Check Results for Package MHadaptive

Last updated on 2015-01-29 09:59:12.

Flavor Version Tinstall Tcheck Ttotal Status Flags
r-devel-linux-x86_64-debian-clang 1.1-8 0.60 28.60 29.20 NOTE
r-devel-linux-x86_64-debian-gcc 1.1-8 0.58 27.94 28.53 NOTE
r-devel-linux-x86_64-fedora-clang 1.1-8 60.39 NOTE
r-devel-linux-x86_64-fedora-gcc 1.1-8 58.07 NOTE
r-devel-osx-x86_64-clang 1.1-8 54.58 NOTE
r-devel-windows-ix86+x86_64 1.1-8 3.00 46.00 49.00 NOTE
r-patched-linux-x86_64 1.1-8 0.65 31.44 32.10 NOTE
r-patched-solaris-sparc 1.1-8 377.70 NOTE
r-patched-solaris-x86 1.1-8 75.30 NOTE
r-release-linux-ix86 1.1-8 0.91 41.39 42.30 NOTE
r-release-linux-x86_64 1.1-8 0.64 31.59 32.23 NOTE
r-release-osx-x86_64-mavericks 1.1-8 NOTE
r-release-osx-x86_64-snowleopard 1.1-8 NOTE
r-release-windows-ix86+x86_64 1.1-8 3.00 51.00 54.00 NOTE
r-oldrel-windows-ix86+x86_64 1.1-8 3.00 48.00 51.00 NOTE

Check Details

Version: 1.1-8
Check: top-level files
Result: NOTE
    File
     LICENSE
    is not mentioned in the DESCRIPTION file.
Flavors: r-devel-linux-x86_64-debian-clang, r-devel-linux-x86_64-debian-gcc, r-devel-linux-x86_64-fedora-clang, r-devel-linux-x86_64-fedora-gcc, r-devel-osx-x86_64-clang, r-devel-windows-ix86+x86_64, r-patched-linux-x86_64, r-patched-solaris-sparc, r-patched-solaris-x86, r-release-linux-ix86, r-release-linux-x86_64, r-release-osx-x86_64-mavericks, r-release-osx-x86_64-snowleopard, r-release-windows-ix86+x86_64, r-oldrel-windows-ix86+x86_64