CRAN Package Check Results for Package MHadaptive

Last updated on 2014-04-24 23:48:06.

Flavor Version Tinstall Tcheck Ttotal Status Flags
r-devel-linux-x86_64-debian-clang 1.1-8 0.63 32.76 33.40 NOTE
r-devel-linux-x86_64-debian-gcc 1.1-8 0.63 32.84 33.46 NOTE
r-devel-linux-x86_64-fedora-clang 1.1-8 65.25 NOTE
r-devel-linux-x86_64-fedora-gcc 1.1-8 63.18 NOTE
r-devel-osx-x86_64-clang 1.1-8 56.69 NOTE
r-devel-osx-x86_64-gcc 1.1-8 NOTE
r-devel-windows-ix86+x86_64 1.1-8 2.00 48.00 50.00 NOTE
r-patched-linux-x86_64 1.1-8 0.66 32.85 33.51 NOTE
r-patched-solaris-sparc 1.1-8 393.00 NOTE
r-patched-solaris-x86 1.1-8 80.70 NOTE
r-release-linux-ix86 1.1-8 1.00 54.00 55.00 NOTE
r-release-linux-x86_64 1.1-8 0.62 32.20 32.82 NOTE
r-release-osx-x86_64-mavericks 1.1-8 WARN
r-release-osx-x86_64-snowleopard 1.1-8 NOTE
r-release-windows-ix86+x86_64 1.1-8 2.00 50.00 52.00 NOTE
r-oldrel-windows-ix86+x86_64 1.1-8 2.00 45.00 47.00 NOTE

Check Details

Version: 1.1-8
Check: top-level files
Result: NOTE
    File
     LICENSE
    is not mentioned in the DESCRIPTION file.
Flavors: r-devel-linux-x86_64-debian-clang, r-devel-linux-x86_64-debian-gcc, r-devel-linux-x86_64-fedora-clang, r-devel-linux-x86_64-fedora-gcc, r-devel-osx-x86_64-clang, r-devel-osx-x86_64-gcc, r-devel-windows-ix86+x86_64, r-patched-linux-x86_64, r-patched-solaris-sparc, r-patched-solaris-x86, r-release-linux-ix86, r-release-linux-x86_64, r-release-osx-x86_64-mavericks, r-release-osx-x86_64-snowleopard, r-release-windows-ix86+x86_64, r-oldrel-windows-ix86+x86_64

Version: 1.1-8
Check: PDF version of manual
Result: WARNING
    LaTeX errors when creating PDF version.
    This typically indicates Rd problems.
    LaTeX errors found:
    ! LaTeX Error: File `upquote.sty' not found.
    
    Type X to quit or <RETURN> to proceed,
    or enter new name. (Default extension: sty)
    
    74dea4/Rd2.tex:8: ==> Fatal error occurred, no output PDF file produced!
Flavor: r-release-osx-x86_64-mavericks