CRAN Package Check Results for Package MHadaptive

Last updated on 2015-09-02 23:46:59.

Flavor Version Tinstall Tcheck Ttotal Status Flags
r-devel-linux-x86_64-debian-clang 1.1-8 0.53 24.98 25.51 NOTE
r-devel-linux-x86_64-debian-gcc 1.1-8 0.56 24.44 25.00 NOTE
r-devel-linux-x86_64-fedora-clang 1.1-8 47.43 NOTE
r-devel-linux-x86_64-fedora-gcc 1.1-8 47.19 NOTE
r-devel-osx-x86_64-clang 1.1-8 42.42 NOTE
r-devel-windows-ix86+x86_64 1.1-8 5.00 61.00 66.00 NOTE
r-patched-linux-x86_64 1.1-8 0.58 25.00 25.58 NOTE
r-patched-solaris-sparc 1.1-8 330.60 NOTE
r-patched-solaris-x86 1.1-8 61.50 NOTE
r-release-linux-x86_64 1.1-8 0.62 25.10 25.72 NOTE
r-release-osx-x86_64-mavericks 1.1-8 NOTE
r-release-windows-ix86+x86_64 1.1-8 3.00 63.00 66.00 NOTE
r-oldrel-windows-ix86+x86_64 1.1-8 5.00 56.00 61.00 NOTE

Check Details

Version: 1.1-8
Check: top-level files
Result: NOTE
    File
     LICENSE
    is not mentioned in the DESCRIPTION file.
Flavors: r-devel-linux-x86_64-debian-clang, r-devel-linux-x86_64-debian-gcc, r-devel-linux-x86_64-fedora-clang, r-devel-linux-x86_64-fedora-gcc, r-devel-osx-x86_64-clang, r-devel-windows-ix86+x86_64, r-patched-linux-x86_64, r-patched-solaris-sparc, r-patched-solaris-x86, r-release-linux-x86_64, r-release-osx-x86_64-mavericks, r-release-windows-ix86+x86_64, r-oldrel-windows-ix86+x86_64

Version: 1.1-8
Check: R code for possible problems
Result: NOTE
    BCI: no visible global function definition for ‘quantile’
    Metro_Hastings: no visible global function definition for ‘optim’
    Metro_Hastings: no visible global function definition for ‘runif’
    Metro_Hastings: no visible global function definition for ‘var’
    plotMH: no visible global function definition for ‘hist’
    plotMH: no visible global function definition for ‘plot’
    plotMH: no visible global function definition for ‘frame’
    plotMH: no visible global function definition for ‘text’
    Undefined global functions or variables:
     frame hist optim plot quantile runif text var
    Consider adding
     importFrom("graphics", "frame", "hist", "plot", "text")
     importFrom("stats", "optim", "quantile", "runif", "var")
    to your NAMESPACE.
Flavors: r-devel-linux-x86_64-debian-clang, r-devel-linux-x86_64-debian-gcc, r-devel-linux-x86_64-fedora-clang, r-devel-linux-x86_64-fedora-gcc, r-devel-windows-ix86+x86_64