CRAN Package Check Results for Package EValue

Last updated on 2024-07-24 16:53:47 CEST.

Flavor Version Tinstall Tcheck Ttotal Status Flags
r-devel-linux-x86_64-debian-clang 4.1.3 13.71 155.40 169.11 OK
r-devel-linux-x86_64-debian-gcc 4.1.3 10.35 117.49 127.84 OK
r-devel-linux-x86_64-fedora-clang 4.1.3 212.16 NOTE
r-devel-linux-x86_64-fedora-gcc 4.1.3 237.59 NOTE
r-devel-windows-x86_64 4.1.3 12.00 132.00 144.00 OK
r-patched-linux-x86_64 4.1.3 8.61 152.77 161.38 OK
r-release-linux-x86_64 4.1.3 8.57 152.43 161.00 OK
r-release-macos-arm64 4.1.3 69.00 OK
r-release-macos-x86_64 4.1.3 103.00 OK
r-release-windows-x86_64 4.1.3 13.00 132.00 145.00 OK
r-oldrel-macos-arm64 4.1.3 69.00 OK
r-oldrel-macos-x86_64 4.1.3 103.00 OK
r-oldrel-windows-x86_64 4.1.3 17.00 169.00 186.00 OK

Check Details

Version: 4.1.3
Check: dependencies in R code
Result: NOTE Namespace in Imports field not imported from: ‘metadat’ All declared Imports should be used. Flavors: r-devel-linux-x86_64-fedora-clang, r-devel-linux-x86_64-fedora-gcc