CRAN Package Check Results for Package BoSSA

Last updated on 2014-10-30 15:48:59.

Flavor Version Tinstall Tcheck Ttotal Status Flags
r-devel-linux-x86_64-debian-clang 1.2 0.98 14.79 15.77 NOTE
r-devel-linux-x86_64-debian-gcc 1.2 0.93 14.71 15.64 NOTE
r-devel-linux-x86_64-fedora-clang 1.2 30.28 NOTE
r-devel-linux-x86_64-fedora-gcc 1.2 29.75 NOTE
r-devel-osx-x86_64-clang 1.2 31.24 NOTE
r-devel-windows-ix86+x86_64 1.2 3.00 25.00 28.00 NOTE
r-patched-linux-x86_64 1.2 0.98 14.62 15.60 NOTE
r-patched-solaris-sparc 1.2 172.60 NOTE
r-patched-solaris-x86 1.2 44.00 NOTE
r-release-linux-ix86 1.2 1.43 20.84 22.28 NOTE
r-release-linux-x86_64 1.2 1.03 15.04 16.07 NOTE
r-release-osx-x86_64-mavericks 1.2 NOTE
r-release-windows-ix86+x86_64 1.2 4.00 27.00 31.00 NOTE
r-oldrel-windows-ix86+x86_64 1.2 4.00 25.00 29.00 NOTE

Check Details

Version: 1.2
Check: R code for possible problems
Result: NOTE
    InfoGB: no visible global function definition for ‘xml’
    TaxoGB: no visible global function definition for ‘xml’
    blast: no visible global function definition for ‘xml’
    getGB: no visible global function definition for ‘xml’
    outBLAST: no visible global function definition for ‘xml’
Flavors: r-devel-linux-x86_64-debian-clang, r-devel-linux-x86_64-debian-gcc, r-devel-linux-x86_64-fedora-clang, r-devel-linux-x86_64-fedora-gcc, r-devel-osx-x86_64-clang, r-devel-windows-ix86+x86_64, r-patched-linux-x86_64, r-patched-solaris-sparc, r-patched-solaris-x86, r-release-linux-ix86, r-release-linux-x86_64, r-release-osx-x86_64-mavericks, r-release-windows-ix86+x86_64, r-oldrel-windows-ix86+x86_64