CRAN Package Check Results for Package BoSSA

Last updated on 2014-08-27 15:49:24.

Flavor Version Tinstall Tcheck Ttotal Status Flags
r-devel-linux-x86_64-debian-clang 1.2 1.05 14.08 15.13 NOTE
r-devel-linux-x86_64-debian-gcc 1.2 0.93 13.52 14.45 NOTE
r-devel-linux-x86_64-fedora-clang 1.2 30.82 NOTE
r-devel-linux-x86_64-fedora-gcc 1.2 28.90 NOTE
r-devel-osx-x86_64-clang 1.2 29.67 NOTE
r-devel-windows-ix86+x86_64 1.2 4.00 23.00 27.00 NOTE
r-patched-linux-x86_64 1.2 1.00 14.79 15.79 NOTE
r-patched-solaris-sparc 1.2 194.00 NOTE
r-patched-solaris-x86 1.2 43.90 NOTE
r-release-linux-ix86 1.2 1.41 20.65 22.06 NOTE
r-release-linux-x86_64 1.2 1.03 14.58 15.60 NOTE
r-release-osx-x86_64-mavericks 1.2 NOTE
r-release-windows-ix86+x86_64 1.2 4.00 26.00 30.00 NOTE
r-oldrel-windows-ix86+x86_64 1.2 4.00 26.00 30.00 NOTE

Check Details

Version: 1.2
Check: R code for possible problems
Result: NOTE
    InfoGB: no visible global function definition for ‘xml’
    TaxoGB: no visible global function definition for ‘xml’
    blast: no visible global function definition for ‘xml’
    getGB: no visible global function definition for ‘xml’
    outBLAST: no visible global function definition for ‘xml’
Flavors: r-devel-linux-x86_64-debian-clang, r-devel-linux-x86_64-debian-gcc, r-devel-linux-x86_64-fedora-clang, r-devel-linux-x86_64-fedora-gcc, r-devel-osx-x86_64-clang, r-devel-windows-ix86+x86_64, r-patched-linux-x86_64, r-patched-solaris-sparc, r-patched-solaris-x86, r-release-linux-ix86, r-release-linux-x86_64, r-release-osx-x86_64-mavericks, r-release-windows-ix86+x86_64, r-oldrel-windows-ix86+x86_64