CRAN Package Check Results for Package BoSSA

Last updated on 2015-03-04 00:47:02.

Flavor Version Tinstall Tcheck Ttotal Status Flags
r-devel-linux-x86_64-debian-clang 1.2 0.76 12.19 12.95 NOTE
r-devel-linux-x86_64-debian-gcc 1.2 0.86 11.88 12.75 NOTE
r-devel-linux-x86_64-fedora-clang 1.2 25.78 NOTE
r-devel-linux-x86_64-fedora-gcc 1.2 24.16 NOTE
r-devel-osx-x86_64-clang 1.2 27.37 NOTE
r-devel-windows-ix86+x86_64 1.2 3.00 21.00 24.00 NOTE
r-patched-linux-x86_64 1.2 1.05 14.90 15.96 NOTE
r-patched-solaris-sparc 1.2 204.00 NOTE
r-patched-solaris-x86 1.2 44.70 NOTE
r-release-linux-ix86 1.2 1.30 22.46 23.76 NOTE
r-release-linux-x86_64 1.2 1.00 15.55 16.55 NOTE
r-release-osx-x86_64-mavericks 1.2 NOTE
r-release-windows-ix86+x86_64 1.2 7.00 36.00 43.00 NOTE
r-oldrel-windows-ix86+x86_64 1.2 4.00 26.00 30.00 NOTE

Check Details

Version: 1.2
Check: R code for possible problems
Result: NOTE
    InfoGB: no visible global function definition for ‘xml’
    TaxoGB: no visible global function definition for ‘xml’
    blast: no visible global function definition for ‘xml’
    getGB: no visible global function definition for ‘xml’
    outBLAST: no visible global function definition for ‘xml’
Flavors: r-devel-linux-x86_64-debian-clang, r-devel-linux-x86_64-debian-gcc, r-devel-linux-x86_64-fedora-clang, r-devel-linux-x86_64-fedora-gcc, r-devel-osx-x86_64-clang, r-devel-windows-ix86+x86_64, r-patched-linux-x86_64, r-patched-solaris-sparc, r-patched-solaris-x86, r-release-linux-ix86, r-release-linux-x86_64, r-release-osx-x86_64-mavericks, r-release-windows-ix86+x86_64, r-oldrel-windows-ix86+x86_64