CRAN Package Check Results for Package BoSSA

Last updated on 2014-04-23 07:54:55.

Flavor Version Tinstall Tcheck Ttotal Status Flags
r-devel-linux-x86_64-debian-clang 1.2 1.13 14.90 16.03 NOTE
r-devel-linux-x86_64-debian-gcc 1.2 1.11 14.75 15.86 NOTE
r-devel-linux-x86_64-fedora-clang 1.2 30.85 NOTE
r-devel-linux-x86_64-fedora-gcc 1.2 29.45 NOTE
r-devel-osx-x86_64-clang 1.2 33.17 NOTE
r-devel-osx-x86_64-gcc 1.2 NOTE
r-devel-windows-ix86+x86_64 1.2 3.00 24.00 27.00 NOTE
r-patched-linux-x86_64 1.2 1.14 14.78 15.92 NOTE
r-patched-solaris-sparc 1.2 191.80 NOTE
r-patched-solaris-x86 1.2 43.60 NOTE
r-release-linux-ix86 1.2 2.00 30.00 32.00 NOTE
r-release-linux-x86_64 1.2 1.08 14.86 15.94 NOTE
r-release-osx-x86_64-mavericks 1.2 NOTE
r-release-windows-ix86+x86_64 1.2 4.00 26.00 30.00 NOTE
r-oldrel-windows-ix86+x86_64 1.2 4.00 31.00 35.00 NOTE

Check Details

Version: 1.2
Check: R code for possible problems
Result: NOTE
    InfoGB: no visible global function definition for ‘xml’
    TaxoGB: no visible global function definition for ‘xml’
    blast: no visible global function definition for ‘xml’
    getGB: no visible global function definition for ‘xml’
    outBLAST: no visible global function definition for ‘xml’
Flavors: r-devel-linux-x86_64-debian-clang, r-devel-linux-x86_64-debian-gcc, r-devel-linux-x86_64-fedora-clang, r-devel-linux-x86_64-fedora-gcc, r-devel-osx-x86_64-clang, r-devel-osx-x86_64-gcc, r-devel-windows-ix86+x86_64, r-patched-linux-x86_64, r-patched-solaris-sparc, r-patched-solaris-x86, r-release-linux-ix86, r-release-linux-x86_64, r-release-osx-x86_64-mavericks, r-release-windows-ix86+x86_64, r-oldrel-windows-ix86+x86_64