CRAN Package Check Results for Package BoSSA

Last updated on 2016-04-29 15:46:44.

Flavor Version Tinstall Tcheck Ttotal Status Flags
r-devel-linux-x86_64-debian-gcc 1.2 0.76 12.16 12.92 NOTE
r-devel-linux-x86_64-fedora-clang 1.2 22.23 NOTE
r-devel-linux-x86_64-fedora-gcc 1.2 21.11 NOTE
r-devel-osx-x86_64-clang 1.2 25.44 NOTE
r-devel-windows-ix86+x86_64 1.2 3.00 30.00 33.00 NOTE
r-patched-linux-x86_64 1.2 0.71 11.86 12.57 NOTE
r-patched-solaris-sparc 1.2 142.00 NOTE
r-patched-solaris-x86 1.2 32.80 NOTE
r-release-linux-x86_64 1.2 0.86 12.73 13.59 NOTE
r-release-osx-x86_64-mavericks 1.2 NOTE
r-release-windows-ix86+x86_64 1.2 3.00 29.00 32.00 NOTE
r-oldrel-windows-ix86+x86_64 1.2 5.00 33.00 38.00 NOTE

Check Details

Version: 1.2
Check: R code for possible problems
Result: NOTE
    InfoFasta: no visible global function definition for ‘write.table’
    InfoGB: no visible global function definition for ‘xml’
    TaxoGB: no visible global function definition for ‘xml’
    blast: no visible global function definition for ‘xml’
    getGB: no visible global function definition for ‘xml’
    grpPhylogeo: no visible global function definition for ‘read.csv’
    grpPhylogeo: no visible global function definition for ‘hclust’
    grpPhylogeo: no visible global function definition for ‘as.dist’
    grpPhylogeo: no visible global function definition for ‘cutree’
    grpPhylogeo: no visible global function definition for ‘lines’
    outBLAST: no visible global function definition for ‘xml’
    Undefined global functions or variables:
     as.dist cutree hclust lines read.csv write.table xml
    Consider adding
     importFrom("graphics", "lines")
     importFrom("stats", "as.dist", "cutree", "hclust")
     importFrom("utils", "read.csv", "write.table")
    to your NAMESPACE file.
Flavors: r-devel-linux-x86_64-debian-gcc, r-devel-linux-x86_64-fedora-clang, r-devel-linux-x86_64-fedora-gcc, r-devel-osx-x86_64-clang, r-devel-windows-ix86+x86_64, r-patched-linux-x86_64, r-patched-solaris-sparc, r-patched-solaris-x86

Version: 1.2
Check: R code for possible problems
Result: NOTE
    InfoGB: no visible global function definition for ‘xml’
    TaxoGB: no visible global function definition for ‘xml’
    blast: no visible global function definition for ‘xml’
    getGB: no visible global function definition for ‘xml’
    outBLAST: no visible global function definition for ‘xml’
Flavors: r-release-linux-x86_64, r-release-osx-x86_64-mavericks, r-release-windows-ix86+x86_64, r-oldrel-windows-ix86+x86_64