CRAN Package Check Results for Package BoSSA

Last updated on 2014-11-24 09:48:09.

Flavor Version Tinstall Tcheck Ttotal Status Flags
r-devel-linux-x86_64-debian-clang 1.2 0.94 15.49 16.43 NOTE
r-devel-linux-x86_64-debian-gcc 1.2 0.92 14.48 15.40 NOTE
r-devel-linux-x86_64-fedora-clang 1.2 33.78 NOTE
r-devel-linux-x86_64-fedora-gcc 1.2 29.95 NOTE
r-devel-osx-x86_64-clang 1.2 31.14 NOTE
r-devel-windows-ix86+x86_64 1.2 3.00 25.00 28.00 NOTE
r-patched-linux-x86_64 1.2 0.96 14.70 15.66 NOTE
r-patched-solaris-sparc 1.2 172.60 NOTE
r-patched-solaris-x86 1.2 44.00 NOTE
r-release-linux-ix86 1.2 1.30 20.82 22.12 NOTE
r-release-linux-x86_64 1.2 0.97 14.73 15.70 NOTE
r-release-osx-x86_64-mavericks 1.2 NOTE
r-release-windows-ix86+x86_64 1.2 4.00 26.00 30.00 NOTE
r-oldrel-windows-ix86+x86_64 1.2 4.00 25.00 29.00 NOTE

Check Details

Version: 1.2
Check: R code for possible problems
Result: NOTE
    InfoGB: no visible global function definition for ‘xml’
    TaxoGB: no visible global function definition for ‘xml’
    blast: no visible global function definition for ‘xml’
    getGB: no visible global function definition for ‘xml’
    outBLAST: no visible global function definition for ‘xml’
Flavors: r-devel-linux-x86_64-debian-clang, r-devel-linux-x86_64-debian-gcc, r-devel-linux-x86_64-fedora-clang, r-devel-linux-x86_64-fedora-gcc, r-devel-osx-x86_64-clang, r-devel-windows-ix86+x86_64, r-patched-linux-x86_64, r-patched-solaris-sparc, r-patched-solaris-x86, r-release-linux-ix86, r-release-linux-x86_64, r-release-osx-x86_64-mavericks, r-release-windows-ix86+x86_64, r-oldrel-windows-ix86+x86_64