CRAN Package Check Results for Package BoSSA

Last updated on 2014-07-21 08:49:57.

Flavor Version Tinstall Tcheck Ttotal Status Flags
r-devel-linux-x86_64-debian-clang 1.2 0.99 14.16 15.15 NOTE
r-devel-linux-x86_64-debian-gcc 1.2 0.99 13.90 14.88 NOTE
r-devel-linux-x86_64-fedora-clang 1.2 31.45 NOTE
r-devel-linux-x86_64-fedora-gcc 1.2 30.09 NOTE
r-devel-osx-x86_64-clang 1.2 31.93 NOTE
r-devel-windows-ix86+x86_64 1.2 4.00 24.00 28.00 NOTE
r-patched-linux-x86_64 1.2 1.00 13.88 14.88 NOTE
r-patched-solaris-sparc 1.2 191.80 NOTE
r-patched-solaris-x86 1.2 43.10 NOTE
r-release-linux-ix86 1.2 1.40 20.80 22.20 NOTE
r-release-linux-x86_64 1.2 1.05 14.61 15.66 NOTE
r-release-osx-x86_64-mavericks 1.2 NOTE
r-release-windows-ix86+x86_64 1.2 4.00 25.00 29.00 NOTE
r-oldrel-windows-ix86+x86_64 1.2 4.00 26.00 30.00 NOTE

Check Details

Version: 1.2
Check: R code for possible problems
Result: NOTE
    InfoGB: no visible global function definition for ‘xml’
    TaxoGB: no visible global function definition for ‘xml’
    blast: no visible global function definition for ‘xml’
    getGB: no visible global function definition for ‘xml’
    outBLAST: no visible global function definition for ‘xml’
Flavors: r-devel-linux-x86_64-debian-clang, r-devel-linux-x86_64-debian-gcc, r-devel-linux-x86_64-fedora-clang, r-devel-linux-x86_64-fedora-gcc, r-devel-osx-x86_64-clang, r-devel-windows-ix86+x86_64, r-patched-linux-x86_64, r-patched-solaris-sparc, r-patched-solaris-x86, r-release-linux-ix86, r-release-linux-x86_64, r-release-osx-x86_64-mavericks, r-release-windows-ix86+x86_64, r-oldrel-windows-ix86+x86_64