CRAN Package Check Results for Package BoSSA

Last updated on 2015-04-27 10:48:40.

Flavor Version Tinstall Tcheck Ttotal Status Flags
r-devel-linux-x86_64-debian-clang 1.2 0.76 12.60 13.36 NOTE
r-devel-linux-x86_64-debian-gcc 1.2 0.74 12.00 12.74 NOTE
r-devel-linux-x86_64-fedora-clang 1.2 26.01 NOTE
r-devel-linux-x86_64-fedora-gcc 1.2 24.68 NOTE
r-devel-osx-x86_64-clang 1.2 27.49 NOTE
r-devel-windows-ix86+x86_64 1.2 3.00 43.00 46.00 NOTE
r-patched-linux-x86_64 1.2 0.80 11.94 12.74 NOTE
r-patched-solaris-sparc 1.2 181.00 NOTE
r-patched-solaris-x86 1.2 36.10 NOTE
r-release-linux-x86_64 1.2 0.82 12.11 12.93 NOTE
r-release-osx-x86_64-mavericks 1.2 NOTE
r-release-osx-x86_64-snowleopard 1.2 NOTE
r-release-windows-ix86+x86_64 1.2 5.00 30.00 35.00 NOTE
r-oldrel-windows-ix86+x86_64 1.2 3.00 25.00 28.00 NOTE

Check Details

Version: 1.2
Check: R code for possible problems
Result: NOTE
    InfoGB: no visible global function definition for ‘xml’
    TaxoGB: no visible global function definition for ‘xml’
    blast: no visible global function definition for ‘xml’
    getGB: no visible global function definition for ‘xml’
    outBLAST: no visible global function definition for ‘xml’
Flavors: r-devel-linux-x86_64-debian-clang, r-devel-linux-x86_64-debian-gcc, r-devel-linux-x86_64-fedora-clang, r-devel-linux-x86_64-fedora-gcc, r-devel-osx-x86_64-clang, r-devel-windows-ix86+x86_64, r-patched-solaris-sparc, r-patched-solaris-x86, r-release-osx-x86_64-mavericks, r-release-osx-x86_64-snowleopard, r-release-windows-ix86+x86_64, r-oldrel-windows-ix86+x86_64