CRAN Package Check Results for Package BoSSA

Last updated on 2016-09-24 15:49:45.

Flavor Version Tinstall Tcheck Ttotal Status Flags
r-devel-linux-x86_64-debian-clang 1.2 0.71 12.33 13.04 NOTE
r-devel-linux-x86_64-debian-gcc 1.2 0.71 12.09 12.80 NOTE
r-devel-linux-x86_64-fedora-clang 1.2 22.44 NOTE
r-devel-linux-x86_64-fedora-gcc 1.2 21.34 NOTE
r-devel-macos-x86_64-clang 1.2 19.63 NOTE
r-devel-windows-ix86+x86_64 1.2 4.00 32.00 36.00 NOTE
r-patched-linux-x86_64 1.2 0.73 12.29 13.02 NOTE
r-patched-solaris-sparc 1.2 143.40 NOTE
r-patched-solaris-x86 1.2 31.90 NOTE
r-release-linux-x86_64 1.2 0.81 14.03 14.83 NOTE
r-release-osx-x86_64-mavericks 1.2 NOTE
r-release-windows-ix86+x86_64 1.2 3.00 33.00 36.00 NOTE
r-oldrel-windows-ix86+x86_64 1.2 5.00 42.00 47.00 NOTE

Check Details

Version: 1.2
Check: R code for possible problems
Result: NOTE
    InfoFasta: no visible global function definition for ‘write.table’
    InfoGB: no visible global function definition for ‘xml’
    TaxoGB: no visible global function definition for ‘xml’
    blast: no visible global function definition for ‘xml’
    getGB: no visible global function definition for ‘xml’
    grpPhylogeo: no visible global function definition for ‘read.csv’
    grpPhylogeo: no visible global function definition for ‘hclust’
    grpPhylogeo: no visible global function definition for ‘as.dist’
    grpPhylogeo: no visible global function definition for ‘cutree’
    grpPhylogeo: no visible global function definition for ‘lines’
    outBLAST: no visible global function definition for ‘xml’
    Undefined global functions or variables:
     as.dist cutree hclust lines read.csv write.table xml
    Consider adding
     importFrom("graphics", "lines")
     importFrom("stats", "as.dist", "cutree", "hclust")
     importFrom("utils", "read.csv", "write.table")
    to your NAMESPACE file.
Flavors: r-devel-linux-x86_64-debian-clang, r-devel-linux-x86_64-debian-gcc, r-devel-linux-x86_64-fedora-clang, r-devel-linux-x86_64-fedora-gcc, r-devel-macos-x86_64-clang, r-devel-windows-ix86+x86_64, r-patched-linux-x86_64, r-patched-solaris-sparc, r-patched-solaris-x86, r-release-linux-x86_64, r-release-osx-x86_64-mavericks, r-release-windows-ix86+x86_64

Version: 1.2
Check: R code for possible problems
Result: NOTE
    InfoGB: no visible global function definition for 'xml'
    TaxoGB: no visible global function definition for 'xml'
    blast: no visible global function definition for 'xml'
    getGB: no visible global function definition for 'xml'
    outBLAST: no visible global function definition for 'xml'
Flavor: r-oldrel-windows-ix86+x86_64