CRAN Package Check Results for Package BoSSA

Last updated on 2017-12-18 00:46:44 CET.

Flavor Version Tinstall Tcheck Ttotal Status Flags
r-devel-linux-x86_64-debian-clang 3.0 4.71 108.62 113.33 OK
r-devel-linux-x86_64-debian-gcc OK
r-devel-linux-x86_64-fedora-clang 3.0 169.19 NOTE
r-devel-linux-x86_64-fedora-gcc 3.0 165.33 OK
r-devel-windows-ix86+x86_64 3.0 10.00 164.00 174.00 OK
r-patched-linux-x86_64 3.0 6.01 139.83 145.84 OK
r-patched-solaris-x86 3.0 201.20 OK
r-release-linux-x86_64 3.0 4.49 135.77 140.26 OK
r-release-windows-ix86+x86_64 3.0 10.00 99.00 109.00 WARN
r-release-osx-x86_64 3.0 WARN
r-oldrel-windows-ix86+x86_64 3.0 10.00 117.00 127.00 WARN
r-oldrel-osx-x86_64 3.0 OK

Check Details

Version: 3.0
Check: DESCRIPTION meta-information
Result: NOTE
    Dependence on R version ‘3.3.1’ not with patchlevel 0
Flavor: r-devel-linux-x86_64-fedora-clang

Version: 3.0
Check: re-building of vignette outputs
Result: WARN
    Error in re-building vignettes:
     ...
    Error: processing vignette 'bossa-analysis.Rmd' failed with diagnostics:
    path for html_dependency not found:
    Execution halted
Flavors: r-release-windows-ix86+x86_64, r-oldrel-windows-ix86+x86_64

Version: 3.0
Check: package dependencies
Result: NOTE
    Packages suggested but not available for checking: ‘BiocStyle’ ‘phyloseq’
Flavor: r-release-osx-x86_64

Version: 3.0
Check: re-building of vignette outputs
Result: WARN
    Error in re-building vignettes:
     ...
    Warning in engine$weave(file, quiet = quiet, encoding = enc) :
     Pandoc (>= 1.12.3) and/or pandoc-citeproc not available. Falling back to R Markdown v1.
    Quitting from lines 15-16 (bossa-analysis.Rmd)
    Error: processing vignette 'bossa-analysis.Rmd' failed with diagnostics:
    there is no package called 'BiocStyle'
    Execution halted
Flavor: r-release-osx-x86_64