CRAN Package Check Results for Package BoSSA

Last updated on 2017-10-17 00:51:34.

Flavor Version Tinstall Tcheck Ttotal Status Flags
r-devel-linux-x86_64-debian-clang 2.1 3.31 88.54 91.85 OK
r-devel-linux-x86_64-debian-gcc 2.1 4.48 87.09 91.56 OK
r-devel-linux-x86_64-fedora-clang 2.1 178.77 OK
r-devel-linux-x86_64-fedora-gcc 2.1 180.76 OK
r-devel-windows-ix86+x86_64 2.1 8.00 146.00 154.00 OK
r-patched-linux-x86_64 2.1 3.37 90.10 93.47 OK
r-patched-solaris-x86 2.1 205.10 OK
r-release-linux-x86_64 2.1 3.30 83.38 86.68 OK
r-release-windows-ix86+x86_64 2.1 8.00 135.00 143.00 OK
r-release-osx-x86_64 2.1 WARN
r-oldrel-windows-ix86+x86_64 2.1 15.00 185.00 200.00 OK
r-oldrel-osx-x86_64 2.1 OK

Additional issues

noLD

Check Details

Version: 2.1
Check: package dependencies
Result: NOTE
    Packages suggested but not available for checking: ‘BiocStyle’ ‘phyloseq’
Flavor: r-release-osx-x86_64

Version: 2.1
Check: re-building of vignette outputs
Result: WARN
    Error in re-building vignettes:
     ...
    Warning in engine$weave(file, quiet = quiet, encoding = enc) :
     Pandoc (>= 1.12.3) and/or pandoc-citeproc not available. Falling back to R Markdown v1.
    Quitting from lines 15-16 (bossa-analysis.Rmd)
    Error: processing vignette 'bossa-analysis.Rmd' failed with diagnostics:
    there is no package called 'BiocStyle'
    Execution halted
Flavor: r-release-osx-x86_64