CRAN Package Check Results for Package BoSSA

Last updated on 2015-08-31 23:49:25.

Flavor Version Tinstall Tcheck Ttotal Status Flags
r-devel-linux-x86_64-debian-clang 1.2 0.69 11.52 12.21 NOTE
r-devel-linux-x86_64-debian-gcc 1.2 0.68 11.66 12.34 NOTE
r-devel-linux-x86_64-fedora-clang 1.2 23.33 NOTE
r-devel-linux-x86_64-fedora-gcc 1.2 22.33 NOTE
r-devel-osx-x86_64-clang 1.2 23.62 NOTE
r-devel-windows-ix86+x86_64 1.2 6.00 26.00 32.00 NOTE
r-patched-linux-x86_64 1.2 0.79 12.06 12.86 NOTE
r-patched-solaris-sparc 1.2 165.40 NOTE
r-patched-solaris-x86 1.2 38.00 NOTE
r-release-linux-x86_64 1.2 0.96 12.73 13.69 NOTE
r-release-osx-x86_64-mavericks 1.2 NOTE
r-release-windows-ix86+x86_64 1.2 3.00 41.00 44.00 NOTE
r-oldrel-windows-ix86+x86_64 1.2 5.00 31.00 36.00 NOTE

Check Details

Version: 1.2
Check: R code for possible problems
Result: NOTE
    InfoFasta: no visible global function definition for ‘write.table’
    InfoGB: no visible global function definition for ‘xml’
    TaxoGB: no visible global function definition for ‘xml’
    blast: no visible global function definition for ‘xml’
    getGB: no visible global function definition for ‘xml’
    grpPhylogeo: no visible global function definition for ‘read.csv’
    grpPhylogeo: no visible global function definition for ‘hclust’
    grpPhylogeo: no visible global function definition for ‘as.dist’
    grpPhylogeo: no visible global function definition for ‘cutree’
    grpPhylogeo: no visible global function definition for ‘lines’
    outBLAST: no visible global function definition for ‘xml’
    Undefined global functions or variables:
     as.dist cutree hclust lines read.csv write.table xml
    Consider adding
     importFrom("graphics", "lines")
     importFrom("stats", "as.dist", "cutree", "hclust")
     importFrom("utils", "read.csv", "write.table")
    to your NAMESPACE.
Flavors: r-devel-linux-x86_64-debian-clang, r-devel-linux-x86_64-debian-gcc, r-devel-linux-x86_64-fedora-clang, r-devel-linux-x86_64-fedora-gcc, r-devel-windows-ix86+x86_64

Version: 1.2
Check: R code for possible problems
Result: NOTE
    InfoGB: no visible global function definition for ‘xml’
    TaxoGB: no visible global function definition for ‘xml’
    blast: no visible global function definition for ‘xml’
    getGB: no visible global function definition for ‘xml’
    outBLAST: no visible global function definition for ‘xml’
    Undefined global functions or variables:
     xml
Flavor: r-devel-osx-x86_64-clang

Version: 1.2
Check: R code for possible problems
Result: NOTE
    InfoGB: no visible global function definition for ‘xml’
    TaxoGB: no visible global function definition for ‘xml’
    blast: no visible global function definition for ‘xml’
    getGB: no visible global function definition for ‘xml’
    outBLAST: no visible global function definition for ‘xml’
Flavors: r-patched-linux-x86_64, r-patched-solaris-sparc, r-patched-solaris-x86, r-release-linux-x86_64, r-release-osx-x86_64-mavericks, r-release-windows-ix86+x86_64, r-oldrel-windows-ix86+x86_64