CRAN Package Check Results for Package BoSSA

Last updated on 2017-08-17 08:51:02.

Flavor Version Tinstall Tcheck Ttotal Status Flags
r-devel-linux-x86_64-debian-clang 2.1 3.42 78.51 81.93 OK
r-devel-linux-x86_64-debian-gcc 2.1 3.23 74.39 77.62 OK
r-devel-linux-x86_64-fedora-clang 2.1 178.55 OK
r-devel-linux-x86_64-fedora-gcc 2.1 168.77 OK
r-devel-windows-ix86+x86_64 2.1 10.00 132.00 142.00 OK
r-patched-linux-x86_64 2.1 3.58 77.48 81.06 OK
r-patched-solaris-x86 2.1 209.10 OK
r-release-linux-x86_64 2.1 3.29 81.21 84.50 OK
r-release-windows-ix86+x86_64 2.1 10.00 137.00 147.00 OK
r-release-osx-x86_64 2.1 WARN
r-oldrel-windows-ix86+x86_64 2.1 10.00 122.00 132.00 OK
r-oldrel-osx-x86_64 2.1 OK

Additional issues

noLD

Check Details

Version: 2.1
Check: package dependencies
Result: NOTE
    Packages suggested but not available for checking: ‘BiocStyle’ ‘phyloseq’
Flavor: r-release-osx-x86_64

Version: 2.1
Check: re-building of vignette outputs
Result: WARN
    Error in re-building vignettes:
     ...
    Warning in engine$weave(file, quiet = quiet, encoding = enc) :
     Pandoc (>= 1.12.3) and/or pandoc-citeproc not available. Falling back to R Markdown v1.
    Quitting from lines 15-16 (bossa-analysis.Rmd)
    Error: processing vignette 'bossa-analysis.Rmd' failed with diagnostics:
    there is no package called 'BiocStyle'
    Execution halted
Flavor: r-release-osx-x86_64